-- MySQL dump 10.13  Distrib 5.5.62, for debian-linux-gnu (i686)
--
-- Host: betoobeivvbetoo.mysql.db    Database: betoobeivvbetoo
-- ------------------------------------------------------
-- Server version	5.7.39-log

/*!40101 SET @OLD_CHARACTER_SET_CLIENT=@@CHARACTER_SET_CLIENT */;
/*!40101 SET @OLD_CHARACTER_SET_RESULTS=@@CHARACTER_SET_RESULTS */;
/*!40101 SET @OLD_COLLATION_CONNECTION=@@COLLATION_CONNECTION */;
/*!40101 SET NAMES utf8 */;
/*!40103 SET @OLD_TIME_ZONE=@@TIME_ZONE */;
/*!40103 SET TIME_ZONE='+00:00' */;
/*!40014 SET @OLD_UNIQUE_CHECKS=@@UNIQUE_CHECKS, UNIQUE_CHECKS=0 */;
/*!40014 SET @OLD_FOREIGN_KEY_CHECKS=@@FOREIGN_KEY_CHECKS, FOREIGN_KEY_CHECKS=0 */;
/*!40101 SET @OLD_SQL_MODE=@@SQL_MODE, SQL_MODE='NO_AUTO_VALUE_ON_ZERO' */;
/*!40111 SET @OLD_SQL_NOTES=@@SQL_NOTES, SQL_NOTES=0 */;

--
-- Table structure for table `f42_acfw_store_credits`
--

DROP TABLE IF EXISTS `f42_acfw_store_credits`;
/*!40101 SET @saved_cs_client     = @@character_set_client */;
/*!40101 SET character_set_client = utf8 */;
CREATE TABLE `f42_acfw_store_credits` (
  `entry_id` bigint(20) NOT NULL AUTO_INCREMENT,
  `user_id` bigint(20) NOT NULL,
  `entry_date` datetime NOT NULL DEFAULT '0000-00-00 00:00:00',
  `entry_type` varchar(20) COLLATE utf8mb4_unicode_520_ci NOT NULL,
  `entry_action` varchar(20) COLLATE utf8mb4_unicode_520_ci NOT NULL,
  `entry_amount` varchar(255) COLLATE utf8mb4_unicode_520_ci NOT NULL,
  `object_id` bigint(20) NOT NULL,
  `entry_note` text COLLATE utf8mb4_unicode_520_ci,
  PRIMARY KEY (`entry_id`)
) ENGINE=InnoDB DEFAULT CHARSET=utf8mb4 COLLATE=utf8mb4_unicode_520_ci;
/*!40101 SET character_set_client = @saved_cs_client */;

--
-- Dumping data for table `f42_acfw_store_credits`
--

LOCK TABLES `f42_acfw_store_credits` WRITE;
/*!40000 ALTER TABLE `f42_acfw_store_credits` DISABLE KEYS */;
/*!40000 ALTER TABLE `f42_acfw_store_credits` ENABLE KEYS */;
UNLOCK TABLES;

--
-- Table structure for table `f42_actionscheduler_actions`
--

DROP TABLE IF EXISTS `f42_actionscheduler_actions`;
/*!40101 SET @saved_cs_client     = @@character_set_client */;
/*!40101 SET character_set_client = utf8 */;
CREATE TABLE `f42_actionscheduler_actions` (
  `action_id` bigint(20) unsigned NOT NULL AUTO_INCREMENT,
  `hook` varchar(191) COLLATE utf8mb4_unicode_520_ci NOT NULL,
  `status` varchar(20) COLLATE utf8mb4_unicode_520_ci NOT NULL,
  `scheduled_date_gmt` datetime DEFAULT '0000-00-00 00:00:00',
  `scheduled_date_local` datetime DEFAULT '0000-00-00 00:00:00',
  `args` varchar(191) COLLATE utf8mb4_unicode_520_ci DEFAULT NULL,
  `schedule` longtext COLLATE utf8mb4_unicode_520_ci,
  `group_id` bigint(20) unsigned NOT NULL DEFAULT '0',
  `attempts` int(11) NOT NULL DEFAULT '0',
  `last_attempt_gmt` datetime DEFAULT '0000-00-00 00:00:00',
  `last_attempt_local` datetime DEFAULT '0000-00-00 00:00:00',
  `claim_id` bigint(20) unsigned NOT NULL DEFAULT '0',
  `extended_args` varchar(8000) COLLATE utf8mb4_unicode_520_ci DEFAULT NULL,
  PRIMARY KEY (`action_id`),
  KEY `hook` (`hook`),
  KEY `status` (`status`),
  KEY `scheduled_date_gmt` (`scheduled_date_gmt`),
  KEY `args` (`args`),
  KEY `group_id` (`group_id`),
  KEY `last_attempt_gmt` (`last_attempt_gmt`),
  KEY `claim_id` (`claim_id`),
  KEY `claim_id_status_scheduled_date_gmt` (`claim_id`,`status`,`scheduled_date_gmt`)
) ENGINE=InnoDB AUTO_INCREMENT=54635 DEFAULT CHARSET=utf8mb4 COLLATE=utf8mb4_unicode_520_ci;
/*!40101 SET character_set_client = @saved_cs_client */;

--
-- Dumping data for table `f42_actionscheduler_actions`
--

LOCK TABLES `f42_actionscheduler_actions` WRITE;
/*!40000 ALTER TABLE `f42_actionscheduler_actions` DISABLE KEYS */;
INSERT INTO `f42_actionscheduler_actions` VALUES (52608,'woocommerce_scheduled_subscription_payment','pending','2022-11-22 10:59:44','2022-11-22 11:59:44','{\"subscription_id\":70141}','O:30:\"ActionScheduler_SimpleSchedule\":2:{s:22:\"\0*\0scheduled_timestamp\";i:1669114784;s:41:\"\0ActionScheduler_SimpleSchedule\0timestamp\";i:1669114784;}',0,0,'0000-00-00 00:00:00','0000-00-00 00:00:00',0,NULL),(52701,'woocommerce_scheduled_subscription_payment','pending','2022-12-02 12:04:14','2022-12-02 13:04:14','{\"subscription_id\":70187}','O:30:\"ActionScheduler_SimpleSchedule\":2:{s:22:\"\0*\0scheduled_timestamp\";i:1669982654;s:41:\"\0ActionScheduler_SimpleSchedule\0timestamp\";i:1669982654;}',0,0,'0000-00-00 00:00:00','0000-00-00 00:00:00',0,NULL),(52930,'woocommerce_scheduled_subscription_payment','pending','2022-12-20 12:23:04','2022-12-20 13:23:04','{\"subscription_id\":70239}','O:30:\"ActionScheduler_SimpleSchedule\":2:{s:22:\"\0*\0scheduled_timestamp\";i:1671538984;s:41:\"\0ActionScheduler_SimpleSchedule\0timestamp\";i:1671538984;}',0,0,'0000-00-00 00:00:00','0000-00-00 00:00:00',0,NULL),(54442,'woocommerce_scheduled_subscription_payment','complete','2022-08-18 17:56:41','2022-08-18 19:56:41','{\"subscription_id\":66304}','O:30:\"ActionScheduler_SimpleSchedule\":2:{s:22:\"\0*\0scheduled_timestamp\";i:1660845401;s:41:\"\0ActionScheduler_SimpleSchedule\0timestamp\";i:1660845401;}',0,1,'2022-09-28 12:54:54','2022-09-28 14:54:54',0,NULL),(54451,'woocommerce_scheduled_subscription_payment','complete','2022-08-18 18:04:43','2022-08-18 20:04:43','{\"subscription_id\":66245}','O:30:\"ActionScheduler_SimpleSchedule\":2:{s:22:\"\0*\0scheduled_timestamp\";i:1660845883;s:41:\"\0ActionScheduler_SimpleSchedule\0timestamp\";i:1660845883;}',0,1,'2022-09-28 12:54:59','2022-09-28 14:54:59',0,NULL),(54460,'woocommerce_scheduled_subscription_payment','complete','2022-08-18 18:12:12','2022-08-18 20:12:12','{\"subscription_id\":66240}','O:30:\"ActionScheduler_SimpleSchedule\":2:{s:22:\"\0*\0scheduled_timestamp\";i:1660846332;s:41:\"\0ActionScheduler_SimpleSchedule\0timestamp\";i:1660846332;}',0,1,'2022-09-28 12:55:05','2022-09-28 14:55:05',0,NULL),(54477,'wc-admin_import_customers','complete','2022-07-21 13:24:26','2022-07-21 15:24:26','[1]','O:30:\"ActionScheduler_SimpleSchedule\":2:{s:22:\"\0*\0scheduled_timestamp\";i:1658409866;s:41:\"\0ActionScheduler_SimpleSchedule\0timestamp\";i:1658409866;}',2,1,'2022-07-21 13:25:38','2022-07-21 15:25:38',0,NULL),(54478,'woocommerce_cleanup_draft_orders','complete','2022-07-23 10:28:56','2022-07-23 12:28:56','[]','O:32:\"ActionScheduler_IntervalSchedule\":5:{s:22:\"\0*\0scheduled_timestamp\";i:1658572136;s:18:\"\0*\0first_timestamp\";i:1655717610;s:13:\"\0*\0recurrence\";i:86400;s:49:\"\0ActionScheduler_IntervalSchedule\0start_timestamp\";i:1658572136;s:53:\"\0ActionScheduler_IntervalSchedule\0interval_in_seconds\";i:86400;}',0,1,'2022-07-23 10:29:06','2022-07-23 12:29:06',0,NULL),(54479,'affwp_daily_scheduled_events','complete','2022-07-23 10:40:55','2022-07-23 12:40:55','[]','O:32:\"ActionScheduler_IntervalSchedule\":5:{s:22:\"\0*\0scheduled_timestamp\";i:1658572855;s:18:\"\0*\0first_timestamp\";i:1656583727;s:13:\"\0*\0recurrence\";i:86400;s:49:\"\0ActionScheduler_IntervalSchedule\0start_timestamp\";i:1658572855;s:53:\"\0ActionScheduler_IntervalSchedule\0interval_in_seconds\";i:86400;}',0,1,'2022-07-23 10:41:13','2022-07-23 12:41:13',0,NULL),(54480,'woocommerce_subscriptions_privacy_anonymize_ended_subscriptions','complete','2022-07-22 10:58:45','2022-07-22 12:58:45','[]','O:30:\"ActionScheduler_SimpleSchedule\":2:{s:22:\"\0*\0scheduled_timestamp\";i:1658487525;s:41:\"\0ActionScheduler_SimpleSchedule\0timestamp\";i:1658487525;}',0,1,'2022-07-22 10:58:45','2022-07-22 12:58:45',0,NULL),(54481,'woocommerce_cleanup_draft_orders','complete','2022-07-24 10:29:06','2022-07-24 12:29:06','[]','O:32:\"ActionScheduler_IntervalSchedule\":5:{s:22:\"\0*\0scheduled_timestamp\";i:1658658546;s:18:\"\0*\0first_timestamp\";i:1655717610;s:13:\"\0*\0recurrence\";i:86400;s:49:\"\0ActionScheduler_IntervalSchedule\0start_timestamp\";i:1658658546;s:53:\"\0ActionScheduler_IntervalSchedule\0interval_in_seconds\";i:86400;}',0,1,'2022-07-24 10:30:16','2022-07-24 12:30:16',0,NULL),(54482,'affwp_daily_scheduled_events','complete','2022-07-24 10:41:13','2022-07-24 12:41:13','[]','O:32:\"ActionScheduler_IntervalSchedule\":5:{s:22:\"\0*\0scheduled_timestamp\";i:1658659273;s:18:\"\0*\0first_timestamp\";i:1656583727;s:13:\"\0*\0recurrence\";i:86400;s:49:\"\0ActionScheduler_IntervalSchedule\0start_timestamp\";i:1658659273;s:53:\"\0ActionScheduler_IntervalSchedule\0interval_in_seconds\";i:86400;}',0,1,'2022-07-24 10:41:28','2022-07-24 12:41:28',0,NULL),(54483,'woocommerce_subscriptions_privacy_anonymize_ended_subscriptions','complete','2022-07-23 10:57:31','2022-07-23 12:57:31','[]','O:30:\"ActionScheduler_SimpleSchedule\":2:{s:22:\"\0*\0scheduled_timestamp\";i:1658573851;s:41:\"\0ActionScheduler_SimpleSchedule\0timestamp\";i:1658573851;}',0,1,'2022-07-23 10:57:32','2022-07-23 12:57:32',0,NULL),(54484,'woocommerce_cleanup_draft_orders','complete','2022-07-25 10:30:16','2022-07-25 12:30:16','[]','O:32:\"ActionScheduler_IntervalSchedule\":5:{s:22:\"\0*\0scheduled_timestamp\";i:1658745016;s:18:\"\0*\0first_timestamp\";i:1655717610;s:13:\"\0*\0recurrence\";i:86400;s:49:\"\0ActionScheduler_IntervalSchedule\0start_timestamp\";i:1658745016;s:53:\"\0ActionScheduler_IntervalSchedule\0interval_in_seconds\";i:86400;}',0,1,'2022-07-25 10:35:17','2022-07-25 12:35:17',0,NULL),(54485,'affwp_daily_scheduled_events','complete','2022-07-25 10:41:28','2022-07-25 12:41:28','[]','O:32:\"ActionScheduler_IntervalSchedule\":5:{s:22:\"\0*\0scheduled_timestamp\";i:1658745688;s:18:\"\0*\0first_timestamp\";i:1656583727;s:13:\"\0*\0recurrence\";i:86400;s:49:\"\0ActionScheduler_IntervalSchedule\0start_timestamp\";i:1658745688;s:53:\"\0ActionScheduler_IntervalSchedule\0interval_in_seconds\";i:86400;}',0,1,'2022-07-25 10:44:32','2022-07-25 12:44:32',0,NULL),(54486,'woocommerce_subscriptions_privacy_anonymize_ended_subscriptions','complete','2022-07-24 10:57:34','2022-07-24 12:57:34','[]','O:30:\"ActionScheduler_SimpleSchedule\":2:{s:22:\"\0*\0scheduled_timestamp\";i:1658660254;s:41:\"\0ActionScheduler_SimpleSchedule\0timestamp\";i:1658660254;}',0,1,'2022-07-24 10:57:35','2022-07-24 12:57:35',0,NULL),(54487,'woocommerce_cleanup_draft_orders','complete','2022-07-26 10:35:17','2022-07-26 12:35:17','[]','O:32:\"ActionScheduler_IntervalSchedule\":5:{s:22:\"\0*\0scheduled_timestamp\";i:1658831717;s:18:\"\0*\0first_timestamp\";i:1655717610;s:13:\"\0*\0recurrence\";i:86400;s:49:\"\0ActionScheduler_IntervalSchedule\0start_timestamp\";i:1658831717;s:53:\"\0ActionScheduler_IntervalSchedule\0interval_in_seconds\";i:86400;}',0,1,'2022-07-26 10:36:22','2022-07-26 12:36:22',0,NULL),(54488,'affwp_daily_scheduled_events','complete','2022-07-26 10:44:32','2022-07-26 12:44:32','[]','O:32:\"ActionScheduler_IntervalSchedule\":5:{s:22:\"\0*\0scheduled_timestamp\";i:1658832272;s:18:\"\0*\0first_timestamp\";i:1656583727;s:13:\"\0*\0recurrence\";i:86400;s:49:\"\0ActionScheduler_IntervalSchedule\0start_timestamp\";i:1658832272;s:53:\"\0ActionScheduler_IntervalSchedule\0interval_in_seconds\";i:86400;}',0,1,'2022-07-26 10:46:51','2022-07-26 12:46:51',0,NULL),(54489,'woocommerce_subscriptions_privacy_anonymize_ended_subscriptions','complete','2022-07-25 10:57:23','2022-07-25 12:57:23','[]','O:30:\"ActionScheduler_SimpleSchedule\":2:{s:22:\"\0*\0scheduled_timestamp\";i:1658746643;s:41:\"\0ActionScheduler_SimpleSchedule\0timestamp\";i:1658746643;}',0,1,'2022-07-25 10:57:25','2022-07-25 12:57:25',0,NULL),(54490,'woocommerce_cleanup_draft_orders','complete','2022-07-27 10:36:22','2022-07-27 12:36:22','[]','O:32:\"ActionScheduler_IntervalSchedule\":5:{s:22:\"\0*\0scheduled_timestamp\";i:1658918182;s:18:\"\0*\0first_timestamp\";i:1655717610;s:13:\"\0*\0recurrence\";i:86400;s:49:\"\0ActionScheduler_IntervalSchedule\0start_timestamp\";i:1658918182;s:53:\"\0ActionScheduler_IntervalSchedule\0interval_in_seconds\";i:86400;}',0,1,'2022-07-27 10:36:57','2022-07-27 12:36:57',0,NULL),(54491,'affwp_daily_scheduled_events','complete','2022-07-27 10:46:51','2022-07-27 12:46:51','[]','O:32:\"ActionScheduler_IntervalSchedule\":5:{s:22:\"\0*\0scheduled_timestamp\";i:1658918811;s:18:\"\0*\0first_timestamp\";i:1656583727;s:13:\"\0*\0recurrence\";i:86400;s:49:\"\0ActionScheduler_IntervalSchedule\0start_timestamp\";i:1658918811;s:53:\"\0ActionScheduler_IntervalSchedule\0interval_in_seconds\";i:86400;}',0,1,'2022-07-27 10:48:39','2022-07-27 12:48:39',0,NULL),(54492,'woocommerce_subscriptions_privacy_anonymize_ended_subscriptions','complete','2022-07-26 10:57:31','2022-07-26 12:57:31','[]','O:30:\"ActionScheduler_SimpleSchedule\":2:{s:22:\"\0*\0scheduled_timestamp\";i:1658833051;s:41:\"\0ActionScheduler_SimpleSchedule\0timestamp\";i:1658833051;}',0,1,'2022-07-26 10:57:34','2022-07-26 12:57:34',0,NULL),(54493,'woocommerce_cleanup_draft_orders','complete','2022-07-28 10:36:57','2022-07-28 12:36:57','[]','O:32:\"ActionScheduler_IntervalSchedule\":5:{s:22:\"\0*\0scheduled_timestamp\";i:1659004617;s:18:\"\0*\0first_timestamp\";i:1655717610;s:13:\"\0*\0recurrence\";i:86400;s:49:\"\0ActionScheduler_IntervalSchedule\0start_timestamp\";i:1659004617;s:53:\"\0ActionScheduler_IntervalSchedule\0interval_in_seconds\";i:86400;}',0,1,'2022-07-28 10:39:34','2022-07-28 12:39:34',0,NULL),(54494,'affwp_daily_scheduled_events','complete','2022-07-28 10:48:39','2022-07-28 12:48:39','[]','O:32:\"ActionScheduler_IntervalSchedule\":5:{s:22:\"\0*\0scheduled_timestamp\";i:1659005319;s:18:\"\0*\0first_timestamp\";i:1656583727;s:13:\"\0*\0recurrence\";i:86400;s:49:\"\0ActionScheduler_IntervalSchedule\0start_timestamp\";i:1659005319;s:53:\"\0ActionScheduler_IntervalSchedule\0interval_in_seconds\";i:86400;}',0,1,'2022-07-28 10:49:43','2022-07-28 12:49:43',0,NULL),(54495,'woocommerce_subscriptions_privacy_anonymize_ended_subscriptions','complete','2022-07-27 11:00:22','2022-07-27 13:00:22','[]','O:30:\"ActionScheduler_SimpleSchedule\":2:{s:22:\"\0*\0scheduled_timestamp\";i:1658919622;s:41:\"\0ActionScheduler_SimpleSchedule\0timestamp\";i:1658919622;}',0,1,'2022-07-27 11:00:24','2022-07-27 13:00:24',0,NULL),(54496,'wc-admin_import_customers','complete','2022-07-28 05:39:08','2022-07-28 07:39:08','[1]','O:30:\"ActionScheduler_SimpleSchedule\":2:{s:22:\"\0*\0scheduled_timestamp\";i:1658986748;s:41:\"\0ActionScheduler_SimpleSchedule\0timestamp\";i:1658986748;}',2,1,'2022-07-28 05:39:20','2022-07-28 07:39:20',0,NULL),(54497,'woocommerce_cleanup_draft_orders','complete','2022-07-29 10:39:34','2022-07-29 12:39:34','[]','O:32:\"ActionScheduler_IntervalSchedule\":5:{s:22:\"\0*\0scheduled_timestamp\";i:1659091174;s:18:\"\0*\0first_timestamp\";i:1655717610;s:13:\"\0*\0recurrence\";i:86400;s:49:\"\0ActionScheduler_IntervalSchedule\0start_timestamp\";i:1659091174;s:53:\"\0ActionScheduler_IntervalSchedule\0interval_in_seconds\";i:86400;}',0,1,'2022-07-29 10:40:46','2022-07-29 12:40:46',0,NULL),(54498,'affwp_daily_scheduled_events','complete','2022-07-29 10:49:43','2022-07-29 12:49:43','[]','O:32:\"ActionScheduler_IntervalSchedule\":5:{s:22:\"\0*\0scheduled_timestamp\";i:1659091783;s:18:\"\0*\0first_timestamp\";i:1656583727;s:13:\"\0*\0recurrence\";i:86400;s:49:\"\0ActionScheduler_IntervalSchedule\0start_timestamp\";i:1659091783;s:53:\"\0ActionScheduler_IntervalSchedule\0interval_in_seconds\";i:86400;}',0,1,'2022-07-29 10:50:08','2022-07-29 12:50:08',0,NULL),(54499,'woocommerce_subscriptions_privacy_anonymize_ended_subscriptions','complete','2022-07-28 11:01:23','2022-07-28 13:01:23','[]','O:30:\"ActionScheduler_SimpleSchedule\":2:{s:22:\"\0*\0scheduled_timestamp\";i:1659006083;s:41:\"\0ActionScheduler_SimpleSchedule\0timestamp\";i:1659006083;}',0,1,'2022-07-28 11:01:24','2022-07-28 13:01:24',0,NULL),(54500,'woocommerce_cleanup_draft_orders','complete','2022-07-30 10:40:46','2022-07-30 12:40:46','[]','O:32:\"ActionScheduler_IntervalSchedule\":5:{s:22:\"\0*\0scheduled_timestamp\";i:1659177646;s:18:\"\0*\0first_timestamp\";i:1655717610;s:13:\"\0*\0recurrence\";i:86400;s:49:\"\0ActionScheduler_IntervalSchedule\0start_timestamp\";i:1659177646;s:53:\"\0ActionScheduler_IntervalSchedule\0interval_in_seconds\";i:86400;}',0,1,'2022-07-30 10:41:52','2022-07-30 12:41:52',0,NULL),(54501,'affwp_daily_scheduled_events','complete','2022-07-30 10:50:08','2022-07-30 12:50:08','[]','O:32:\"ActionScheduler_IntervalSchedule\":5:{s:22:\"\0*\0scheduled_timestamp\";i:1659178208;s:18:\"\0*\0first_timestamp\";i:1656583727;s:13:\"\0*\0recurrence\";i:86400;s:49:\"\0ActionScheduler_IntervalSchedule\0start_timestamp\";i:1659178208;s:53:\"\0ActionScheduler_IntervalSchedule\0interval_in_seconds\";i:86400;}',0,1,'2022-07-30 10:53:25','2022-07-30 12:53:25',0,NULL),(54502,'woocommerce_subscriptions_privacy_anonymize_ended_subscriptions','complete','2022-07-29 10:57:46','2022-07-29 12:57:46','[]','O:30:\"ActionScheduler_SimpleSchedule\":2:{s:22:\"\0*\0scheduled_timestamp\";i:1659092266;s:41:\"\0ActionScheduler_SimpleSchedule\0timestamp\";i:1659092266;}',0,1,'2022-07-29 10:57:48','2022-07-29 12:57:48',0,NULL),(54503,'woocommerce_cleanup_draft_orders','complete','2022-07-31 10:41:52','2022-07-31 12:41:52','[]','O:32:\"ActionScheduler_IntervalSchedule\":5:{s:22:\"\0*\0scheduled_timestamp\";i:1659264112;s:18:\"\0*\0first_timestamp\";i:1655717610;s:13:\"\0*\0recurrence\";i:86400;s:49:\"\0ActionScheduler_IntervalSchedule\0start_timestamp\";i:1659264112;s:53:\"\0ActionScheduler_IntervalSchedule\0interval_in_seconds\";i:86400;}',0,1,'2022-07-31 10:42:38','2022-07-31 12:42:38',0,NULL),(54504,'affwp_daily_scheduled_events','complete','2022-07-31 10:53:25','2022-07-31 12:53:25','[]','O:32:\"ActionScheduler_IntervalSchedule\":5:{s:22:\"\0*\0scheduled_timestamp\";i:1659264805;s:18:\"\0*\0first_timestamp\";i:1656583727;s:13:\"\0*\0recurrence\";i:86400;s:49:\"\0ActionScheduler_IntervalSchedule\0start_timestamp\";i:1659264805;s:53:\"\0ActionScheduler_IntervalSchedule\0interval_in_seconds\";i:86400;}',0,1,'2022-07-31 10:55:23','2022-07-31 12:55:23',0,NULL),(54505,'woocommerce_subscriptions_privacy_anonymize_ended_subscriptions','complete','2022-07-30 10:59:08','2022-07-30 12:59:08','[]','O:30:\"ActionScheduler_SimpleSchedule\":2:{s:22:\"\0*\0scheduled_timestamp\";i:1659178748;s:41:\"\0ActionScheduler_SimpleSchedule\0timestamp\";i:1659178748;}',0,1,'2022-07-30 10:59:08','2022-07-30 12:59:08',0,NULL),(54506,'woocommerce_cleanup_draft_orders','complete','2022-08-01 10:42:38','2022-08-01 12:42:38','[]','O:32:\"ActionScheduler_IntervalSchedule\":5:{s:22:\"\0*\0scheduled_timestamp\";i:1659350558;s:18:\"\0*\0first_timestamp\";i:1655717610;s:13:\"\0*\0recurrence\";i:86400;s:49:\"\0ActionScheduler_IntervalSchedule\0start_timestamp\";i:1659350558;s:53:\"\0ActionScheduler_IntervalSchedule\0interval_in_seconds\";i:86400;}',0,1,'2022-08-01 10:54:03','2022-08-01 12:54:03',0,NULL),(54507,'affwp_daily_scheduled_events','complete','2022-08-01 10:55:23','2022-08-01 12:55:23','[]','O:32:\"ActionScheduler_IntervalSchedule\":5:{s:22:\"\0*\0scheduled_timestamp\";i:1659351323;s:18:\"\0*\0first_timestamp\";i:1656583727;s:13:\"\0*\0recurrence\";i:86400;s:49:\"\0ActionScheduler_IntervalSchedule\0start_timestamp\";i:1659351323;s:53:\"\0ActionScheduler_IntervalSchedule\0interval_in_seconds\";i:86400;}',0,1,'2022-08-01 10:56:29','2022-08-01 12:56:29',0,NULL),(54508,'woocommerce_subscriptions_privacy_anonymize_ended_subscriptions','complete','2022-07-31 10:58:14','2022-07-31 12:58:14','[]','O:30:\"ActionScheduler_SimpleSchedule\":2:{s:22:\"\0*\0scheduled_timestamp\";i:1659265094;s:41:\"\0ActionScheduler_SimpleSchedule\0timestamp\";i:1659265094;}',0,1,'2022-07-31 10:58:14','2022-07-31 12:58:14',0,NULL),(54509,'wc-admin_import_customers','complete','2022-08-01 06:23:46','2022-08-01 08:23:46','[1]','O:30:\"ActionScheduler_SimpleSchedule\":2:{s:22:\"\0*\0scheduled_timestamp\";i:1659335026;s:41:\"\0ActionScheduler_SimpleSchedule\0timestamp\";i:1659335026;}',2,1,'2022-08-01 06:24:07','2022-08-01 08:24:07',0,NULL),(54510,'woocommerce_cleanup_draft_orders','complete','2022-08-02 10:54:03','2022-08-02 12:54:03','[]','O:32:\"ActionScheduler_IntervalSchedule\":5:{s:22:\"\0*\0scheduled_timestamp\";i:1659437643;s:18:\"\0*\0first_timestamp\";i:1655717610;s:13:\"\0*\0recurrence\";i:86400;s:49:\"\0ActionScheduler_IntervalSchedule\0start_timestamp\";i:1659437643;s:53:\"\0ActionScheduler_IntervalSchedule\0interval_in_seconds\";i:86400;}',0,1,'2022-08-02 10:54:51','2022-08-02 12:54:51',0,NULL),(54511,'affwp_daily_scheduled_events','complete','2022-08-02 10:56:29','2022-08-02 12:56:29','[]','O:32:\"ActionScheduler_IntervalSchedule\":5:{s:22:\"\0*\0scheduled_timestamp\";i:1659437789;s:18:\"\0*\0first_timestamp\";i:1656583727;s:13:\"\0*\0recurrence\";i:86400;s:49:\"\0ActionScheduler_IntervalSchedule\0start_timestamp\";i:1659437789;s:53:\"\0ActionScheduler_IntervalSchedule\0interval_in_seconds\";i:86400;}',0,1,'2022-08-02 10:57:15','2022-08-02 12:57:15',0,NULL),(54512,'woocommerce_subscriptions_privacy_anonymize_ended_subscriptions','complete','2022-08-01 11:02:44','2022-08-01 13:02:44','[]','O:30:\"ActionScheduler_SimpleSchedule\":2:{s:22:\"\0*\0scheduled_timestamp\";i:1659351764;s:41:\"\0ActionScheduler_SimpleSchedule\0timestamp\";i:1659351764;}',0,1,'2022-08-01 11:02:44','2022-08-01 13:02:44',0,NULL),(54513,'woocommerce_cleanup_draft_orders','complete','2022-08-03 10:54:51','2022-08-03 12:54:51','[]','O:32:\"ActionScheduler_IntervalSchedule\":5:{s:22:\"\0*\0scheduled_timestamp\";i:1659524091;s:18:\"\0*\0first_timestamp\";i:1655717610;s:13:\"\0*\0recurrence\";i:86400;s:49:\"\0ActionScheduler_IntervalSchedule\0start_timestamp\";i:1659524091;s:53:\"\0ActionScheduler_IntervalSchedule\0interval_in_seconds\";i:86400;}',0,1,'2022-08-03 10:55:59','2022-08-03 12:55:59',0,NULL),(54514,'affwp_daily_scheduled_events','complete','2022-08-03 10:57:15','2022-08-03 12:57:15','[]','O:32:\"ActionScheduler_IntervalSchedule\":5:{s:22:\"\0*\0scheduled_timestamp\";i:1659524235;s:18:\"\0*\0first_timestamp\";i:1656583727;s:13:\"\0*\0recurrence\";i:86400;s:49:\"\0ActionScheduler_IntervalSchedule\0start_timestamp\";i:1659524235;s:53:\"\0ActionScheduler_IntervalSchedule\0interval_in_seconds\";i:86400;}',0,1,'2022-08-03 10:57:18','2022-08-03 12:57:18',0,NULL),(54515,'woocommerce_subscriptions_privacy_anonymize_ended_subscriptions','complete','2022-08-02 10:58:01','2022-08-02 12:58:01','[]','O:30:\"ActionScheduler_SimpleSchedule\":2:{s:22:\"\0*\0scheduled_timestamp\";i:1659437881;s:41:\"\0ActionScheduler_SimpleSchedule\0timestamp\";i:1659437881;}',0,1,'2022-08-02 10:58:03','2022-08-02 12:58:03',0,NULL),(54516,'woocommerce_cleanup_draft_orders','complete','2022-08-04 10:55:59','2022-08-04 12:55:59','[]','O:32:\"ActionScheduler_IntervalSchedule\":5:{s:22:\"\0*\0scheduled_timestamp\";i:1659610559;s:18:\"\0*\0first_timestamp\";i:1655717610;s:13:\"\0*\0recurrence\";i:86400;s:49:\"\0ActionScheduler_IntervalSchedule\0start_timestamp\";i:1659610559;s:53:\"\0ActionScheduler_IntervalSchedule\0interval_in_seconds\";i:86400;}',0,1,'2022-08-04 10:56:17','2022-08-04 12:56:17',0,NULL),(54517,'affwp_daily_scheduled_events','complete','2022-08-04 10:57:18','2022-08-04 12:57:18','[]','O:32:\"ActionScheduler_IntervalSchedule\":5:{s:22:\"\0*\0scheduled_timestamp\";i:1659610638;s:18:\"\0*\0first_timestamp\";i:1656583727;s:13:\"\0*\0recurrence\";i:86400;s:49:\"\0ActionScheduler_IntervalSchedule\0start_timestamp\";i:1659610638;s:53:\"\0ActionScheduler_IntervalSchedule\0interval_in_seconds\";i:86400;}',0,1,'2022-08-04 10:57:23','2022-08-04 12:57:23',0,NULL),(54518,'woocommerce_subscriptions_privacy_anonymize_ended_subscriptions','complete','2022-08-03 10:57:33','2022-08-03 12:57:33','[]','O:30:\"ActionScheduler_SimpleSchedule\":2:{s:22:\"\0*\0scheduled_timestamp\";i:1659524253;s:41:\"\0ActionScheduler_SimpleSchedule\0timestamp\";i:1659524253;}',0,1,'2022-08-03 10:57:34','2022-08-03 12:57:34',0,NULL),(54519,'woocommerce_cleanup_draft_orders','complete','2022-08-05 10:56:17','2022-08-05 12:56:17','[]','O:32:\"ActionScheduler_IntervalSchedule\":5:{s:22:\"\0*\0scheduled_timestamp\";i:1659696977;s:18:\"\0*\0first_timestamp\";i:1655717610;s:13:\"\0*\0recurrence\";i:86400;s:49:\"\0ActionScheduler_IntervalSchedule\0start_timestamp\";i:1659696977;s:53:\"\0ActionScheduler_IntervalSchedule\0interval_in_seconds\";i:86400;}',0,1,'2022-08-05 10:57:24','2022-08-05 12:57:24',0,NULL),(54520,'affwp_daily_scheduled_events','complete','2022-08-05 10:57:23','2022-08-05 12:57:23','[]','O:32:\"ActionScheduler_IntervalSchedule\":5:{s:22:\"\0*\0scheduled_timestamp\";i:1659697043;s:18:\"\0*\0first_timestamp\";i:1656583727;s:13:\"\0*\0recurrence\";i:86400;s:49:\"\0ActionScheduler_IntervalSchedule\0start_timestamp\";i:1659697043;s:53:\"\0ActionScheduler_IntervalSchedule\0interval_in_seconds\";i:86400;}',0,1,'2022-08-05 10:57:24','2022-08-05 12:57:24',0,NULL),(54521,'woocommerce_subscriptions_privacy_anonymize_ended_subscriptions','complete','2022-08-04 10:57:24','2022-08-04 12:57:24','[]','O:30:\"ActionScheduler_SimpleSchedule\":2:{s:22:\"\0*\0scheduled_timestamp\";i:1659610644;s:41:\"\0ActionScheduler_SimpleSchedule\0timestamp\";i:1659610644;}',0,1,'2022-08-04 10:57:25','2022-08-04 12:57:25',0,NULL),(54522,'woocommerce_cleanup_draft_orders','complete','2022-08-06 10:57:24','2022-08-06 12:57:24','[]','O:32:\"ActionScheduler_IntervalSchedule\":5:{s:22:\"\0*\0scheduled_timestamp\";i:1659783444;s:18:\"\0*\0first_timestamp\";i:1655717610;s:13:\"\0*\0recurrence\";i:86400;s:49:\"\0ActionScheduler_IntervalSchedule\0start_timestamp\";i:1659783444;s:53:\"\0ActionScheduler_IntervalSchedule\0interval_in_seconds\";i:86400;}',0,1,'2022-08-06 10:57:26','2022-08-06 12:57:26',0,NULL),(54523,'affwp_daily_scheduled_events','complete','2022-08-06 10:57:24','2022-08-06 12:57:24','[]','O:32:\"ActionScheduler_IntervalSchedule\":5:{s:22:\"\0*\0scheduled_timestamp\";i:1659783444;s:18:\"\0*\0first_timestamp\";i:1656583727;s:13:\"\0*\0recurrence\";i:86400;s:49:\"\0ActionScheduler_IntervalSchedule\0start_timestamp\";i:1659783444;s:53:\"\0ActionScheduler_IntervalSchedule\0interval_in_seconds\";i:86400;}',0,1,'2022-08-06 10:57:27','2022-08-06 12:57:27',0,NULL),(54524,'woocommerce_subscriptions_privacy_anonymize_ended_subscriptions','complete','2022-08-05 10:57:25','2022-08-05 12:57:25','[]','O:30:\"ActionScheduler_SimpleSchedule\":2:{s:22:\"\0*\0scheduled_timestamp\";i:1659697045;s:41:\"\0ActionScheduler_SimpleSchedule\0timestamp\";i:1659697045;}',0,1,'2022-08-05 10:57:28','2022-08-05 12:57:28',0,NULL),(54525,'wc-admin_import_orders','complete','2022-08-05 17:08:43','2022-08-05 19:08:43','[70756]','O:30:\"ActionScheduler_SimpleSchedule\":2:{s:22:\"\0*\0scheduled_timestamp\";i:1659719323;s:41:\"\0ActionScheduler_SimpleSchedule\0timestamp\";i:1659719323;}',2,1,'2022-08-05 17:09:24','2022-08-05 19:09:24',0,NULL),(54526,'wc-admin_import_customers','complete','2022-08-05 17:08:43','2022-08-05 19:08:43','[837]','O:30:\"ActionScheduler_SimpleSchedule\":2:{s:22:\"\0*\0scheduled_timestamp\";i:1659719323;s:41:\"\0ActionScheduler_SimpleSchedule\0timestamp\";i:1659719323;}',2,1,'2022-08-05 17:09:24','2022-08-05 19:09:24',0,NULL),(54528,'woocommerce_scheduled_subscription_payment','complete','2022-09-05 17:08:44','2022-09-05 19:08:44','{\"subscription_id\":66269}','O:30:\"ActionScheduler_SimpleSchedule\":2:{s:22:\"\0*\0scheduled_timestamp\";i:1662397724;s:41:\"\0ActionScheduler_SimpleSchedule\0timestamp\";i:1662397724;}',0,1,'2022-09-29 13:54:56','2022-09-29 15:54:56',0,NULL),(54529,'wcs_report_update_cache','complete','2022-08-05 17:13:45','2022-08-05 19:13:45','{\"report_class\":\"WCS_Report_Dashboard\"}','O:30:\"ActionScheduler_SimpleSchedule\":2:{s:22:\"\0*\0scheduled_timestamp\";i:1659719625;s:41:\"\0ActionScheduler_SimpleSchedule\0timestamp\";i:1659719625;}',0,1,'2022-08-05 17:17:21','2022-08-05 19:17:21',0,NULL),(54530,'wcs_report_update_cache','complete','2022-08-05 17:18:45','2022-08-05 19:18:45','{\"report_class\":\"WCS_Report_Subscription_Events_By_Date\"}','O:30:\"ActionScheduler_SimpleSchedule\":2:{s:22:\"\0*\0scheduled_timestamp\";i:1659719925;s:41:\"\0ActionScheduler_SimpleSchedule\0timestamp\";i:1659719925;}',0,1,'2022-08-05 17:19:16','2022-08-05 19:19:16',0,NULL),(54531,'wcs_report_update_cache','complete','2022-08-05 17:23:45','2022-08-05 19:23:45','{\"report_class\":\"WCS_Report_Subscription_By_Customer\"}','O:30:\"ActionScheduler_SimpleSchedule\":2:{s:22:\"\0*\0scheduled_timestamp\";i:1659720225;s:41:\"\0ActionScheduler_SimpleSchedule\0timestamp\";i:1659720225;}',0,1,'2022-08-05 17:23:57','2022-08-05 19:23:57',0,NULL),(54532,'wcs_report_update_cache','complete','2022-08-05 17:28:45','2022-08-05 19:28:45','{\"report_class\":\"WCS_Report_Subscription_By_Product\"}','O:30:\"ActionScheduler_SimpleSchedule\":2:{s:22:\"\0*\0scheduled_timestamp\";i:1659720525;s:41:\"\0ActionScheduler_SimpleSchedule\0timestamp\";i:1659720525;}',0,1,'2022-08-05 17:29:51','2022-08-05 19:29:51',0,NULL),(54533,'wcs_report_update_cache','complete','2022-08-05 17:33:45','2022-08-05 19:33:45','{\"report_class\":\"WCS_Report_Upcoming_Recurring_Revenue\"}','O:30:\"ActionScheduler_SimpleSchedule\":2:{s:22:\"\0*\0scheduled_timestamp\";i:1659720825;s:41:\"\0ActionScheduler_SimpleSchedule\0timestamp\";i:1659720825;}',0,1,'2022-08-05 17:34:17','2022-08-05 19:34:17',0,NULL),(54534,'woocommerce_cleanup_draft_orders','complete','2022-08-07 10:57:26','2022-08-07 12:57:26','[]','O:32:\"ActionScheduler_IntervalSchedule\":5:{s:22:\"\0*\0scheduled_timestamp\";i:1659869846;s:18:\"\0*\0first_timestamp\";i:1655717610;s:13:\"\0*\0recurrence\";i:86400;s:49:\"\0ActionScheduler_IntervalSchedule\0start_timestamp\";i:1659869846;s:53:\"\0ActionScheduler_IntervalSchedule\0interval_in_seconds\";i:86400;}',0,1,'2022-08-07 10:57:29','2022-08-07 12:57:29',0,NULL),(54535,'affwp_daily_scheduled_events','complete','2022-08-07 10:57:27','2022-08-07 12:57:27','[]','O:32:\"ActionScheduler_IntervalSchedule\":5:{s:22:\"\0*\0scheduled_timestamp\";i:1659869847;s:18:\"\0*\0first_timestamp\";i:1656583727;s:13:\"\0*\0recurrence\";i:86400;s:49:\"\0ActionScheduler_IntervalSchedule\0start_timestamp\";i:1659869847;s:53:\"\0ActionScheduler_IntervalSchedule\0interval_in_seconds\";i:86400;}',0,1,'2022-08-07 10:57:29','2022-08-07 12:57:29',0,NULL),(54536,'woocommerce_subscriptions_privacy_anonymize_ended_subscriptions','complete','2022-08-06 10:57:28','2022-08-06 12:57:28','[]','O:30:\"ActionScheduler_SimpleSchedule\":2:{s:22:\"\0*\0scheduled_timestamp\";i:1659783448;s:41:\"\0ActionScheduler_SimpleSchedule\0timestamp\";i:1659783448;}',0,1,'2022-08-06 10:57:30','2022-08-06 12:57:30',0,NULL),(54537,'wc-admin_import_orders','complete','2022-08-07 06:09:52','2022-08-07 08:09:52','[70757]','O:30:\"ActionScheduler_SimpleSchedule\":2:{s:22:\"\0*\0scheduled_timestamp\";i:1659852592;s:41:\"\0ActionScheduler_SimpleSchedule\0timestamp\";i:1659852592;}',2,1,'2022-08-07 06:15:33','2022-08-07 08:15:33',0,NULL),(54538,'wc-admin_import_customers','complete','2022-08-07 06:09:52','2022-08-07 08:09:52','[889]','O:30:\"ActionScheduler_SimpleSchedule\":2:{s:22:\"\0*\0scheduled_timestamp\";i:1659852592;s:41:\"\0ActionScheduler_SimpleSchedule\0timestamp\";i:1659852592;}',2,1,'2022-08-07 06:15:33','2022-08-07 08:15:33',0,NULL),(54540,'woocommerce_scheduled_subscription_payment','pending','2022-09-07 06:09:53','2022-09-07 08:09:53','{\"subscription_id\":66309}','O:30:\"ActionScheduler_SimpleSchedule\":2:{s:22:\"\0*\0scheduled_timestamp\";i:1662530993;s:41:\"\0ActionScheduler_SimpleSchedule\0timestamp\";i:1662530993;}',0,0,'2022-09-29 13:54:50','2022-09-29 15:54:50',0,NULL),(54541,'wcs_report_update_cache','complete','2022-08-07 06:14:54','2022-08-07 08:14:54','{\"report_class\":\"WCS_Report_Dashboard\"}','O:30:\"ActionScheduler_SimpleSchedule\":2:{s:22:\"\0*\0scheduled_timestamp\";i:1659852894;s:41:\"\0ActionScheduler_SimpleSchedule\0timestamp\";i:1659852894;}',0,1,'2022-08-07 06:15:33','2022-08-07 08:15:33',0,NULL),(54542,'wcs_report_update_cache','complete','2022-08-07 06:19:54','2022-08-07 08:19:54','{\"report_class\":\"WCS_Report_Subscription_Events_By_Date\"}','O:30:\"ActionScheduler_SimpleSchedule\":2:{s:22:\"\0*\0scheduled_timestamp\";i:1659853194;s:41:\"\0ActionScheduler_SimpleSchedule\0timestamp\";i:1659853194;}',0,1,'2022-08-07 06:26:47','2022-08-07 08:26:47',0,NULL),(54543,'wcs_report_update_cache','complete','2022-08-07 06:24:54','2022-08-07 08:24:54','{\"report_class\":\"WCS_Report_Subscription_By_Customer\"}','O:30:\"ActionScheduler_SimpleSchedule\":2:{s:22:\"\0*\0scheduled_timestamp\";i:1659853494;s:41:\"\0ActionScheduler_SimpleSchedule\0timestamp\";i:1659853494;}',0,1,'2022-08-07 06:26:47','2022-08-07 08:26:47',0,NULL),(54546,'wc-admin_import_orders','complete','2022-08-07 06:26:46','2022-08-07 08:26:46','[70758]','O:30:\"ActionScheduler_SimpleSchedule\":2:{s:22:\"\0*\0scheduled_timestamp\";i:1659853606;s:41:\"\0ActionScheduler_SimpleSchedule\0timestamp\";i:1659853606;}',2,1,'2022-08-07 06:26:47','2022-08-07 08:26:47',0,NULL),(54547,'wc-admin_import_customers','complete','2022-08-07 06:26:46','2022-08-07 08:26:46','[835]','O:30:\"ActionScheduler_SimpleSchedule\":2:{s:22:\"\0*\0scheduled_timestamp\";i:1659853606;s:41:\"\0ActionScheduler_SimpleSchedule\0timestamp\";i:1659853606;}',2,1,'2022-08-07 06:26:47','2022-08-07 08:26:47',0,NULL),(54549,'woocommerce_scheduled_subscription_payment','pending','2022-09-07 06:26:46','2022-09-07 08:26:46','{\"subscription_id\":66264}','O:30:\"ActionScheduler_SimpleSchedule\":2:{s:22:\"\0*\0scheduled_timestamp\";i:1662532006;s:41:\"\0ActionScheduler_SimpleSchedule\0timestamp\";i:1662532006;}',0,0,'2022-09-29 13:54:50','2022-09-29 15:54:50',0,NULL),(54550,'wcs_report_update_cache','complete','2022-08-07 06:31:50','2022-08-07 08:31:50','{\"report_class\":\"WCS_Report_Dashboard\"}','O:30:\"ActionScheduler_SimpleSchedule\":2:{s:22:\"\0*\0scheduled_timestamp\";i:1659853910;s:41:\"\0ActionScheduler_SimpleSchedule\0timestamp\";i:1659853910;}',0,1,'2022-08-07 06:33:00','2022-08-07 08:33:00',0,NULL),(54551,'wcs_report_update_cache','complete','2022-08-07 06:36:50','2022-08-07 08:36:50','{\"report_class\":\"WCS_Report_Subscription_Events_By_Date\"}','O:30:\"ActionScheduler_SimpleSchedule\":2:{s:22:\"\0*\0scheduled_timestamp\";i:1659854210;s:41:\"\0ActionScheduler_SimpleSchedule\0timestamp\";i:1659854210;}',0,1,'2022-08-07 06:38:09','2022-08-07 08:38:09',0,NULL),(54552,'wcs_report_update_cache','complete','2022-08-07 06:41:50','2022-08-07 08:41:50','{\"report_class\":\"WCS_Report_Subscription_By_Customer\"}','O:30:\"ActionScheduler_SimpleSchedule\":2:{s:22:\"\0*\0scheduled_timestamp\";i:1659854510;s:41:\"\0ActionScheduler_SimpleSchedule\0timestamp\";i:1659854510;}',0,1,'2022-08-07 06:46:27','2022-08-07 08:46:27',0,NULL),(54553,'wcs_report_update_cache','complete','2022-08-07 06:46:50','2022-08-07 08:46:50','{\"report_class\":\"WCS_Report_Subscription_By_Product\"}','O:30:\"ActionScheduler_SimpleSchedule\":2:{s:22:\"\0*\0scheduled_timestamp\";i:1659854810;s:41:\"\0ActionScheduler_SimpleSchedule\0timestamp\";i:1659854810;}',0,1,'2022-08-07 06:48:15','2022-08-07 08:48:15',0,NULL),(54554,'wcs_report_update_cache','complete','2022-08-07 06:51:50','2022-08-07 08:51:50','{\"report_class\":\"WCS_Report_Upcoming_Recurring_Revenue\"}','O:30:\"ActionScheduler_SimpleSchedule\":2:{s:22:\"\0*\0scheduled_timestamp\";i:1659855110;s:41:\"\0ActionScheduler_SimpleSchedule\0timestamp\";i:1659855110;}',0,1,'2022-08-07 06:53:02','2022-08-07 08:53:02',0,NULL),(54555,'woocommerce_cleanup_draft_orders','complete','2022-08-08 10:57:29','2022-08-08 12:57:29','[]','O:32:\"ActionScheduler_IntervalSchedule\":5:{s:22:\"\0*\0scheduled_timestamp\";i:1659956249;s:18:\"\0*\0first_timestamp\";i:1655717610;s:13:\"\0*\0recurrence\";i:86400;s:49:\"\0ActionScheduler_IntervalSchedule\0start_timestamp\";i:1659956249;s:53:\"\0ActionScheduler_IntervalSchedule\0interval_in_seconds\";i:86400;}',0,1,'2022-08-08 10:57:33','2022-08-08 12:57:33',0,NULL),(54556,'affwp_daily_scheduled_events','complete','2022-08-08 10:57:29','2022-08-08 12:57:29','[]','O:32:\"ActionScheduler_IntervalSchedule\":5:{s:22:\"\0*\0scheduled_timestamp\";i:1659956249;s:18:\"\0*\0first_timestamp\";i:1656583727;s:13:\"\0*\0recurrence\";i:86400;s:49:\"\0ActionScheduler_IntervalSchedule\0start_timestamp\";i:1659956249;s:53:\"\0ActionScheduler_IntervalSchedule\0interval_in_seconds\";i:86400;}',0,1,'2022-08-08 10:57:33','2022-08-08 12:57:33',0,NULL),(54557,'woocommerce_subscriptions_privacy_anonymize_ended_subscriptions','complete','2022-08-07 10:57:30','2022-08-07 12:57:30','[]','O:30:\"ActionScheduler_SimpleSchedule\":2:{s:22:\"\0*\0scheduled_timestamp\";i:1659869850;s:41:\"\0ActionScheduler_SimpleSchedule\0timestamp\";i:1659869850;}',0,1,'2022-08-07 10:57:33','2022-08-07 12:57:33',0,NULL),(54558,'woocommerce_cleanup_draft_orders','complete','2022-08-09 10:57:33','2022-08-09 12:57:33','[]','O:32:\"ActionScheduler_IntervalSchedule\":5:{s:22:\"\0*\0scheduled_timestamp\";i:1660042653;s:18:\"\0*\0first_timestamp\";i:1655717610;s:13:\"\0*\0recurrence\";i:86400;s:49:\"\0ActionScheduler_IntervalSchedule\0start_timestamp\";i:1660042653;s:53:\"\0ActionScheduler_IntervalSchedule\0interval_in_seconds\";i:86400;}',0,1,'2022-08-09 10:57:37','2022-08-09 12:57:37',0,NULL),(54559,'affwp_daily_scheduled_events','complete','2022-08-09 10:57:33','2022-08-09 12:57:33','[]','O:32:\"ActionScheduler_IntervalSchedule\":5:{s:22:\"\0*\0scheduled_timestamp\";i:1660042653;s:18:\"\0*\0first_timestamp\";i:1656583727;s:13:\"\0*\0recurrence\";i:86400;s:49:\"\0ActionScheduler_IntervalSchedule\0start_timestamp\";i:1660042653;s:53:\"\0ActionScheduler_IntervalSchedule\0interval_in_seconds\";i:86400;}',0,1,'2022-08-09 10:57:37','2022-08-09 12:57:37',0,NULL),(54560,'woocommerce_subscriptions_privacy_anonymize_ended_subscriptions','complete','2022-08-08 10:57:35','2022-08-08 12:57:35','[]','O:30:\"ActionScheduler_SimpleSchedule\":2:{s:22:\"\0*\0scheduled_timestamp\";i:1659956255;s:41:\"\0ActionScheduler_SimpleSchedule\0timestamp\";i:1659956255;}',0,1,'2022-08-08 10:57:36','2022-08-08 12:57:36',0,NULL),(54561,'woocommerce_cleanup_draft_orders','complete','2022-08-10 10:57:37','2022-08-10 12:57:37','[]','O:32:\"ActionScheduler_IntervalSchedule\":5:{s:22:\"\0*\0scheduled_timestamp\";i:1660129057;s:18:\"\0*\0first_timestamp\";i:1655717610;s:13:\"\0*\0recurrence\";i:86400;s:49:\"\0ActionScheduler_IntervalSchedule\0start_timestamp\";i:1660129057;s:53:\"\0ActionScheduler_IntervalSchedule\0interval_in_seconds\";i:86400;}',0,1,'2022-08-10 10:57:38','2022-08-10 12:57:38',0,NULL),(54562,'affwp_daily_scheduled_events','complete','2022-08-10 10:57:37','2022-08-10 12:57:37','[]','O:32:\"ActionScheduler_IntervalSchedule\":5:{s:22:\"\0*\0scheduled_timestamp\";i:1660129057;s:18:\"\0*\0first_timestamp\";i:1656583727;s:13:\"\0*\0recurrence\";i:86400;s:49:\"\0ActionScheduler_IntervalSchedule\0start_timestamp\";i:1660129057;s:53:\"\0ActionScheduler_IntervalSchedule\0interval_in_seconds\";i:86400;}',0,1,'2022-08-10 10:57:38','2022-08-10 12:57:38',0,NULL),(54563,'woocommerce_subscriptions_privacy_anonymize_ended_subscriptions','complete','2022-08-09 10:57:38','2022-08-09 12:57:38','[]','O:30:\"ActionScheduler_SimpleSchedule\":2:{s:22:\"\0*\0scheduled_timestamp\";i:1660042658;s:41:\"\0ActionScheduler_SimpleSchedule\0timestamp\";i:1660042658;}',0,1,'2022-08-09 10:57:41','2022-08-09 12:57:41',0,NULL),(54564,'wc-admin_import_customers','complete','2022-08-09 13:15:32','2022-08-09 15:15:32','[1]','O:30:\"ActionScheduler_SimpleSchedule\":2:{s:22:\"\0*\0scheduled_timestamp\";i:1660050932;s:41:\"\0ActionScheduler_SimpleSchedule\0timestamp\";i:1660050932;}',2,1,'2022-08-09 13:15:45','2022-08-09 15:15:45',0,NULL),(54565,'woocommerce_cleanup_draft_orders','complete','2022-08-11 10:57:38','2022-08-11 12:57:38','[]','O:32:\"ActionScheduler_IntervalSchedule\":5:{s:22:\"\0*\0scheduled_timestamp\";i:1660215458;s:18:\"\0*\0first_timestamp\";i:1655717610;s:13:\"\0*\0recurrence\";i:86400;s:49:\"\0ActionScheduler_IntervalSchedule\0start_timestamp\";i:1660215458;s:53:\"\0ActionScheduler_IntervalSchedule\0interval_in_seconds\";i:86400;}',0,1,'2022-08-11 10:59:23','2022-08-11 12:59:23',0,NULL),(54566,'affwp_daily_scheduled_events','complete','2022-08-11 10:57:38','2022-08-11 12:57:38','[]','O:32:\"ActionScheduler_IntervalSchedule\":5:{s:22:\"\0*\0scheduled_timestamp\";i:1660215458;s:18:\"\0*\0first_timestamp\";i:1656583727;s:13:\"\0*\0recurrence\";i:86400;s:49:\"\0ActionScheduler_IntervalSchedule\0start_timestamp\";i:1660215458;s:53:\"\0ActionScheduler_IntervalSchedule\0interval_in_seconds\";i:86400;}',0,1,'2022-08-11 10:59:23','2022-08-11 12:59:23',0,NULL),(54567,'woocommerce_subscriptions_privacy_anonymize_ended_subscriptions','complete','2022-08-10 10:57:40','2022-08-10 12:57:40','[]','O:30:\"ActionScheduler_SimpleSchedule\":2:{s:22:\"\0*\0scheduled_timestamp\";i:1660129060;s:41:\"\0ActionScheduler_SimpleSchedule\0timestamp\";i:1660129060;}',0,1,'2022-08-10 10:57:41','2022-08-10 12:57:41',0,NULL),(54568,'wc-admin_import_customers','complete','2022-08-11 10:08:37','2022-08-11 12:08:37','[633]','O:30:\"ActionScheduler_SimpleSchedule\":2:{s:22:\"\0*\0scheduled_timestamp\";i:1660212517;s:41:\"\0ActionScheduler_SimpleSchedule\0timestamp\";i:1660212517;}',2,1,'2022-08-11 10:09:24','2022-08-11 12:09:24',0,NULL),(54569,'woocommerce_subscriptions_privacy_anonymize_ended_subscriptions','complete','2022-08-11 10:57:24','2022-08-11 12:57:24','[]','O:30:\"ActionScheduler_SimpleSchedule\":2:{s:22:\"\0*\0scheduled_timestamp\";i:1660215444;s:41:\"\0ActionScheduler_SimpleSchedule\0timestamp\";i:1660215444;}',0,1,'2022-08-11 10:59:23','2022-08-11 12:59:23',0,NULL),(54570,'woocommerce_cleanup_draft_orders','complete','2022-08-12 10:59:23','2022-08-12 12:59:23','[]','O:32:\"ActionScheduler_IntervalSchedule\":5:{s:22:\"\0*\0scheduled_timestamp\";i:1660301963;s:18:\"\0*\0first_timestamp\";i:1655717610;s:13:\"\0*\0recurrence\";i:86400;s:49:\"\0ActionScheduler_IntervalSchedule\0start_timestamp\";i:1660301963;s:53:\"\0ActionScheduler_IntervalSchedule\0interval_in_seconds\";i:86400;}',0,1,'2022-08-12 10:59:40','2022-08-12 12:59:40',0,NULL),(54571,'affwp_daily_scheduled_events','complete','2022-08-12 10:59:23','2022-08-12 12:59:23','[]','O:32:\"ActionScheduler_IntervalSchedule\":5:{s:22:\"\0*\0scheduled_timestamp\";i:1660301963;s:18:\"\0*\0first_timestamp\";i:1656583727;s:13:\"\0*\0recurrence\";i:86400;s:49:\"\0ActionScheduler_IntervalSchedule\0start_timestamp\";i:1660301963;s:53:\"\0ActionScheduler_IntervalSchedule\0interval_in_seconds\";i:86400;}',0,1,'2022-08-12 10:59:40','2022-08-12 12:59:40',0,NULL),(54572,'woocommerce_subscriptions_privacy_anonymize_ended_subscriptions','complete','2022-08-12 10:57:38','2022-08-12 12:57:38','[]','O:30:\"ActionScheduler_SimpleSchedule\":2:{s:22:\"\0*\0scheduled_timestamp\";i:1660301858;s:41:\"\0ActionScheduler_SimpleSchedule\0timestamp\";i:1660301858;}',0,1,'2022-08-12 10:57:43','2022-08-12 12:57:43',0,NULL),(54573,'woocommerce_cleanup_draft_orders','complete','2022-08-13 10:59:40','2022-08-13 12:59:40','[]','O:32:\"ActionScheduler_IntervalSchedule\":5:{s:22:\"\0*\0scheduled_timestamp\";i:1660388380;s:18:\"\0*\0first_timestamp\";i:1655717610;s:13:\"\0*\0recurrence\";i:86400;s:49:\"\0ActionScheduler_IntervalSchedule\0start_timestamp\";i:1660388380;s:53:\"\0ActionScheduler_IntervalSchedule\0interval_in_seconds\";i:86400;}',0,1,'2022-08-13 11:00:22','2022-08-13 13:00:22',0,NULL),(54574,'affwp_daily_scheduled_events','complete','2022-08-13 10:59:40','2022-08-13 12:59:40','[]','O:32:\"ActionScheduler_IntervalSchedule\":5:{s:22:\"\0*\0scheduled_timestamp\";i:1660388380;s:18:\"\0*\0first_timestamp\";i:1656583727;s:13:\"\0*\0recurrence\";i:86400;s:49:\"\0ActionScheduler_IntervalSchedule\0start_timestamp\";i:1660388380;s:53:\"\0ActionScheduler_IntervalSchedule\0interval_in_seconds\";i:86400;}',0,1,'2022-08-13 11:00:22','2022-08-13 13:00:22',0,NULL),(54575,'woocommerce_subscriptions_privacy_anonymize_ended_subscriptions','complete','2022-08-13 10:57:43','2022-08-13 12:57:43','[]','O:30:\"ActionScheduler_SimpleSchedule\":2:{s:22:\"\0*\0scheduled_timestamp\";i:1660388263;s:41:\"\0ActionScheduler_SimpleSchedule\0timestamp\";i:1660388263;}',0,1,'2022-08-13 10:57:45','2022-08-13 12:57:45',0,NULL),(54576,'woocommerce_cleanup_draft_orders','complete','2022-08-14 11:00:22','2022-08-14 13:00:22','[]','O:32:\"ActionScheduler_IntervalSchedule\":5:{s:22:\"\0*\0scheduled_timestamp\";i:1660474822;s:18:\"\0*\0first_timestamp\";i:1655717610;s:13:\"\0*\0recurrence\";i:86400;s:49:\"\0ActionScheduler_IntervalSchedule\0start_timestamp\";i:1660474822;s:53:\"\0ActionScheduler_IntervalSchedule\0interval_in_seconds\";i:86400;}',0,1,'2022-08-14 11:00:24','2022-08-14 13:00:24',0,NULL),(54577,'affwp_daily_scheduled_events','complete','2022-08-14 11:00:22','2022-08-14 13:00:22','[]','O:32:\"ActionScheduler_IntervalSchedule\":5:{s:22:\"\0*\0scheduled_timestamp\";i:1660474822;s:18:\"\0*\0first_timestamp\";i:1656583727;s:13:\"\0*\0recurrence\";i:86400;s:49:\"\0ActionScheduler_IntervalSchedule\0start_timestamp\";i:1660474822;s:53:\"\0ActionScheduler_IntervalSchedule\0interval_in_seconds\";i:86400;}',0,1,'2022-08-14 11:00:24','2022-08-14 13:00:24',0,NULL),(54578,'woocommerce_subscriptions_privacy_anonymize_ended_subscriptions','complete','2022-08-14 10:57:26','2022-08-14 12:57:26','[]','O:30:\"ActionScheduler_SimpleSchedule\":2:{s:22:\"\0*\0scheduled_timestamp\";i:1660474646;s:41:\"\0ActionScheduler_SimpleSchedule\0timestamp\";i:1660474646;}',0,1,'2022-08-14 10:57:29','2022-08-14 12:57:29',0,NULL),(54579,'woocommerce_cleanup_draft_orders','complete','2022-08-15 11:00:24','2022-08-15 13:00:24','[]','O:32:\"ActionScheduler_IntervalSchedule\":5:{s:22:\"\0*\0scheduled_timestamp\";i:1660561224;s:18:\"\0*\0first_timestamp\";i:1655717610;s:13:\"\0*\0recurrence\";i:86400;s:49:\"\0ActionScheduler_IntervalSchedule\0start_timestamp\";i:1660561224;s:53:\"\0ActionScheduler_IntervalSchedule\0interval_in_seconds\";i:86400;}',0,1,'2022-08-15 11:00:27','2022-08-15 13:00:27',0,NULL),(54580,'affwp_daily_scheduled_events','complete','2022-08-15 11:00:24','2022-08-15 13:00:24','[]','O:32:\"ActionScheduler_IntervalSchedule\":5:{s:22:\"\0*\0scheduled_timestamp\";i:1660561224;s:18:\"\0*\0first_timestamp\";i:1656583727;s:13:\"\0*\0recurrence\";i:86400;s:49:\"\0ActionScheduler_IntervalSchedule\0start_timestamp\";i:1660561224;s:53:\"\0ActionScheduler_IntervalSchedule\0interval_in_seconds\";i:86400;}',0,1,'2022-08-15 11:00:27','2022-08-15 13:00:27',0,NULL),(54581,'woocommerce_subscriptions_privacy_anonymize_ended_subscriptions','complete','2022-08-15 10:57:43','2022-08-15 12:57:43','[]','O:30:\"ActionScheduler_SimpleSchedule\":2:{s:22:\"\0*\0scheduled_timestamp\";i:1660561063;s:41:\"\0ActionScheduler_SimpleSchedule\0timestamp\";i:1660561063;}',0,1,'2022-08-15 10:57:44','2022-08-15 12:57:44',0,NULL),(54582,'woocommerce_cleanup_draft_orders','complete','2022-08-16 11:00:27','2022-08-16 13:00:27','[]','O:32:\"ActionScheduler_IntervalSchedule\":5:{s:22:\"\0*\0scheduled_timestamp\";i:1660647627;s:18:\"\0*\0first_timestamp\";i:1655717610;s:13:\"\0*\0recurrence\";i:86400;s:49:\"\0ActionScheduler_IntervalSchedule\0start_timestamp\";i:1660647627;s:53:\"\0ActionScheduler_IntervalSchedule\0interval_in_seconds\";i:86400;}',0,1,'2022-08-16 11:00:31','2022-08-16 13:00:31',0,NULL),(54583,'affwp_daily_scheduled_events','complete','2022-08-16 11:00:27','2022-08-16 13:00:27','[]','O:32:\"ActionScheduler_IntervalSchedule\":5:{s:22:\"\0*\0scheduled_timestamp\";i:1660647627;s:18:\"\0*\0first_timestamp\";i:1656583727;s:13:\"\0*\0recurrence\";i:86400;s:49:\"\0ActionScheduler_IntervalSchedule\0start_timestamp\";i:1660647627;s:53:\"\0ActionScheduler_IntervalSchedule\0interval_in_seconds\";i:86400;}',0,1,'2022-08-16 11:00:31','2022-08-16 13:00:31',0,NULL),(54584,'woocommerce_subscriptions_privacy_anonymize_ended_subscriptions','complete','2022-08-16 10:58:30','2022-08-16 12:58:30','[]','O:30:\"ActionScheduler_SimpleSchedule\":2:{s:22:\"\0*\0scheduled_timestamp\";i:1660647510;s:41:\"\0ActionScheduler_SimpleSchedule\0timestamp\";i:1660647510;}',0,1,'2022-08-16 10:58:30','2022-08-16 12:58:30',0,NULL),(54585,'woocommerce_cleanup_draft_orders','complete','2022-08-17 11:00:31','2022-08-17 13:00:31','[]','O:32:\"ActionScheduler_IntervalSchedule\":5:{s:22:\"\0*\0scheduled_timestamp\";i:1660734031;s:18:\"\0*\0first_timestamp\";i:1655717610;s:13:\"\0*\0recurrence\";i:86400;s:49:\"\0ActionScheduler_IntervalSchedule\0start_timestamp\";i:1660734031;s:53:\"\0ActionScheduler_IntervalSchedule\0interval_in_seconds\";i:86400;}',0,1,'2022-09-28 12:54:46','2022-09-28 14:54:46',0,NULL),(54586,'affwp_daily_scheduled_events','complete','2022-08-17 11:00:31','2022-08-17 13:00:31','[]','O:32:\"ActionScheduler_IntervalSchedule\":5:{s:22:\"\0*\0scheduled_timestamp\";i:1660734031;s:18:\"\0*\0first_timestamp\";i:1656583727;s:13:\"\0*\0recurrence\";i:86400;s:49:\"\0ActionScheduler_IntervalSchedule\0start_timestamp\";i:1660734031;s:53:\"\0ActionScheduler_IntervalSchedule\0interval_in_seconds\";i:86400;}',0,1,'2022-09-28 12:54:46','2022-09-28 14:54:46',0,NULL),(54587,'wc-admin_import_customers','complete','2022-08-17 05:38:23','2022-08-17 07:38:23','[1]','O:30:\"ActionScheduler_SimpleSchedule\":2:{s:22:\"\0*\0scheduled_timestamp\";i:1660714703;s:41:\"\0ActionScheduler_SimpleSchedule\0timestamp\";i:1660714703;}',2,1,'2022-08-17 05:38:36','2022-08-17 07:38:36',0,NULL),(54588,'wc-admin_import_customers','pending','2022-09-28 12:01:04','2022-09-28 14:01:04','[1]','O:30:\"ActionScheduler_SimpleSchedule\":2:{s:22:\"\0*\0scheduled_timestamp\";i:1664366464;s:41:\"\0ActionScheduler_SimpleSchedule\0timestamp\";i:1664366464;}',2,0,'2022-09-29 13:54:50','2022-09-29 15:54:50',0,NULL),(54589,'wc-admin_import_customers','pending','2022-09-28 12:44:15','2022-09-28 14:44:15','[4]','O:30:\"ActionScheduler_SimpleSchedule\":2:{s:22:\"\0*\0scheduled_timestamp\";i:1664369055;s:41:\"\0ActionScheduler_SimpleSchedule\0timestamp\";i:1664369055;}',2,0,'2022-09-29 13:54:50','2022-09-29 15:54:50',0,NULL),(54590,'woocommerce_cleanup_draft_orders','pending','2022-09-29 12:54:46','2022-09-29 14:54:46','[]','O:32:\"ActionScheduler_IntervalSchedule\":5:{s:22:\"\0*\0scheduled_timestamp\";i:1664456086;s:18:\"\0*\0first_timestamp\";i:1655717610;s:13:\"\0*\0recurrence\";i:86400;s:49:\"\0ActionScheduler_IntervalSchedule\0start_timestamp\";i:1664456086;s:53:\"\0ActionScheduler_IntervalSchedule\0interval_in_seconds\";i:86400;}',0,0,'2022-09-29 13:54:50','2022-09-29 15:54:50',0,NULL),(54591,'affwp_daily_scheduled_events','pending','2022-09-29 12:54:46','2022-09-29 14:54:46','[]','O:32:\"ActionScheduler_IntervalSchedule\":5:{s:22:\"\0*\0scheduled_timestamp\";i:1664456086;s:18:\"\0*\0first_timestamp\";i:1656583727;s:13:\"\0*\0recurrence\";i:86400;s:49:\"\0ActionScheduler_IntervalSchedule\0start_timestamp\";i:1664456086;s:53:\"\0ActionScheduler_IntervalSchedule\0interval_in_seconds\";i:86400;}',0,0,'2022-09-29 13:54:50','2022-09-29 15:54:50',0,NULL),(54592,'wc-admin_import_orders','pending','2022-09-28 12:54:52','2022-09-28 14:54:52','[70761]','O:30:\"ActionScheduler_SimpleSchedule\":2:{s:22:\"\0*\0scheduled_timestamp\";i:1664369692;s:41:\"\0ActionScheduler_SimpleSchedule\0timestamp\";i:1664369692;}',2,0,'2022-09-29 13:54:50','2022-09-29 15:54:50',0,NULL),(54593,'wc-admin_import_customers','pending','2022-09-28 12:54:52','2022-09-28 14:54:52','[887]','O:30:\"ActionScheduler_SimpleSchedule\":2:{s:22:\"\0*\0scheduled_timestamp\";i:1664369692;s:41:\"\0ActionScheduler_SimpleSchedule\0timestamp\";i:1664369692;}',2,0,'2022-09-29 13:54:50','2022-09-29 15:54:50',0,NULL),(54595,'woocommerce_scheduled_subscription_payment','pending','2022-10-28 12:54:53','2022-10-28 14:54:53','{\"subscription_id\":66304}','O:30:\"ActionScheduler_SimpleSchedule\":2:{s:22:\"\0*\0scheduled_timestamp\";i:1666961693;s:41:\"\0ActionScheduler_SimpleSchedule\0timestamp\";i:1666961693;}',0,0,'0000-00-00 00:00:00','0000-00-00 00:00:00',0,NULL),(54596,'wc-admin_import_orders','pending','2022-09-28 12:54:59','2022-09-28 14:54:59','[70762]','O:30:\"ActionScheduler_SimpleSchedule\":2:{s:22:\"\0*\0scheduled_timestamp\";i:1664369699;s:41:\"\0ActionScheduler_SimpleSchedule\0timestamp\";i:1664369699;}',2,0,'2022-09-29 13:54:50','2022-09-29 15:54:50',0,NULL),(54597,'wc-admin_import_customers','pending','2022-09-28 12:54:59','2022-09-28 14:54:59','[939]','O:30:\"ActionScheduler_SimpleSchedule\":2:{s:22:\"\0*\0scheduled_timestamp\";i:1664369699;s:41:\"\0ActionScheduler_SimpleSchedule\0timestamp\";i:1664369699;}',2,0,'2022-09-29 13:54:50','2022-09-29 15:54:50',0,NULL),(54600,'wc-admin_import_orders','pending','2022-09-28 12:55:05','2022-09-28 14:55:05','[70763]','O:30:\"ActionScheduler_SimpleSchedule\":2:{s:22:\"\0*\0scheduled_timestamp\";i:1664369705;s:41:\"\0ActionScheduler_SimpleSchedule\0timestamp\";i:1664369705;}',2,0,'2022-09-29 13:54:50','2022-09-29 15:54:50',0,NULL),(54601,'wc-admin_import_customers','pending','2022-09-28 12:55:05','2022-09-28 14:55:05','[772]','O:30:\"ActionScheduler_SimpleSchedule\":2:{s:22:\"\0*\0scheduled_timestamp\";i:1664369705;s:41:\"\0ActionScheduler_SimpleSchedule\0timestamp\";i:1664369705;}',2,0,'2022-09-29 13:54:50','2022-09-29 15:54:50',0,NULL),(54607,'wcs_report_update_cache','canceled','2022-09-28 13:16:44','2022-09-28 15:16:44','{\"report_class\":\"WCS_Report_Subscription_By_Product\"}','O:30:\"ActionScheduler_SimpleSchedule\":2:{s:22:\"\0*\0scheduled_timestamp\";i:1664371004;s:41:\"\0ActionScheduler_SimpleSchedule\0timestamp\";i:1664371004;}',0,0,'2022-09-29 13:54:50','2022-09-29 15:54:50',0,NULL),(54608,'wcs_report_update_cache','canceled','2022-09-28 13:21:44','2022-09-28 15:21:44','{\"report_class\":\"WCS_Report_Upcoming_Recurring_Revenue\"}','O:30:\"ActionScheduler_SimpleSchedule\":2:{s:22:\"\0*\0scheduled_timestamp\";i:1664371304;s:41:\"\0ActionScheduler_SimpleSchedule\0timestamp\";i:1664371304;}',0,0,'2022-09-29 13:54:50','2022-09-29 15:54:50',0,NULL),(54610,'woocommerce_scheduled_subscription_end_of_prepaid_term','pending','2022-10-28 12:54:59','2022-10-28 14:54:59','{\"subscription_id\":66245}','O:30:\"ActionScheduler_SimpleSchedule\":2:{s:22:\"\0*\0scheduled_timestamp\";i:1666961699;s:41:\"\0ActionScheduler_SimpleSchedule\0timestamp\";i:1666961699;}',0,0,'0000-00-00 00:00:00','0000-00-00 00:00:00',0,NULL),(54614,'woocommerce_subscriptions_privacy_anonymize_ended_subscriptions','pending','2022-09-28 13:09:28','2022-09-28 15:09:28','[]','O:30:\"ActionScheduler_SimpleSchedule\":2:{s:22:\"\0*\0scheduled_timestamp\";i:1664370568;s:41:\"\0ActionScheduler_SimpleSchedule\0timestamp\";i:1664370568;}',0,0,'2022-09-29 13:54:50','2022-09-29 15:54:50',0,NULL),(54616,'woocommerce_scheduled_subscription_end_of_prepaid_term','pending','2022-10-28 12:55:04','2022-10-28 14:55:04','{\"subscription_id\":66240}','O:30:\"ActionScheduler_SimpleSchedule\":2:{s:22:\"\0*\0scheduled_timestamp\";i:1666961704;s:41:\"\0ActionScheduler_SimpleSchedule\0timestamp\";i:1666961704;}',0,0,'0000-00-00 00:00:00','0000-00-00 00:00:00',0,NULL),(54617,'wcs_report_update_cache','canceled','2022-09-28 13:54:29','2022-09-28 15:54:29','{\"report_class\":\"WCS_Report_Dashboard\"}','O:30:\"ActionScheduler_SimpleSchedule\":2:{s:22:\"\0*\0scheduled_timestamp\";i:1664373269;s:41:\"\0ActionScheduler_SimpleSchedule\0timestamp\";i:1664373269;}',0,0,'2022-09-29 13:54:50','2022-09-29 15:54:50',0,NULL),(54618,'wcs_report_update_cache','canceled','2022-09-28 13:59:29','2022-09-28 15:59:29','{\"report_class\":\"WCS_Report_Subscription_Events_By_Date\"}','O:30:\"ActionScheduler_SimpleSchedule\":2:{s:22:\"\0*\0scheduled_timestamp\";i:1664373569;s:41:\"\0ActionScheduler_SimpleSchedule\0timestamp\";i:1664373569;}',0,0,'2022-09-29 13:54:50','2022-09-29 15:54:50',0,NULL),(54619,'wcs_report_update_cache','canceled','2022-09-28 14:04:29','2022-09-28 16:04:29','{\"report_class\":\"WCS_Report_Subscription_By_Customer\"}','O:30:\"ActionScheduler_SimpleSchedule\":2:{s:22:\"\0*\0scheduled_timestamp\";i:1664373869;s:41:\"\0ActionScheduler_SimpleSchedule\0timestamp\";i:1664373869;}',0,0,'2022-09-29 13:54:50','2022-09-29 15:54:50',0,NULL),(54620,'wc-admin_import_customers','pending','2022-09-28 17:38:58','2022-09-28 19:38:58','[417]','O:30:\"ActionScheduler_SimpleSchedule\":2:{s:22:\"\0*\0scheduled_timestamp\";i:1664386738;s:41:\"\0ActionScheduler_SimpleSchedule\0timestamp\";i:1664386738;}',2,0,'2022-09-29 13:54:50','2022-09-29 15:54:50',0,NULL),(54621,'woocommerce_update_marketplace_suggestions','pending','2022-09-29 05:37:41','2022-09-29 07:37:41','[]','O:30:\"ActionScheduler_SimpleSchedule\":2:{s:22:\"\0*\0scheduled_timestamp\";i:1664429861;s:41:\"\0ActionScheduler_SimpleSchedule\0timestamp\";i:1664429861;}',0,0,'2022-09-29 13:54:50','2022-09-29 15:54:50',0,NULL),(54622,'wc-admin_import_orders','pending','2022-09-29 13:54:56','2022-09-29 15:54:56','[70901]','O:30:\"ActionScheduler_SimpleSchedule\":2:{s:22:\"\0*\0scheduled_timestamp\";i:1664459696;s:41:\"\0ActionScheduler_SimpleSchedule\0timestamp\";i:1664459696;}',2,0,'0000-00-00 00:00:00','0000-00-00 00:00:00',0,NULL),(54623,'wc-admin_import_customers','pending','2022-09-29 13:54:56','2022-09-29 15:54:56','[837]','O:30:\"ActionScheduler_SimpleSchedule\":2:{s:22:\"\0*\0scheduled_timestamp\";i:1664459696;s:41:\"\0ActionScheduler_SimpleSchedule\0timestamp\";i:1664459696;}',2,0,'0000-00-00 00:00:00','0000-00-00 00:00:00',0,NULL),(54624,'woocommerce_scheduled_subscription_payment','canceled','2022-10-29 13:54:55','2022-10-29 15:54:55','{\"subscription_id\":66269}','O:30:\"ActionScheduler_SimpleSchedule\":2:{s:22:\"\0*\0scheduled_timestamp\";i:1667051695;s:41:\"\0ActionScheduler_SimpleSchedule\0timestamp\";i:1667051695;}',0,0,'0000-00-00 00:00:00','0000-00-00 00:00:00',0,NULL),(54625,'woocommerce_scheduled_subscription_payment','pending','2022-10-29 13:54:55','2022-10-29 15:54:55','{\"subscription_id\":66269}','O:30:\"ActionScheduler_SimpleSchedule\":2:{s:22:\"\0*\0scheduled_timestamp\";i:1667051695;s:41:\"\0ActionScheduler_SimpleSchedule\0timestamp\";i:1667051695;}',0,0,'0000-00-00 00:00:00','0000-00-00 00:00:00',0,NULL),(54626,'wcs_report_update_cache','pending','2022-09-29 13:59:56','2022-09-29 15:59:56','{\"report_class\":\"WCS_Report_Dashboard\"}','O:30:\"ActionScheduler_SimpleSchedule\":2:{s:22:\"\0*\0scheduled_timestamp\";i:1664459996;s:41:\"\0ActionScheduler_SimpleSchedule\0timestamp\";i:1664459996;}',0,0,'0000-00-00 00:00:00','0000-00-00 00:00:00',0,NULL),(54627,'wcs_report_update_cache','pending','2022-09-29 14:04:56','2022-09-29 16:04:56','{\"report_class\":\"WCS_Report_Subscription_Events_By_Date\"}','O:30:\"ActionScheduler_SimpleSchedule\":2:{s:22:\"\0*\0scheduled_timestamp\";i:1664460296;s:41:\"\0ActionScheduler_SimpleSchedule\0timestamp\";i:1664460296;}',0,0,'0000-00-00 00:00:00','0000-00-00 00:00:00',0,NULL),(54628,'wcs_report_update_cache','pending','2022-09-29 14:09:56','2022-09-29 16:09:56','{\"report_class\":\"WCS_Report_Subscription_By_Customer\"}','O:30:\"ActionScheduler_SimpleSchedule\":2:{s:22:\"\0*\0scheduled_timestamp\";i:1664460596;s:41:\"\0ActionScheduler_SimpleSchedule\0timestamp\";i:1664460596;}',0,0,'0000-00-00 00:00:00','0000-00-00 00:00:00',0,NULL),(54629,'wcs_report_update_cache','pending','2022-09-29 14:14:56','2022-09-29 16:14:56','{\"report_class\":\"WCS_Report_Subscription_By_Product\"}','O:30:\"ActionScheduler_SimpleSchedule\":2:{s:22:\"\0*\0scheduled_timestamp\";i:1664460896;s:41:\"\0ActionScheduler_SimpleSchedule\0timestamp\";i:1664460896;}',0,0,'0000-00-00 00:00:00','0000-00-00 00:00:00',0,NULL),(54630,'wcs_report_update_cache','pending','2022-09-29 14:19:56','2022-09-29 16:19:56','{\"report_class\":\"WCS_Report_Upcoming_Recurring_Revenue\"}','O:30:\"ActionScheduler_SimpleSchedule\":2:{s:22:\"\0*\0scheduled_timestamp\";i:1664461196;s:41:\"\0ActionScheduler_SimpleSchedule\0timestamp\";i:1664461196;}',0,0,'0000-00-00 00:00:00','0000-00-00 00:00:00',0,NULL),(54631,'action_scheduler/migration_hook','pending','2022-09-29 14:33:27','2022-09-29 16:33:27','[]','O:30:\"ActionScheduler_SimpleSchedule\":2:{s:22:\"\0*\0scheduled_timestamp\";i:1664462007;s:41:\"\0ActionScheduler_SimpleSchedule\0timestamp\";i:1664462007;}',1,0,'0000-00-00 00:00:00','0000-00-00 00:00:00',0,NULL),(54632,'wc-admin_import_customers','pending','2022-09-29 14:54:29','2022-09-29 16:54:29','[934]','O:30:\"ActionScheduler_SimpleSchedule\":2:{s:22:\"\0*\0scheduled_timestamp\";i:1664463269;s:41:\"\0ActionScheduler_SimpleSchedule\0timestamp\";i:1664463269;}',2,0,'0000-00-00 00:00:00','0000-00-00 00:00:00',0,NULL),(54633,'affwp_daily_scheduled_events','pending','2022-09-30 05:15:29','2022-09-30 07:15:29','[]','O:32:\"ActionScheduler_IntervalSchedule\":5:{s:22:\"\0*\0scheduled_timestamp\";i:1664514929;s:18:\"\0*\0first_timestamp\";i:1664514929;s:13:\"\0*\0recurrence\";i:86400;s:49:\"\0ActionScheduler_IntervalSchedule\0start_timestamp\";i:1664514929;s:53:\"\0ActionScheduler_IntervalSchedule\0interval_in_seconds\";i:86400;}',7,0,'0000-00-00 00:00:00','0000-00-00 00:00:00',0,NULL),(54634,'affwp_monthly_email_summaries','pending','2022-09-30 05:15:29','2022-09-30 07:15:29','[]','O:32:\"ActionScheduler_IntervalSchedule\":5:{s:22:\"\0*\0scheduled_timestamp\";i:1664514929;s:18:\"\0*\0first_timestamp\";i:1664514929;s:13:\"\0*\0recurrence\";i:2592000;s:49:\"\0ActionScheduler_IntervalSchedule\0start_timestamp\";i:1664514929;s:53:\"\0ActionScheduler_IntervalSchedule\0interval_in_seconds\";i:2592000;}',7,0,'0000-00-00 00:00:00','0000-00-00 00:00:00',0,NULL);
/*!40000 ALTER TABLE `f42_actionscheduler_actions` ENABLE KEYS */;
UNLOCK TABLES;

--
-- Table structure for table `f42_actionscheduler_claims`
--

DROP TABLE IF EXISTS `f42_actionscheduler_claims`;
/*!40101 SET @saved_cs_client     = @@character_set_client */;
/*!40101 SET character_set_client = utf8 */;
CREATE TABLE `f42_actionscheduler_claims` (
  `claim_id` bigint(20) unsigned NOT NULL AUTO_INCREMENT,
  `date_created_gmt` datetime NOT NULL DEFAULT '0000-00-00 00:00:00',
  PRIMARY KEY (`claim_id`),
  KEY `date_created_gmt` (`date_created_gmt`)
) ENGINE=InnoDB AUTO_INCREMENT=3 DEFAULT CHARSET=utf8mb4 COLLATE=utf8mb4_unicode_520_ci;
/*!40101 SET character_set_client = @saved_cs_client */;

--
-- Dumping data for table `f42_actionscheduler_claims`
--

LOCK TABLES `f42_actionscheduler_claims` WRITE;
/*!40000 ALTER TABLE `f42_actionscheduler_claims` DISABLE KEYS */;
/*!40000 ALTER TABLE `f42_actionscheduler_claims` ENABLE KEYS */;
UNLOCK TABLES;

--
-- Table structure for table `f42_actionscheduler_groups`
--

DROP TABLE IF EXISTS `f42_actionscheduler_groups`;
/*!40101 SET @saved_cs_client     = @@character_set_client */;
/*!40101 SET character_set_client = utf8 */;
CREATE TABLE `f42_actionscheduler_groups` (
  `group_id` bigint(20) unsigned NOT NULL AUTO_INCREMENT,
  `slug` varchar(255) COLLATE utf8mb4_unicode_520_ci NOT NULL,
  PRIMARY KEY (`group_id`),
  KEY `slug` (`slug`(191))
) ENGINE=InnoDB AUTO_INCREMENT=8 DEFAULT CHARSET=utf8mb4 COLLATE=utf8mb4_unicode_520_ci;
/*!40101 SET character_set_client = @saved_cs_client */;

--
-- Dumping data for table `f42_actionscheduler_groups`
--

LOCK TABLES `f42_actionscheduler_groups` WRITE;
/*!40000 ALTER TABLE `f42_actionscheduler_groups` DISABLE KEYS */;
INSERT INTO `f42_actionscheduler_groups` VALUES (1,'action-scheduler-migration'),(2,'wc-admin-data'),(3,'woocommerce-db-updates'),(4,'wc_update_product_lookup_tables'),(5,'wp_mail_smtp'),(6,'woocommerce-remote-inbox-engine'),(7,'affiliatewp');
/*!40000 ALTER TABLE `f42_actionscheduler_groups` ENABLE KEYS */;
UNLOCK TABLES;

--
-- Table structure for table `f42_actionscheduler_logs`
--

DROP TABLE IF EXISTS `f42_actionscheduler_logs`;
/*!40101 SET @saved_cs_client     = @@character_set_client */;
/*!40101 SET character_set_client = utf8 */;
CREATE TABLE `f42_actionscheduler_logs` (
  `log_id` bigint(20) unsigned NOT NULL AUTO_INCREMENT,
  `action_id` bigint(20) unsigned NOT NULL,
  `message` text COLLATE utf8mb4_unicode_520_ci NOT NULL,
  `log_date_gmt` datetime DEFAULT '0000-00-00 00:00:00',
  `log_date_local` datetime DEFAULT '0000-00-00 00:00:00',
  PRIMARY KEY (`log_id`),
  KEY `action_id` (`action_id`),
  KEY `log_date_gmt` (`log_date_gmt`)
) ENGINE=InnoDB AUTO_INCREMENT=26839 DEFAULT CHARSET=utf8mb4 COLLATE=utf8mb4_unicode_520_ci;
/*!40101 SET character_set_client = @saved_cs_client */;

--
-- Dumping data for table `f42_actionscheduler_logs`
--

LOCK TABLES `f42_actionscheduler_logs` WRITE;
/*!40000 ALTER TABLE `f42_actionscheduler_logs` DISABLE KEYS */;
INSERT INTO `f42_actionscheduler_logs` VALUES (21049,52608,'action created','2021-11-22 11:01:32','2021-11-22 12:01:32'),(21322,52701,'action created','2021-12-02 12:04:21','2021-12-02 13:04:21'),(21977,52930,'action created','2021-12-20 12:23:04','2021-12-20 13:23:04'),(26335,54442,'action created','2022-07-18 17:56:42','2022-07-18 19:56:42'),(26351,54451,'action created','2022-07-18 18:04:43','2022-07-18 20:04:43'),(26375,54460,'action created','2022-07-18 18:12:12','2022-07-18 20:12:12'),(26433,54477,'action created','2022-07-21 13:24:21','2022-07-21 15:24:21'),(26434,54477,'action started via WP Cron','2022-07-21 13:25:37','2022-07-21 15:25:37'),(26435,54477,'action complete via WP Cron','2022-07-21 13:25:38','2022-07-21 15:25:38'),(26438,54478,'action created','2022-07-22 10:28:56','2022-07-22 12:28:56'),(26441,54479,'action created','2022-07-22 10:40:55','2022-07-22 12:40:55'),(26442,54480,'action created','2022-07-22 10:58:45','2022-07-22 12:58:45'),(26443,54480,'action started via WP Cron','2022-07-22 10:58:45','2022-07-22 12:58:45'),(26444,54480,'action complete via WP Cron','2022-07-22 10:58:45','2022-07-22 12:58:45'),(26445,54478,'action started via WP Cron','2022-07-23 10:29:06','2022-07-23 12:29:06'),(26446,54478,'action complete via WP Cron','2022-07-23 10:29:06','2022-07-23 12:29:06'),(26447,54481,'action created','2022-07-23 10:29:06','2022-07-23 12:29:06'),(26448,54479,'action started via WP Cron','2022-07-23 10:41:13','2022-07-23 12:41:13'),(26449,54479,'action complete via WP Cron','2022-07-23 10:41:13','2022-07-23 12:41:13'),(26450,54482,'action created','2022-07-23 10:41:13','2022-07-23 12:41:13'),(26451,54483,'action created','2022-07-23 10:57:31','2022-07-23 12:57:31'),(26452,54483,'action started via Async Request','2022-07-23 10:57:32','2022-07-23 12:57:32'),(26453,54483,'action complete via Async Request','2022-07-23 10:57:32','2022-07-23 12:57:32'),(26454,54481,'action started via WP Cron','2022-07-24 10:30:16','2022-07-24 12:30:16'),(26455,54481,'action complete via WP Cron','2022-07-24 10:30:16','2022-07-24 12:30:16'),(26456,54484,'action created','2022-07-24 10:30:16','2022-07-24 12:30:16'),(26457,54482,'action started via WP Cron','2022-07-24 10:41:28','2022-07-24 12:41:28'),(26458,54482,'action complete via WP Cron','2022-07-24 10:41:28','2022-07-24 12:41:28'),(26459,54485,'action created','2022-07-24 10:41:28','2022-07-24 12:41:28'),(26460,54486,'action created','2022-07-24 10:57:34','2022-07-24 12:57:34'),(26461,54486,'action started via Async Request','2022-07-24 10:57:35','2022-07-24 12:57:35'),(26462,54486,'action complete via Async Request','2022-07-24 10:57:35','2022-07-24 12:57:35'),(26463,54484,'action started via WP Cron','2022-07-25 10:35:17','2022-07-25 12:35:17'),(26464,54484,'action complete via WP Cron','2022-07-25 10:35:17','2022-07-25 12:35:17'),(26465,54487,'action created','2022-07-25 10:35:17','2022-07-25 12:35:17'),(26466,54485,'action started via WP Cron','2022-07-25 10:44:32','2022-07-25 12:44:32'),(26467,54485,'action complete via WP Cron','2022-07-25 10:44:32','2022-07-25 12:44:32'),(26468,54488,'action created','2022-07-25 10:44:32','2022-07-25 12:44:32'),(26469,54489,'action created','2022-07-25 10:57:23','2022-07-25 12:57:23'),(26470,54489,'action started via Async Request','2022-07-25 10:57:25','2022-07-25 12:57:25'),(26471,54489,'action complete via Async Request','2022-07-25 10:57:25','2022-07-25 12:57:25'),(26472,54487,'action started via WP Cron','2022-07-26 10:36:22','2022-07-26 12:36:22'),(26473,54487,'action complete via WP Cron','2022-07-26 10:36:22','2022-07-26 12:36:22'),(26474,54490,'action created','2022-07-26 10:36:22','2022-07-26 12:36:22'),(26475,54488,'action started via WP Cron','2022-07-26 10:46:51','2022-07-26 12:46:51'),(26476,54488,'action complete via WP Cron','2022-07-26 10:46:51','2022-07-26 12:46:51'),(26477,54491,'action created','2022-07-26 10:46:51','2022-07-26 12:46:51'),(26478,54492,'action created','2022-07-26 10:57:31','2022-07-26 12:57:31'),(26479,54492,'action started via Async Request','2022-07-26 10:57:34','2022-07-26 12:57:34'),(26480,54492,'action complete via Async Request','2022-07-26 10:57:34','2022-07-26 12:57:34'),(26481,54490,'action started via WP Cron','2022-07-27 10:36:57','2022-07-27 12:36:57'),(26482,54490,'action complete via WP Cron','2022-07-27 10:36:57','2022-07-27 12:36:57'),(26483,54493,'action created','2022-07-27 10:36:57','2022-07-27 12:36:57'),(26484,54491,'action started via WP Cron','2022-07-27 10:48:39','2022-07-27 12:48:39'),(26485,54491,'action complete via WP Cron','2022-07-27 10:48:39','2022-07-27 12:48:39'),(26486,54494,'action created','2022-07-27 10:48:39','2022-07-27 12:48:39'),(26487,54495,'action created','2022-07-27 11:00:22','2022-07-27 13:00:22'),(26488,54495,'action started via Async Request','2022-07-27 11:00:24','2022-07-27 13:00:24'),(26489,54495,'action complete via Async Request','2022-07-27 11:00:24','2022-07-27 13:00:24'),(26490,54496,'action created','2022-07-28 05:39:03','2022-07-28 07:39:03'),(26491,54496,'action started via Async Request','2022-07-28 05:39:20','2022-07-28 07:39:20'),(26492,54496,'action complete via Async Request','2022-07-28 05:39:20','2022-07-28 07:39:20'),(26493,54493,'action started via WP Cron','2022-07-28 10:39:34','2022-07-28 12:39:34'),(26494,54493,'action complete via WP Cron','2022-07-28 10:39:34','2022-07-28 12:39:34'),(26495,54497,'action created','2022-07-28 10:39:34','2022-07-28 12:39:34'),(26496,54494,'action started via WP Cron','2022-07-28 10:49:43','2022-07-28 12:49:43'),(26497,54494,'action complete via WP Cron','2022-07-28 10:49:43','2022-07-28 12:49:43'),(26498,54498,'action created','2022-07-28 10:49:43','2022-07-28 12:49:43'),(26499,54499,'action created','2022-07-28 11:01:23','2022-07-28 13:01:23'),(26500,54499,'action started via Async Request','2022-07-28 11:01:24','2022-07-28 13:01:24'),(26501,54499,'action complete via Async Request','2022-07-28 11:01:24','2022-07-28 13:01:24'),(26502,54497,'action started via WP Cron','2022-07-29 10:40:46','2022-07-29 12:40:46'),(26503,54497,'action complete via WP Cron','2022-07-29 10:40:46','2022-07-29 12:40:46'),(26504,54500,'action created','2022-07-29 10:40:46','2022-07-29 12:40:46'),(26505,54498,'action started via WP Cron','2022-07-29 10:50:08','2022-07-29 12:50:08'),(26506,54498,'action complete via WP Cron','2022-07-29 10:50:08','2022-07-29 12:50:08'),(26507,54501,'action created','2022-07-29 10:50:08','2022-07-29 12:50:08'),(26508,54502,'action created','2022-07-29 10:57:46','2022-07-29 12:57:46'),(26509,54502,'action started via Async Request','2022-07-29 10:57:48','2022-07-29 12:57:48'),(26510,54502,'action complete via Async Request','2022-07-29 10:57:48','2022-07-29 12:57:48'),(26511,54500,'action started via WP Cron','2022-07-30 10:41:52','2022-07-30 12:41:52'),(26512,54500,'action complete via WP Cron','2022-07-30 10:41:52','2022-07-30 12:41:52'),(26513,54503,'action created','2022-07-30 10:41:52','2022-07-30 12:41:52'),(26514,54501,'action started via WP Cron','2022-07-30 10:53:25','2022-07-30 12:53:25'),(26515,54501,'action complete via WP Cron','2022-07-30 10:53:25','2022-07-30 12:53:25'),(26516,54504,'action created','2022-07-30 10:53:25','2022-07-30 12:53:25'),(26517,54505,'action created','2022-07-30 10:59:08','2022-07-30 12:59:08'),(26518,54505,'action started via WP Cron','2022-07-30 10:59:08','2022-07-30 12:59:08'),(26519,54505,'action complete via WP Cron','2022-07-30 10:59:08','2022-07-30 12:59:08'),(26520,54503,'action started via WP Cron','2022-07-31 10:42:38','2022-07-31 12:42:38'),(26521,54503,'action complete via WP Cron','2022-07-31 10:42:38','2022-07-31 12:42:38'),(26522,54506,'action created','2022-07-31 10:42:38','2022-07-31 12:42:38'),(26523,54504,'action started via WP Cron','2022-07-31 10:55:22','2022-07-31 12:55:22'),(26524,54504,'action complete via WP Cron','2022-07-31 10:55:23','2022-07-31 12:55:23'),(26525,54507,'action created','2022-07-31 10:55:23','2022-07-31 12:55:23'),(26526,54508,'action created','2022-07-31 10:58:14','2022-07-31 12:58:14'),(26527,54508,'action started via WP Cron','2022-07-31 10:58:14','2022-07-31 12:58:14'),(26528,54508,'action complete via WP Cron','2022-07-31 10:58:14','2022-07-31 12:58:14'),(26529,54509,'action created','2022-08-01 06:23:41','2022-08-01 08:23:41'),(26530,54509,'action started via Async Request','2022-08-01 06:24:07','2022-08-01 08:24:07'),(26531,54509,'action complete via Async Request','2022-08-01 06:24:07','2022-08-01 08:24:07'),(26532,54506,'action started via WP Cron','2022-08-01 10:54:03','2022-08-01 12:54:03'),(26533,54506,'action complete via WP Cron','2022-08-01 10:54:03','2022-08-01 12:54:03'),(26534,54510,'action created','2022-08-01 10:54:03','2022-08-01 12:54:03'),(26535,54507,'action started via WP Cron','2022-08-01 10:56:29','2022-08-01 12:56:29'),(26536,54507,'action complete via WP Cron','2022-08-01 10:56:29','2022-08-01 12:56:29'),(26537,54511,'action created','2022-08-01 10:56:29','2022-08-01 12:56:29'),(26538,54512,'action created','2022-08-01 11:02:44','2022-08-01 13:02:44'),(26539,54512,'action started via WP Cron','2022-08-01 11:02:44','2022-08-01 13:02:44'),(26540,54512,'action complete via WP Cron','2022-08-01 11:02:44','2022-08-01 13:02:44'),(26541,54510,'action started via WP Cron','2022-08-02 10:54:51','2022-08-02 12:54:51'),(26542,54510,'action complete via WP Cron','2022-08-02 10:54:51','2022-08-02 12:54:51'),(26543,54513,'action created','2022-08-02 10:54:51','2022-08-02 12:54:51'),(26544,54511,'action started via WP Cron','2022-08-02 10:57:14','2022-08-02 12:57:14'),(26545,54511,'action complete via WP Cron','2022-08-02 10:57:15','2022-08-02 12:57:15'),(26546,54514,'action created','2022-08-02 10:57:15','2022-08-02 12:57:15'),(26547,54515,'action created','2022-08-02 10:58:01','2022-08-02 12:58:01'),(26548,54515,'action started via Async Request','2022-08-02 10:58:03','2022-08-02 12:58:03'),(26549,54515,'action complete via Async Request','2022-08-02 10:58:03','2022-08-02 12:58:03'),(26550,54513,'action started via WP Cron','2022-08-03 10:55:59','2022-08-03 12:55:59'),(26551,54513,'action complete via WP Cron','2022-08-03 10:55:59','2022-08-03 12:55:59'),(26552,54516,'action created','2022-08-03 10:55:59','2022-08-03 12:55:59'),(26553,54514,'action started via WP Cron','2022-08-03 10:57:17','2022-08-03 12:57:17'),(26554,54514,'action complete via WP Cron','2022-08-03 10:57:18','2022-08-03 12:57:18'),(26555,54517,'action created','2022-08-03 10:57:18','2022-08-03 12:57:18'),(26556,54518,'action created','2022-08-03 10:57:33','2022-08-03 12:57:33'),(26557,54518,'action started via Async Request','2022-08-03 10:57:34','2022-08-03 12:57:34'),(26558,54518,'action complete via Async Request','2022-08-03 10:57:34','2022-08-03 12:57:34'),(26559,54516,'action started via WP Cron','2022-08-04 10:56:17','2022-08-04 12:56:17'),(26560,54516,'action complete via WP Cron','2022-08-04 10:56:17','2022-08-04 12:56:17'),(26561,54519,'action created','2022-08-04 10:56:17','2022-08-04 12:56:17'),(26562,54517,'action started via WP Cron','2022-08-04 10:57:23','2022-08-04 12:57:23'),(26563,54517,'action complete via WP Cron','2022-08-04 10:57:23','2022-08-04 12:57:23'),(26564,54520,'action created','2022-08-04 10:57:23','2022-08-04 12:57:23'),(26565,54521,'action created','2022-08-04 10:57:24','2022-08-04 12:57:24'),(26566,54521,'action started via Async Request','2022-08-04 10:57:25','2022-08-04 12:57:25'),(26567,54521,'action complete via Async Request','2022-08-04 10:57:25','2022-08-04 12:57:25'),(26568,54519,'action started via WP Cron','2022-08-05 10:57:24','2022-08-05 12:57:24'),(26569,54519,'action complete via WP Cron','2022-08-05 10:57:24','2022-08-05 12:57:24'),(26570,54522,'action created','2022-08-05 10:57:24','2022-08-05 12:57:24'),(26571,54520,'action started via WP Cron','2022-08-05 10:57:24','2022-08-05 12:57:24'),(26572,54520,'action complete via WP Cron','2022-08-05 10:57:24','2022-08-05 12:57:24'),(26573,54523,'action created','2022-08-05 10:57:24','2022-08-05 12:57:24'),(26574,54524,'action created','2022-08-05 10:57:25','2022-08-05 12:57:25'),(26575,54524,'action started via Async Request','2022-08-05 10:57:28','2022-08-05 12:57:28'),(26576,54524,'action complete via Async Request','2022-08-05 10:57:28','2022-08-05 12:57:28'),(26578,54525,'action created','2022-08-05 17:08:38','2022-08-05 19:08:38'),(26579,54526,'action created','2022-08-05 17:08:38','2022-08-05 19:08:38'),(26582,54528,'action created','2022-08-05 17:08:45','2022-08-05 19:08:45'),(26584,54529,'action created','2022-08-05 17:08:45','2022-08-05 19:08:45'),(26585,54530,'action created','2022-08-05 17:08:45','2022-08-05 19:08:45'),(26586,54531,'action created','2022-08-05 17:08:45','2022-08-05 19:08:45'),(26587,54532,'action created','2022-08-05 17:08:45','2022-08-05 19:08:45'),(26588,54533,'action created','2022-08-05 17:08:45','2022-08-05 19:08:45'),(26589,54525,'action started via WP Cron','2022-08-05 17:09:24','2022-08-05 19:09:24'),(26590,54525,'action complete via WP Cron','2022-08-05 17:09:24','2022-08-05 19:09:24'),(26591,54526,'action started via WP Cron','2022-08-05 17:09:24','2022-08-05 19:09:24'),(26592,54526,'action complete via WP Cron','2022-08-05 17:09:24','2022-08-05 19:09:24'),(26593,54529,'action started via WP Cron','2022-08-05 17:17:21','2022-08-05 19:17:21'),(26594,54529,'action complete via WP Cron','2022-08-05 17:17:21','2022-08-05 19:17:21'),(26595,54530,'action started via WP Cron','2022-08-05 17:19:16','2022-08-05 19:19:16'),(26596,54530,'action complete via WP Cron','2022-08-05 17:19:16','2022-08-05 19:19:16'),(26597,54531,'action started via WP Cron','2022-08-05 17:23:57','2022-08-05 19:23:57'),(26598,54531,'action complete via WP Cron','2022-08-05 17:23:57','2022-08-05 19:23:57'),(26599,54532,'action started via WP Cron','2022-08-05 17:29:51','2022-08-05 19:29:51'),(26600,54532,'action complete via WP Cron','2022-08-05 17:29:51','2022-08-05 19:29:51'),(26601,54533,'action started via WP Cron','2022-08-05 17:34:17','2022-08-05 19:34:17'),(26602,54533,'action complete via WP Cron','2022-08-05 17:34:17','2022-08-05 19:34:17'),(26603,54522,'action started via WP Cron','2022-08-06 10:57:26','2022-08-06 12:57:26'),(26604,54522,'action complete via WP Cron','2022-08-06 10:57:26','2022-08-06 12:57:26'),(26605,54534,'action created','2022-08-06 10:57:26','2022-08-06 12:57:26'),(26606,54523,'action started via WP Cron','2022-08-06 10:57:26','2022-08-06 12:57:26'),(26607,54523,'action complete via WP Cron','2022-08-06 10:57:27','2022-08-06 12:57:27'),(26608,54535,'action created','2022-08-06 10:57:27','2022-08-06 12:57:27'),(26609,54536,'action created','2022-08-06 10:57:28','2022-08-06 12:57:28'),(26610,54536,'action started via Async Request','2022-08-06 10:57:30','2022-08-06 12:57:30'),(26611,54536,'action complete via Async Request','2022-08-06 10:57:30','2022-08-06 12:57:30'),(26613,54537,'action created','2022-08-07 06:09:47','2022-08-07 08:09:47'),(26614,54538,'action created','2022-08-07 06:09:47','2022-08-07 08:09:47'),(26617,54540,'action created','2022-08-07 06:09:53','2022-08-07 08:09:53'),(26619,54541,'action created','2022-08-07 06:09:54','2022-08-07 08:09:54'),(26620,54542,'action created','2022-08-07 06:09:54','2022-08-07 08:09:54'),(26621,54543,'action created','2022-08-07 06:09:54','2022-08-07 08:09:54'),(26624,54537,'action started via WP Cron','2022-08-07 06:15:33','2022-08-07 08:15:33'),(26625,54537,'action complete via WP Cron','2022-08-07 06:15:33','2022-08-07 08:15:33'),(26626,54538,'action started via WP Cron','2022-08-07 06:15:33','2022-08-07 08:15:33'),(26627,54538,'action complete via WP Cron','2022-08-07 06:15:33','2022-08-07 08:15:33'),(26628,54541,'action started via WP Cron','2022-08-07 06:15:33','2022-08-07 08:15:33'),(26629,54541,'action complete via WP Cron','2022-08-07 06:15:33','2022-08-07 08:15:33'),(26631,54546,'action created','2022-08-07 06:26:41','2022-08-07 08:26:41'),(26632,54547,'action created','2022-08-07 06:26:41','2022-08-07 08:26:41'),(26635,54549,'action created','2022-08-07 06:26:47','2022-08-07 08:26:47'),(26637,54542,'action started via WP Cron','2022-08-07 06:26:47','2022-08-07 08:26:47'),(26638,54542,'action complete via WP Cron','2022-08-07 06:26:47','2022-08-07 08:26:47'),(26639,54543,'action started via WP Cron','2022-08-07 06:26:47','2022-08-07 08:26:47'),(26640,54543,'action complete via WP Cron','2022-08-07 06:26:47','2022-08-07 08:26:47'),(26641,54546,'action started via WP Cron','2022-08-07 06:26:47','2022-08-07 08:26:47'),(26642,54546,'action complete via WP Cron','2022-08-07 06:26:47','2022-08-07 08:26:47'),(26643,54547,'action started via WP Cron','2022-08-07 06:26:47','2022-08-07 08:26:47'),(26644,54547,'action complete via WP Cron','2022-08-07 06:26:47','2022-08-07 08:26:47'),(26645,54550,'action created','2022-08-07 06:26:50','2022-08-07 08:26:50'),(26646,54551,'action created','2022-08-07 06:26:50','2022-08-07 08:26:50'),(26647,54552,'action created','2022-08-07 06:26:50','2022-08-07 08:26:50'),(26649,54553,'action created','2022-08-07 06:26:50','2022-08-07 08:26:50'),(26651,54554,'action created','2022-08-07 06:26:50','2022-08-07 08:26:50'),(26652,54550,'action started via WP Cron','2022-08-07 06:33:00','2022-08-07 08:33:00'),(26653,54550,'action complete via WP Cron','2022-08-07 06:33:00','2022-08-07 08:33:00'),(26654,54551,'action started via WP Cron','2022-08-07 06:38:08','2022-08-07 08:38:08'),(26655,54551,'action complete via WP Cron','2022-08-07 06:38:09','2022-08-07 08:38:09'),(26656,54552,'action started via WP Cron','2022-08-07 06:46:27','2022-08-07 08:46:27'),(26657,54552,'action complete via WP Cron','2022-08-07 06:46:27','2022-08-07 08:46:27'),(26658,54553,'action started via WP Cron','2022-08-07 06:48:15','2022-08-07 08:48:15'),(26659,54553,'action complete via WP Cron','2022-08-07 06:48:15','2022-08-07 08:48:15'),(26660,54554,'action started via WP Cron','2022-08-07 06:53:02','2022-08-07 08:53:02'),(26661,54554,'action complete via WP Cron','2022-08-07 06:53:02','2022-08-07 08:53:02'),(26662,54534,'action started via WP Cron','2022-08-07 10:57:29','2022-08-07 12:57:29'),(26663,54534,'action complete via WP Cron','2022-08-07 10:57:29','2022-08-07 12:57:29'),(26664,54555,'action created','2022-08-07 10:57:29','2022-08-07 12:57:29'),(26665,54535,'action started via WP Cron','2022-08-07 10:57:29','2022-08-07 12:57:29'),(26666,54535,'action complete via WP Cron','2022-08-07 10:57:29','2022-08-07 12:57:29'),(26667,54556,'action created','2022-08-07 10:57:29','2022-08-07 12:57:29'),(26668,54557,'action created','2022-08-07 10:57:30','2022-08-07 12:57:30'),(26669,54557,'action started via Async Request','2022-08-07 10:57:33','2022-08-07 12:57:33'),(26670,54557,'action complete via Async Request','2022-08-07 10:57:33','2022-08-07 12:57:33'),(26671,54555,'action started via WP Cron','2022-08-08 10:57:33','2022-08-08 12:57:33'),(26672,54555,'action complete via WP Cron','2022-08-08 10:57:33','2022-08-08 12:57:33'),(26673,54558,'action created','2022-08-08 10:57:33','2022-08-08 12:57:33'),(26674,54556,'action started via WP Cron','2022-08-08 10:57:33','2022-08-08 12:57:33'),(26675,54556,'action complete via WP Cron','2022-08-08 10:57:33','2022-08-08 12:57:33'),(26676,54559,'action created','2022-08-08 10:57:33','2022-08-08 12:57:33'),(26677,54560,'action created','2022-08-08 10:57:35','2022-08-08 12:57:35'),(26678,54560,'action started via Async Request','2022-08-08 10:57:36','2022-08-08 12:57:36'),(26679,54560,'action complete via Async Request','2022-08-08 10:57:36','2022-08-08 12:57:36'),(26680,54558,'action started via WP Cron','2022-08-09 10:57:37','2022-08-09 12:57:37'),(26681,54558,'action complete via WP Cron','2022-08-09 10:57:37','2022-08-09 12:57:37'),(26682,54561,'action created','2022-08-09 10:57:37','2022-08-09 12:57:37'),(26683,54559,'action started via WP Cron','2022-08-09 10:57:37','2022-08-09 12:57:37'),(26684,54559,'action complete via WP Cron','2022-08-09 10:57:37','2022-08-09 12:57:37'),(26685,54562,'action created','2022-08-09 10:57:37','2022-08-09 12:57:37'),(26686,54563,'action created','2022-08-09 10:57:38','2022-08-09 12:57:38'),(26687,54563,'action started via Async Request','2022-08-09 10:57:41','2022-08-09 12:57:41'),(26688,54563,'action complete via Async Request','2022-08-09 10:57:41','2022-08-09 12:57:41'),(26689,54564,'action created','2022-08-09 13:15:27','2022-08-09 15:15:27'),(26690,54564,'action started via Async Request','2022-08-09 13:15:45','2022-08-09 15:15:45'),(26691,54564,'action complete via Async Request','2022-08-09 13:15:45','2022-08-09 15:15:45'),(26692,54561,'action started via WP Cron','2022-08-10 10:57:38','2022-08-10 12:57:38'),(26693,54561,'action complete via WP Cron','2022-08-10 10:57:38','2022-08-10 12:57:38'),(26694,54565,'action created','2022-08-10 10:57:38','2022-08-10 12:57:38'),(26695,54562,'action started via WP Cron','2022-08-10 10:57:38','2022-08-10 12:57:38'),(26696,54562,'action complete via WP Cron','2022-08-10 10:57:38','2022-08-10 12:57:38'),(26697,54566,'action created','2022-08-10 10:57:38','2022-08-10 12:57:38'),(26698,54567,'action created','2022-08-10 10:57:40','2022-08-10 12:57:40'),(26699,54567,'action started via Async Request','2022-08-10 10:57:41','2022-08-10 12:57:41'),(26700,54567,'action complete via Async Request','2022-08-10 10:57:41','2022-08-10 12:57:41'),(26701,54568,'action created','2022-08-11 10:08:32','2022-08-11 12:08:32'),(26702,54568,'action started via WP Cron','2022-08-11 10:09:24','2022-08-11 12:09:24'),(26703,54568,'action complete via WP Cron','2022-08-11 10:09:24','2022-08-11 12:09:24'),(26704,54569,'action created','2022-08-11 10:57:24','2022-08-11 12:57:24'),(26705,54569,'action started via WP Cron','2022-08-11 10:59:23','2022-08-11 12:59:23'),(26706,54569,'action complete via WP Cron','2022-08-11 10:59:23','2022-08-11 12:59:23'),(26707,54565,'action started via WP Cron','2022-08-11 10:59:23','2022-08-11 12:59:23'),(26708,54565,'action complete via WP Cron','2022-08-11 10:59:23','2022-08-11 12:59:23'),(26709,54570,'action created','2022-08-11 10:59:23','2022-08-11 12:59:23'),(26710,54566,'action started via WP Cron','2022-08-11 10:59:23','2022-08-11 12:59:23'),(26711,54566,'action complete via WP Cron','2022-08-11 10:59:23','2022-08-11 12:59:23'),(26712,54571,'action created','2022-08-11 10:59:23','2022-08-11 12:59:23'),(26713,54572,'action created','2022-08-12 10:57:38','2022-08-12 12:57:38'),(26714,54572,'action started via Async Request','2022-08-12 10:57:43','2022-08-12 12:57:43'),(26715,54572,'action complete via Async Request','2022-08-12 10:57:43','2022-08-12 12:57:43'),(26716,54570,'action started via WP Cron','2022-08-12 10:59:40','2022-08-12 12:59:40'),(26717,54570,'action complete via WP Cron','2022-08-12 10:59:40','2022-08-12 12:59:40'),(26718,54573,'action created','2022-08-12 10:59:40','2022-08-12 12:59:40'),(26719,54571,'action started via WP Cron','2022-08-12 10:59:40','2022-08-12 12:59:40'),(26720,54571,'action complete via WP Cron','2022-08-12 10:59:40','2022-08-12 12:59:40'),(26721,54574,'action created','2022-08-12 10:59:40','2022-08-12 12:59:40'),(26722,54575,'action created','2022-08-13 10:57:43','2022-08-13 12:57:43'),(26723,54575,'action started via Async Request','2022-08-13 10:57:45','2022-08-13 12:57:45'),(26724,54575,'action complete via Async Request','2022-08-13 10:57:45','2022-08-13 12:57:45'),(26725,54573,'action started via WP Cron','2022-08-13 11:00:22','2022-08-13 13:00:22'),(26726,54573,'action complete via WP Cron','2022-08-13 11:00:22','2022-08-13 13:00:22'),(26727,54576,'action created','2022-08-13 11:00:22','2022-08-13 13:00:22'),(26728,54574,'action started via WP Cron','2022-08-13 11:00:22','2022-08-13 13:00:22'),(26729,54574,'action complete via WP Cron','2022-08-13 11:00:22','2022-08-13 13:00:22'),(26730,54577,'action created','2022-08-13 11:00:22','2022-08-13 13:00:22'),(26731,54578,'action created','2022-08-14 10:57:26','2022-08-14 12:57:26'),(26732,54578,'action started via Async Request','2022-08-14 10:57:29','2022-08-14 12:57:29'),(26733,54578,'action complete via Async Request','2022-08-14 10:57:29','2022-08-14 12:57:29'),(26734,54576,'action started via WP Cron','2022-08-14 11:00:24','2022-08-14 13:00:24'),(26735,54576,'action complete via WP Cron','2022-08-14 11:00:24','2022-08-14 13:00:24'),(26736,54579,'action created','2022-08-14 11:00:24','2022-08-14 13:00:24'),(26737,54577,'action started via WP Cron','2022-08-14 11:00:24','2022-08-14 13:00:24'),(26738,54577,'action complete via WP Cron','2022-08-14 11:00:24','2022-08-14 13:00:24'),(26739,54580,'action created','2022-08-14 11:00:24','2022-08-14 13:00:24'),(26740,54581,'action created','2022-08-15 10:57:43','2022-08-15 12:57:43'),(26741,54581,'action started via Async Request','2022-08-15 10:57:44','2022-08-15 12:57:44'),(26742,54581,'action complete via Async Request','2022-08-15 10:57:44','2022-08-15 12:57:44'),(26743,54579,'action started via WP Cron','2022-08-15 11:00:27','2022-08-15 13:00:27'),(26744,54579,'action complete via WP Cron','2022-08-15 11:00:27','2022-08-15 13:00:27'),(26745,54582,'action created','2022-08-15 11:00:27','2022-08-15 13:00:27'),(26746,54580,'action started via WP Cron','2022-08-15 11:00:27','2022-08-15 13:00:27'),(26747,54580,'action complete via WP Cron','2022-08-15 11:00:27','2022-08-15 13:00:27'),(26748,54583,'action created','2022-08-15 11:00:27','2022-08-15 13:00:27'),(26749,54584,'action created','2022-08-16 10:58:30','2022-08-16 12:58:30'),(26750,54584,'action started via WP Cron','2022-08-16 10:58:30','2022-08-16 12:58:30'),(26751,54584,'action complete via WP Cron','2022-08-16 10:58:30','2022-08-16 12:58:30'),(26752,54582,'action started via Async Request','2022-08-16 11:00:31','2022-08-16 13:00:31'),(26753,54582,'action complete via Async Request','2022-08-16 11:00:31','2022-08-16 13:00:31'),(26754,54585,'action created','2022-08-16 11:00:31','2022-08-16 13:00:31'),(26755,54583,'action started via Async Request','2022-08-16 11:00:31','2022-08-16 13:00:31'),(26756,54583,'action complete via Async Request','2022-08-16 11:00:31','2022-08-16 13:00:31'),(26757,54586,'action created','2022-08-16 11:00:31','2022-08-16 13:00:31'),(26758,54587,'action created','2022-08-17 05:38:18','2022-08-17 07:38:18'),(26759,54587,'action started via Async Request','2022-08-17 05:38:36','2022-08-17 07:38:36'),(26760,54587,'action complete via Async Request','2022-08-17 05:38:36','2022-08-17 07:38:36'),(26761,54588,'action created','2022-09-28 12:00:59','2022-09-28 14:00:59'),(26762,54589,'action created','2022-09-28 12:44:10','2022-09-28 14:44:10'),(26763,54585,'action started via WP Cron','2022-09-28 12:54:46','2022-09-28 14:54:46'),(26764,54585,'action complete via WP Cron','2022-09-28 12:54:46','2022-09-28 14:54:46'),(26765,54590,'action created','2022-09-28 12:54:46','2022-09-28 14:54:46'),(26766,54586,'action started via WP Cron','2022-09-28 12:54:46','2022-09-28 14:54:46'),(26767,54586,'action complete via WP Cron','2022-09-28 12:54:46','2022-09-28 14:54:46'),(26768,54591,'action created','2022-09-28 12:54:46','2022-09-28 14:54:46'),(26769,54442,'action started via WP Cron','2022-09-28 12:54:46','2022-09-28 14:54:46'),(26770,54592,'action created','2022-09-28 12:54:47','2022-09-28 14:54:47'),(26771,54593,'action created','2022-09-28 12:54:47','2022-09-28 14:54:47'),(26774,54595,'action created','2022-09-28 12:54:54','2022-09-28 14:54:54'),(26775,54442,'action complete via WP Cron','2022-09-28 12:54:54','2022-09-28 14:54:54'),(26776,54451,'action started via WP Cron','2022-09-28 12:54:54','2022-09-28 14:54:54'),(26777,54596,'action created','2022-09-28 12:54:54','2022-09-28 14:54:54'),(26778,54597,'action created','2022-09-28 12:54:54','2022-09-28 14:54:54'),(26782,54451,'action complete via WP Cron','2022-09-28 12:54:59','2022-09-28 14:54:59'),(26783,54460,'action started via WP Cron','2022-09-28 12:54:59','2022-09-28 14:54:59'),(26784,54600,'action created','2022-09-28 12:55:00','2022-09-28 14:55:00'),(26785,54601,'action created','2022-09-28 12:55:00','2022-09-28 14:55:00'),(26789,54460,'action complete via WP Cron','2022-09-28 12:55:05','2022-09-28 14:55:05'),(26793,54607,'action created','2022-09-28 12:56:44','2022-09-28 14:56:44'),(26794,54608,'action created','2022-09-28 12:56:44','2022-09-28 14:56:44'),(26798,54610,'action created','2022-09-28 12:57:13','2022-09-28 14:57:13'),(26805,54614,'action created','2022-09-28 13:09:28','2022-09-28 15:09:28'),(26809,54616,'action created','2022-09-28 13:49:29','2022-09-28 15:49:29'),(26811,54617,'action created','2022-09-28 13:49:29','2022-09-28 15:49:29'),(26813,54618,'action created','2022-09-28 13:49:29','2022-09-28 15:49:29'),(26815,54619,'action created','2022-09-28 13:49:29','2022-09-28 15:49:29'),(26816,54620,'action created','2022-09-28 17:38:53','2022-09-28 19:38:53'),(26817,54621,'action created','2022-09-29 05:37:41','2022-09-29 07:37:41'),(26818,54528,'action started via WP Cron','2022-09-29 13:54:50','2022-09-29 15:54:50'),(26819,54622,'action created','2022-09-29 13:54:51','2022-09-29 15:54:51'),(26820,54623,'action created','2022-09-29 13:54:51','2022-09-29 15:54:51'),(26821,54624,'action created','2022-09-29 13:54:55','2022-09-29 15:54:55'),(26822,54624,'action canceled','2022-09-29 13:54:56','2022-09-29 15:54:56'),(26823,54625,'action created','2022-09-29 13:54:56','2022-09-29 15:54:56'),(26824,54528,'action complete via WP Cron','2022-09-29 13:54:56','2022-09-29 15:54:56'),(26825,54617,'action canceled','2022-09-29 13:54:56','2022-09-29 15:54:56'),(26826,54626,'action created','2022-09-29 13:54:56','2022-09-29 15:54:56'),(26827,54618,'action canceled','2022-09-29 13:54:56','2022-09-29 15:54:56'),(26828,54627,'action created','2022-09-29 13:54:56','2022-09-29 15:54:56'),(26829,54619,'action canceled','2022-09-29 13:54:56','2022-09-29 15:54:56'),(26830,54628,'action created','2022-09-29 13:54:56','2022-09-29 15:54:56'),(26831,54607,'action canceled','2022-09-29 13:54:56','2022-09-29 15:54:56'),(26832,54629,'action created','2022-09-29 13:54:56','2022-09-29 15:54:56'),(26833,54608,'action canceled','2022-09-29 13:54:56','2022-09-29 15:54:56'),(26834,54630,'action created','2022-09-29 13:54:56','2022-09-29 15:54:56'),(26835,54631,'action created','2022-09-29 14:32:27','2022-09-29 16:32:27'),(26836,54632,'action created','2022-09-29 14:54:24','2022-09-29 16:54:24'),(26837,54633,'action created','2022-09-30 05:15:29','2022-09-30 07:15:29'),(26838,54634,'action created','2022-09-30 05:15:29','2022-09-30 07:15:29');
/*!40000 ALTER TABLE `f42_actionscheduler_logs` ENABLE KEYS */;
UNLOCK TABLES;

--
-- Table structure for table `f42_affiliate_wp_affiliatemeta`
--

DROP TABLE IF EXISTS `f42_affiliate_wp_affiliatemeta`;
/*!40101 SET @saved_cs_client     = @@character_set_client */;
/*!40101 SET character_set_client = utf8 */;
CREATE TABLE `f42_affiliate_wp_affiliatemeta` (
  `meta_id` bigint(20) NOT NULL AUTO_INCREMENT,
  `affiliate_id` bigint(20) NOT NULL DEFAULT '0',
  `meta_key` varchar(255) COLLATE utf8mb4_unicode_ci DEFAULT NULL,
  `meta_value` longtext COLLATE utf8mb4_unicode_ci,
  PRIMARY KEY (`meta_id`),
  KEY `affiliate_id` (`affiliate_id`),
  KEY `meta_key` (`meta_key`(191))
) ENGINE=MyISAM AUTO_INCREMENT=2099 DEFAULT CHARSET=utf8mb4 COLLATE=utf8mb4_unicode_ci;
/*!40101 SET character_set_client = @saved_cs_client */;

--
-- Dumping data for table `f42_affiliate_wp_affiliatemeta`
--

LOCK TABLES `f42_affiliate_wp_affiliatemeta` WRITE;
/*!40000 ALTER TABLE `f42_affiliate_wp_affiliatemeta` DISABLE KEYS */;
INSERT INTO `f42_affiliate_wp_affiliatemeta` VALUES (1348,451,'invite_code','42GXG6LUAU'),(1349,451,'current_rank','590'),(1350,451,'earned_ranks','a:1:{i:0;s:3:\"590\";}'),(40,20,'current_rank','326'),(39,20,'invite_code','4YB28PYEUY'),(36,19,'invite_code','S929N8PIIY'),(37,19,'current_rank','326'),(1416,472,'current_rank','590'),(38,19,'earned_ranks','a:2:{i:0;s:3:\"590\";i:1;s:3:\"326\";}'),(41,20,'earned_ranks','a:2:{i:0;s:3:\"590\";i:1;s:3:\"326\";}'),(67,29,'current_rank','590'),(68,29,'earned_ranks','a:1:{i:0;s:3:\"590\";}'),(1502,500,'invite_code','TDCI01EO1N'),(66,29,'invite_code','5OM3RP7D8N'),(1548,513,'earned_ranks','a:1:{i:0;s:3:\"590\";}'),(72,31,'invite_code','ALK03IQL7C'),(73,31,'current_rank','590'),(74,31,'earned_ranks','a:1:{i:0;s:3:\"590\";}'),(963,321,'invite_code','CFYYS24CX2'),(964,321,'current_rank','590'),(965,321,'earned_ranks','a:1:{i:0;s:3:\"590\";}'),(79,20,'last_rank','326'),(82,34,'invite_code','DLBPFGW5SS'),(83,19,'last_rank','326'),(84,34,'current_rank','590'),(85,34,'earned_ranks','a:1:{i:0;s:3:\"590\";}'),(763,257,'invite_code','85AOG5SHE1'),(764,257,'current_rank','590'),(765,257,'earned_ranks','a:1:{i:0;s:3:\"590\";}'),(1249,419,'invite_code','GQ9IIABUKD'),(1250,419,'current_rank','590'),(1933,637,'invite_code','T15Z8LRLK2'),(1932,636,'invite_code','J2EDKL3IWK'),(1547,513,'current_rank','590'),(1221,283,'recurring_rate_type',''),(1826,502,'recurring_rate_type',''),(1934,638,'invite_code','DOWJ1G9CK4'),(1935,639,'invite_code','C42P9TPGDD'),(311,111,'earned_ranks','a:1:{i:0;s:3:\"590\";}'),(309,111,'invite_code','AFAVVEGEF2'),(310,111,'current_rank','590'),(883,294,'earned_ranks','a:1:{i:0;s:3:\"590\";}'),(512,177,'invite_code','JJFO9CT6GH'),(444,156,'invite_code','CDS8OUC6ML'),(1251,419,'earned_ranks','a:1:{i:0;s:3:\"590\";}'),(517,19,'recurring_rate_type',''),(516,20,'recurring_rate_type',''),(445,156,'current_rank','590'),(446,156,'earned_ranks','a:1:{i:0;s:3:\"590\";}'),(447,156,'recurring_rate_type',''),(1525,506,'invite_code','Q529CS2R3Z'),(474,29,'view_subs_aff','tree'),(515,177,'recurring_rate_type',''),(1939,643,'invite_code','QPEX3L3DRA'),(1936,640,'invite_code','BOHCGB9ZC2'),(1937,641,'invite_code','3BG4Z4N8X0'),(1938,642,'invite_code','2UVSGGROMJ'),(882,294,'current_rank','590'),(881,294,'invite_code','AY366ITPOV'),(1185,400,'invite_code','KKJVBBNCZF'),(1186,400,'current_rank','590'),(513,177,'current_rank','590'),(514,177,'earned_ranks','a:1:{i:0;s:3:\"590\";}'),(518,20,'view_subs_aff','tree'),(1816,525,'recurring_rate_type',''),(1494,498,'invite_code','CJHDH0JO26'),(1495,498,'current_rank','590'),(1818,205,'recurring_rate_type',''),(601,205,'invite_code','IMIC148WOV'),(602,205,'current_rank','590'),(603,205,'earned_ranks','a:1:{i:0;s:3:\"590\";}'),(1546,513,'invite_code','E71NET34J7'),(1526,506,'current_rank','590'),(1527,506,'earned_ranks','a:1:{i:0;s:3:\"590\";}'),(1831,425,'recurring_rate_type',''),(1942,646,'invite_code','I22M0PLLCY'),(1940,644,'invite_code','QIF0UP1PE3'),(1941,645,'invite_code','ANSTIP8L9Q'),(1417,472,'earned_ranks','a:1:{i:0;s:3:\"590\";}'),(1415,472,'invite_code','BMN8U37OJP'),(1187,400,'earned_ranks','a:1:{i:0;s:3:\"590\";}'),(1832,294,'recurring_rate_type',''),(1820,419,'recurring_rate_type',''),(835,281,'invite_code','41WIA1PKQ9'),(836,281,'current_rank','590'),(837,281,'earned_ranks','a:1:{i:0;s:3:\"590\";}'),(843,283,'earned_ranks','a:1:{i:0;s:3:\"590\";}'),(842,283,'current_rank','590'),(841,283,'invite_code','GSU3NOTX7L'),(1496,498,'earned_ranks','a:1:{i:0;s:3:\"590\";}'),(1511,502,'earned_ranks','a:1:{i:0;s:3:\"590\";}'),(1503,500,'current_rank','590'),(1504,500,'earned_ranks','a:1:{i:0;s:3:\"590\";}'),(1518,410,'recurring_rate_type',''),(1516,411,'recurring_rate_type',''),(1509,502,'invite_code','JWJDG53U6U'),(1510,502,'current_rank','590'),(1223,395,'recurring_rate_type',''),(1372,257,'recurring_rate_type',''),(1220,411,'earned_ranks','a:1:{i:0;s:3:\"590\";}'),(1175,321,'recurring_rate_type',''),(1219,411,'current_rank','590'),(1218,411,'invite_code','3HE6DC0TTA'),(1217,410,'earned_ranks','a:1:{i:0;s:3:\"590\";}'),(1216,410,'current_rank','590'),(1215,410,'invite_code','92S0WY322Q'),(1169,395,'invite_code','OX6YCGLBXL'),(1170,395,'current_rank','590'),(1171,395,'earned_ranks','a:1:{i:0;s:3:\"590\";}'),(1374,451,'recurring_rate_type',''),(1267,425,'invite_code','2ARGSOFSUW'),(1268,425,'current_rank','590'),(1269,425,'earned_ranks','a:1:{i:0;s:3:\"590\";}'),(1270,426,'invite_code','R7AMUR9PPE'),(1271,426,'current_rank','590'),(1272,426,'earned_ranks','a:1:{i:0;s:3:\"590\";}'),(2076,761,'invite_code','81LCDPPY61'),(1796,498,'recurring_rate_type',''),(1280,426,'recurring_rate_type',''),(1567,498,'view_subs_aff','tree'),(1590,525,'invite_code','IKXK942CQ9'),(1591,525,'current_rank','590'),(1592,525,'earned_ranks','a:1:{i:0;s:3:\"590\";}'),(1944,648,'invite_code','G50TL3AVL3'),(1945,649,'invite_code','MN0N9S496K'),(1946,650,'invite_code','PGR8YY84RN'),(1947,651,'invite_code','QCKN2G8ZEP'),(1948,652,'invite_code','ASPYIY1135'),(1949,653,'invite_code','IDNL4GGBK6'),(1950,654,'invite_code','790XS5B558'),(1943,647,'invite_code','R5X82AYFV6'),(1609,531,'invite_code','68RZ4OUAJF'),(1610,531,'current_rank','590'),(1611,531,'earned_ranks','a:1:{i:0;s:3:\"590\";}'),(1850,400,'recurring_rate_type',''),(1803,500,'recurring_rate_type',''),(1951,655,'invite_code','J3XVFK2V6W'),(1692,557,'invite_code','T3DGSEF6ZY'),(1693,557,'current_rank','590'),(1694,557,'earned_ranks','a:1:{i:0;s:3:\"590\";}'),(1965,643,'recurring_rate_type',''),(1966,557,'recurring_rate_type',''),(1967,655,'recurring_rate_type',''),(1968,669,'invite_code','O0S37U1224'),(1969,669,'recurring_rate_type',''),(1970,670,'invite_code','FL5ZTGIL6T'),(1971,670,'recurring_rate_type',''),(1972,671,'invite_code','EK6ZHWSRNV'),(1973,671,'recurring_rate_type',''),(1974,672,'invite_code','LDK5OI1GU5'),(1975,672,'recurring_rate_type',''),(1976,673,'invite_code','4OV4N27R5T'),(1977,673,'recurring_rate_type',''),(1978,674,'invite_code','SDYIOS0GEA'),(1979,674,'recurring_rate_type',''),(1980,675,'invite_code','OJI1XB5A1N'),(1981,675,'recurring_rate_type',''),(1982,676,'invite_code','FAA1MTA506'),(1983,676,'recurring_rate_type',''),(1984,506,'recurring_rate_type',''),(2063,751,'recurring_rate_type',''),(2064,637,'recurring_rate_type',''),(1987,679,'invite_code','7N5MOKIVA7'),(2065,755,'invite_code','DTZDJZDNDB'),(2066,755,'recurring_rate_type',''),(2067,626,'recurring_rate_type',''),(2075,760,'recurring_rate_type',''),(2071,759,'invite_code','FWPLZPJ1QZ'),(2072,760,'invite_code','VMVWZHDCPQ'),(2073,759,'recurring_rate_type',''),(2074,639,'recurring_rate_type',''),(2080,765,'invite_code','PI84DUDIG5'),(2081,766,'invite_code','NYCXKO06Z0'),(2082,766,'referral_notifications','1'),(2083,765,'referral_notifications','1'),(2084,761,'referral_notifications','1'),(2085,760,'referral_notifications','1'),(2086,759,'referral_notifications','1'),(2087,755,'referral_notifications','1'),(2088,751,'referral_notifications','1'),(2089,679,'referral_notifications','1'),(2090,676,'referral_notifications','1'),(2091,675,'referral_notifications','1'),(2092,674,'referral_notifications','1'),(2093,673,'referral_notifications','1'),(2094,672,'referral_notifications','1'),(2095,671,'referral_notifications','1'),(2096,670,'referral_notifications','1'),(2097,669,'referral_notifications','1'),(2098,655,'referral_notifications','1'),(2059,751,'invite_code','M3E795G4W6');
/*!40000 ALTER TABLE `f42_affiliate_wp_affiliatemeta` ENABLE KEYS */;
UNLOCK TABLES;

--
-- Table structure for table `f42_affiliate_wp_affiliates`
--

DROP TABLE IF EXISTS `f42_affiliate_wp_affiliates`;
/*!40101 SET @saved_cs_client     = @@character_set_client */;
/*!40101 SET character_set_client = utf8 */;
CREATE TABLE `f42_affiliate_wp_affiliates` (
  `affiliate_id` bigint(20) NOT NULL AUTO_INCREMENT,
  `rest_id` mediumtext COLLATE utf8mb4_unicode_ci NOT NULL,
  `user_id` bigint(20) NOT NULL,
  `rate` tinytext COLLATE utf8mb4_unicode_ci NOT NULL,
  `rate_type` tinytext COLLATE utf8mb4_unicode_ci NOT NULL,
  `payment_email` mediumtext COLLATE utf8mb4_unicode_ci NOT NULL,
  `status` tinytext COLLATE utf8mb4_unicode_ci NOT NULL,
  `earnings` mediumtext COLLATE utf8mb4_unicode_ci NOT NULL,
  `unpaid_earnings` longtext COLLATE utf8mb4_unicode_ci NOT NULL,
  `referrals` bigint(20) NOT NULL,
  `visits` bigint(20) NOT NULL,
  `date_registered` datetime NOT NULL,
  `flat_rate_basis` text COLLATE utf8mb4_unicode_ci NOT NULL,
  PRIMARY KEY (`affiliate_id`),
  KEY `user_id` (`user_id`)
) ENGINE=MyISAM AUTO_INCREMENT=767 DEFAULT CHARSET=utf8mb4 COLLATE=utf8mb4_unicode_ci;
/*!40101 SET character_set_client = @saved_cs_client */;

--
-- Dumping data for table `f42_affiliate_wp_affiliates`
--

LOCK TABLES `f42_affiliate_wp_affiliates` WRITE;
/*!40000 ALTER TABLE `f42_affiliate_wp_affiliates` DISABLE KEYS */;
INSERT INTO `f42_affiliate_wp_affiliates` VALUES (283,'',493,'','','','inactive','','',0,0,'2020-03-23 14:37:47',''),(20,'',4,'','','jean-paul.delmeire@winignite.com','active','0','964.69',29,163,'2019-09-09 05:51:32',''),(29,'',201,'','','sonia.colombi@triplepconsulting.be','active','0','12',17,101,'2019-09-10 16:53:26',''),(31,'',203,'','','','active','0','',0,0,'2019-09-11 14:09:07',''),(34,'',206,'','','','active','0','13.61',13,47,'2019-09-13 10:41:10',''),(513,'',774,'','','','active','0','',0,0,'2020-06-17 08:17:46',''),(19,'',146,'','','','active','','',24,42,'2019-09-09 05:37:02',''),(257,'',464,'','','merken.maarten@gmail.com','active','0','',0,1,'2020-03-02 11:58:36',''),(636,'',229,'','','','active','','',0,0,'2021-02-01 07:40:02',''),(637,'',750,'','','','inactive','0','0',0,0,'2021-02-01 07:40:53',''),(638,'',772,'','','','active','','',0,0,'2021-02-01 07:41:55',''),(639,'',838,'','','','inactive','0','0',0,0,'2021-02-01 07:42:42',''),(640,'',882,'','','','inactive','','',0,0,'2021-02-01 07:43:54',''),(156,'',337,'','','','active','0','',0,7,'2019-11-17 09:29:11',''),(111,'',282,'','','dimi@lettersandpixels.be','active','0','',4,4,'2019-10-07 08:40:49',''),(641,'',889,'','','','inactive','','',0,0,'2021-02-01 07:44:44',''),(642,'',887,'','','','active','','',0,0,'2021-02-01 07:45:56',''),(506,'',760,'','','','inactive','0','0',0,0,'2020-06-02 22:24:02',''),(643,'',924,'','','','inactive','','',0,0,'2021-02-01 07:46:43',''),(177,'',361,'','','','inactive','0','0',1,1,'2019-12-18 07:40:21',''),(281,'',491,'','','','active','0','',0,0,'2020-03-20 10:47:35',''),(205,'',417,'','','','active','0','',3,6,'2020-02-09 21:01:27',''),(400,'',608,'','','','active','0','',0,0,'2020-04-28 15:27:08',''),(419,'',626,'','','','active','0','',0,0,'2020-05-06 18:13:27',''),(410,'',617,'','','','inactive','0','0',0,0,'2020-05-01 11:57:05',''),(411,'',618,'','','','active','','',0,0,'2020-05-01 11:58:57',''),(321,'',529,'','','','active','0','',0,1,'2020-04-20 13:19:41',''),(294,'',502,'','','','inactive','0','',0,19,'2020-04-02 08:31:49',''),(502,'',742,'','','','active','0','',0,0,'2020-05-28 15:32:17',''),(425,'',632,'','','','active','0','',0,3,'2020-05-07 20:34:25',''),(426,'',633,'','','veerle.van.aken@businesskatalysator.be','active','0','',0,11,'2020-05-08 11:40:58',''),(395,'',603,'','','','inactive','0','',0,0,'2020-04-23 09:16:24',''),(451,'',657,'','','dhuyers@pmsnv.com','active','0','',0,2,'2020-05-13 07:08:32',''),(472,'',677,'','','','active','0','',0,9,'2020-05-19 07:18:28',''),(498,'',725,'','','nico@fenikscoaching.com','inactive','0','22.5',0,68,'2020-05-24 11:12:00',''),(500,'',730,'','','','inactive','','',0,19,'2020-05-25 12:04:46',''),(525,'',835,'','','','active','0','0',0,0,'2020-07-31 08:18:28',''),(644,'',933,'','','','inactive','','',0,0,'2021-02-01 07:47:37',''),(645,'',934,'','','','active','','',0,0,'2021-02-01 07:48:32',''),(646,'',935,'','','','inactive','','',0,0,'2021-02-01 07:49:17',''),(647,'',939,'','','','inactive','','',0,0,'2021-02-01 07:50:11',''),(648,'',988,'','','','inactive','','',0,0,'2021-02-01 07:51:37',''),(649,'',1002,'','','','inactive','','',0,0,'2021-02-01 07:52:34',''),(650,'',1003,'','','','inactive','','',0,0,'2021-02-01 07:54:49',''),(651,'',1006,'','','','inactive','','',0,0,'2021-02-01 07:56:04',''),(652,'',1041,'','','','inactive','','',0,0,'2021-02-01 07:56:44',''),(653,'',837,'','','','active','','',0,0,'2021-02-01 07:57:27',''),(654,'',848,'','','','inactive','','',0,0,'2021-02-01 07:58:04',''),(655,'',862,'','','','inactive','0','0',0,0,'2021-02-01 07:58:47',''),(557,'',885,'','','','inactive','0','0',0,0,'2020-09-01 07:41:17',''),(626,'',886,'','','','inactive','0','0',0,0,'2021-01-30 08:48:34',''),(669,'',1072,'','','','inactive','0','0',0,0,'2021-02-20 08:42:57',''),(670,'',1076,'','','','active','','',0,0,'2021-02-20 08:44:17',''),(671,'',1077,'','','','inactive','','',0,0,'2021-02-20 08:48:47',''),(672,'',1092,'','','','inactive','','',0,0,'2021-02-20 08:50:45',''),(673,'',1095,'','','','inactive','','',0,0,'2021-02-20 08:52:01',''),(674,'',1176,'','','','inactive','','',0,0,'2021-02-20 08:55:08',''),(675,'',1168,'','','','inactive','','',0,0,'2021-02-20 08:58:08',''),(676,'',1185,'','','','inactive','','',0,0,'2021-02-20 09:01:10',''),(679,'',1188,'','','','inactive','0','',0,0,'2021-02-22 07:53:21',''),(761,'',1337,'','','','inactive','0','',0,0,'2021-05-27 13:11:11',''),(759,'',1335,'','','','inactive','0','0',0,0,'2021-04-16 15:54:48',''),(760,'',1336,'','','','inactive','0','0',0,0,'2021-04-28 14:54:10',''),(765,'',1341,'','','','inactive','0','',0,0,'2021-07-13 13:39:35',''),(766,'',1342,'','','','inactive','0','',0,0,'2021-07-29 14:15:15',''),(751,'',1327,'','','','inactive','0','0',0,0,'2021-02-28 18:09:31',''),(755,'',1331,'','','','inactive','0','0',0,0,'2021-03-22 13:47:21','');
/*!40000 ALTER TABLE `f42_affiliate_wp_affiliates` ENABLE KEYS */;
UNLOCK TABLES;

--
-- Table structure for table `f42_affiliate_wp_campaigns`
--

DROP TABLE IF EXISTS `f42_affiliate_wp_campaigns`;
/*!40101 SET @saved_cs_client     = @@character_set_client */;
/*!40101 SET character_set_client = utf8 */;
CREATE TABLE `f42_affiliate_wp_campaigns` (
  `affiliate_id` bigint(20) NOT NULL,
  `campaign` varchar(50) NOT NULL,
  `visits` bigint(20) NOT NULL,
  `unique_visits` bigint(20) NOT NULL,
  `referrals` bigint(20) NOT NULL,
  `conversion_rate` float NOT NULL,
  `hash` varchar(32) NOT NULL,
  `rest_id` mediumtext NOT NULL,
  KEY `affiliate_id` (`affiliate_id`),
  KEY `hash` (`hash`)
) ENGINE=InnoDB DEFAULT CHARSET=latin1;
/*!40101 SET character_set_client = @saved_cs_client */;

--
-- Dumping data for table `f42_affiliate_wp_campaigns`
--

LOCK TABLES `f42_affiliate_wp_campaigns` WRITE;
/*!40000 ALTER TABLE `f42_affiliate_wp_campaigns` DISABLE KEYS */;
/*!40000 ALTER TABLE `f42_affiliate_wp_campaigns` ENABLE KEYS */;
UNLOCK TABLES;

--
-- Table structure for table `f42_affiliate_wp_coupons`
--

DROP TABLE IF EXISTS `f42_affiliate_wp_coupons`;
/*!40101 SET @saved_cs_client     = @@character_set_client */;
/*!40101 SET character_set_client = utf8 */;
CREATE TABLE `f42_affiliate_wp_coupons` (
  `coupon_id` bigint(20) NOT NULL AUTO_INCREMENT,
  `affiliate_id` bigint(20) NOT NULL,
  `coupon_code` varchar(191) COLLATE utf8mb4_unicode_ci NOT NULL,
  `type` tinytext COLLATE utf8mb4_unicode_ci NOT NULL,
  `locked` tinyint(1) NOT NULL,
  PRIMARY KEY (`coupon_id`),
  KEY `coupon_code` (`coupon_code`)
) ENGINE=InnoDB DEFAULT CHARSET=utf8mb4 COLLATE=utf8mb4_unicode_ci;
/*!40101 SET character_set_client = @saved_cs_client */;

--
-- Dumping data for table `f42_affiliate_wp_coupons`
--

LOCK TABLES `f42_affiliate_wp_coupons` WRITE;
/*!40000 ALTER TABLE `f42_affiliate_wp_coupons` DISABLE KEYS */;
/*!40000 ALTER TABLE `f42_affiliate_wp_coupons` ENABLE KEYS */;
UNLOCK TABLES;

--
-- Table structure for table `f42_affiliate_wp_creatives`
--

DROP TABLE IF EXISTS `f42_affiliate_wp_creatives`;
/*!40101 SET @saved_cs_client     = @@character_set_client */;
/*!40101 SET character_set_client = utf8 */;
CREATE TABLE `f42_affiliate_wp_creatives` (
  `creative_id` bigint(20) NOT NULL AUTO_INCREMENT,
  `name` tinytext COLLATE utf8mb4_unicode_ci NOT NULL,
  `description` longtext COLLATE utf8mb4_unicode_ci NOT NULL,
  `url` varchar(255) COLLATE utf8mb4_unicode_ci NOT NULL,
  `text` tinytext COLLATE utf8mb4_unicode_ci NOT NULL,
  `image` varchar(255) COLLATE utf8mb4_unicode_ci NOT NULL,
  `status` tinytext COLLATE utf8mb4_unicode_ci NOT NULL,
  `date` datetime NOT NULL,
  PRIMARY KEY (`creative_id`),
  KEY `creative_id` (`creative_id`)
) ENGINE=MyISAM DEFAULT CHARSET=utf8mb4 COLLATE=utf8mb4_unicode_ci;
/*!40101 SET character_set_client = @saved_cs_client */;

--
-- Dumping data for table `f42_affiliate_wp_creatives`
--

LOCK TABLES `f42_affiliate_wp_creatives` WRITE;
/*!40000 ALTER TABLE `f42_affiliate_wp_creatives` DISABLE KEYS */;
/*!40000 ALTER TABLE `f42_affiliate_wp_creatives` ENABLE KEYS */;
UNLOCK TABLES;

--
-- Table structure for table `f42_affiliate_wp_customermeta`
--

DROP TABLE IF EXISTS `f42_affiliate_wp_customermeta`;
/*!40101 SET @saved_cs_client     = @@character_set_client */;
/*!40101 SET character_set_client = utf8 */;
CREATE TABLE `f42_affiliate_wp_customermeta` (
  `meta_id` bigint(20) NOT NULL AUTO_INCREMENT,
  `affwp_customer_id` bigint(20) NOT NULL DEFAULT '0',
  `meta_key` varchar(255) COLLATE utf8mb4_unicode_ci DEFAULT NULL,
  `meta_value` longtext COLLATE utf8mb4_unicode_ci,
  PRIMARY KEY (`meta_id`),
  KEY `affwp_customer_id` (`affwp_customer_id`),
  KEY `meta_key` (`meta_key`(191))
) ENGINE=MyISAM AUTO_INCREMENT=190 DEFAULT CHARSET=utf8mb4 COLLATE=utf8mb4_unicode_ci;
/*!40101 SET character_set_client = @saved_cs_client */;

--
-- Dumping data for table `f42_affiliate_wp_customermeta`
--

LOCK TABLES `f42_affiliate_wp_customermeta` WRITE;
/*!40000 ALTER TABLE `f42_affiliate_wp_customermeta` DISABLE KEYS */;
INSERT INTO `f42_affiliate_wp_customermeta` VALUES (1,1,'affiliate_id','4'),(2,2,'affiliate_id','4'),(3,3,'affiliate_id','4'),(4,4,'affiliate_id','4'),(5,5,'affiliate_id','9'),(6,6,'affiliate_id','10'),(7,7,'affiliate_id','10'),(8,8,'affiliate_id','10'),(9,9,'affiliate_id','3'),(10,10,'affiliate_id','2'),(11,11,'affiliate_id','19'),(12,12,'affiliate_id','20'),(13,13,'affiliate_id','20'),(14,14,'affiliate_id','20'),(15,15,'affiliate_id','19'),(16,16,'affiliate_id','20'),(17,17,'affiliate_id','2'),(18,18,'affiliate_id','2'),(19,19,'affiliate_id','2'),(20,20,'affiliate_id','2'),(21,21,'affiliate_id','2'),(22,22,'affiliate_id','25'),(23,23,'affiliate_id','2'),(24,24,'affiliate_id','2'),(25,25,'affiliate_id','2'),(26,26,'affiliate_id','25'),(27,27,'affiliate_id','25'),(28,28,'affiliate_id','19'),(29,29,'affiliate_id','20'),(30,30,'affiliate_id','20'),(31,31,'affiliate_id','29'),(32,32,'affiliate_id','32'),(33,33,'affiliate_id','29'),(34,34,'affiliate_id','34'),(35,35,'affiliate_id','34'),(36,36,'affiliate_id','32'),(37,37,'affiliate_id','34'),(38,38,'affiliate_id','29'),(39,39,'affiliate_id','111'),(40,40,'affiliate_id','34'),(41,41,'affiliate_id','20'),(42,42,'affiliate_id','34'),(43,43,'affiliate_id','29'),(44,44,'affiliate_id','29'),(45,45,'affiliate_id','20'),(46,46,'affiliate_id','20'),(47,47,'affiliate_id','20'),(48,48,'affiliate_id','29'),(49,49,'affiliate_id','29'),(50,50,'affiliate_id','111'),(51,51,'affiliate_id','20'),(52,52,'affiliate_id','29'),(53,53,'affiliate_id','1'),(54,54,'affiliate_id','2'),(55,55,'affiliate_id','29'),(56,56,'affiliate_id','177'),(57,57,'affiliate_id','29'),(58,58,'affiliate_id','19'),(59,59,'affiliate_id','20'),(60,60,'affiliate_id','205'),(61,61,'affiliate_id','29'),(62,62,'affiliate_id','205'),(63,63,'affiliate_id','20'),(64,64,'affiliate_id','29'),(65,65,'affiliate_id','157'),(66,66,'affiliate_id','29'),(67,67,'affiliate_id','290'),(68,68,'affiliate_id','29'),(69,69,'affiliate_id','29'),(70,70,'affiliate_id','315'),(71,71,'affiliate_id','315'),(72,72,'affiliate_id','29'),(73,73,'affiliate_id','393'),(74,74,'affiliate_id','29'),(75,75,'affiliate_id','402'),(76,76,'affiliate_id','407'),(77,77,'affiliate_id','29'),(78,78,'affiliate_id','29'),(79,79,'affiliate_id','29'),(80,80,'affiliate_id','315'),(81,81,'affiliate_id','29'),(82,82,'affiliate_id','34'),(83,83,'affiliate_id','34'),(84,84,'affiliate_id','29'),(85,85,'affiliate_id','294'),(86,86,'affiliate_id','29'),(87,87,'affiliate_id','29'),(88,88,'affiliate_id','34'),(89,89,'affiliate_id','294'),(90,90,'affiliate_id','294'),(91,91,'affiliate_id','34'),(92,92,'affiliate_id','34'),(93,93,'affiliate_id','29'),(94,94,'affiliate_id','34'),(95,95,'affiliate_id','34'),(96,96,'affiliate_id','294'),(97,97,'affiliate_id','315'),(98,98,'affiliate_id','294'),(99,99,'affiliate_id','157'),(100,100,'affiliate_id','29'),(101,101,'affiliate_id','294'),(102,102,'affiliate_id','472'),(103,103,'affiliate_id','34'),(104,104,'affiliate_id','20'),(105,105,'affiliate_id','426'),(106,106,'affiliate_id','29'),(107,107,'affiliate_id','34'),(108,108,'affiliate_id','19'),(109,109,'affiliate_id','426'),(110,110,'affiliate_id','34'),(111,111,'affiliate_id','156'),(112,112,'affiliate_id','19'),(113,113,'affiliate_id','321'),(114,46,'affiliate_id','19'),(115,20,'affiliate_id','20'),(116,114,'affiliate_id','29'),(117,115,'affiliate_id','472'),(118,116,'affiliate_id','29'),(119,117,'affiliate_id','29'),(120,118,'affiliate_id','29'),(121,119,'affiliate_id','29'),(122,120,'affiliate_id','29'),(123,121,'affiliate_id','29'),(124,122,'affiliate_id','521'),(125,123,'affiliate_id','257'),(126,124,'affiliate_id','521'),(127,125,'affiliate_id','521'),(128,126,'affiliate_id','29'),(129,27,'affiliate_id','522'),(130,19,'affiliate_id','537'),(131,20,'affiliate_id','538'),(132,21,'affiliate_id','539'),(133,24,'affiliate_id','540'),(134,26,'affiliate_id','542'),(135,127,'affiliate_id','20'),(136,128,'affiliate_id','500'),(137,129,'affiliate_id','500'),(138,130,'affiliate_id','20'),(139,131,'affiliate_id','546'),(140,23,'affiliate_id','550'),(141,23,'affiliate_id','546'),(142,132,'affiliate_id','20'),(143,133,'affiliate_id','19'),(144,134,'affiliate_id','500'),(145,135,'affiliate_id','519'),(146,136,'affiliate_id','426'),(147,137,'affiliate_id','20'),(148,138,'affiliate_id','20'),(149,139,'affiliate_id','20'),(150,140,'affiliate_id','519'),(151,141,'affiliate_id','500'),(152,131,'affiliate_id','20'),(153,142,'affiliate_id','519'),(154,143,'affiliate_id','20'),(155,144,'affiliate_id','20'),(156,145,'affiliate_id','20'),(157,146,'affiliate_id','29'),(158,147,'affiliate_id','20'),(159,148,'affiliate_id','20'),(160,149,'affiliate_id','20'),(161,150,'affiliate_id','20'),(162,151,'affiliate_id','20'),(163,152,'affiliate_id','20'),(164,153,'affiliate_id','20'),(165,154,'affiliate_id','500'),(166,155,'affiliate_id','19'),(167,156,'affiliate_id','498'),(168,157,'affiliate_id','29'),(169,158,'affiliate_id','34'),(170,159,'affiliate_id','20'),(171,160,'affiliate_id','426'),(172,161,'affiliate_id','498'),(173,162,'affiliate_id','20'),(174,163,'affiliate_id','472'),(175,164,'affiliate_id','34'),(176,165,'affiliate_id','498'),(177,166,'affiliate_id','34'),(178,167,'affiliate_id','20'),(179,168,'affiliate_id','20'),(180,169,'affiliate_id','20'),(181,170,'affiliate_id','20'),(182,171,'affiliate_id','20'),(183,172,'affiliate_id','20'),(184,173,'affiliate_id','156'),(185,174,'affiliate_id','156'),(186,175,'affiliate_id','156'),(187,176,'affiliate_id','156'),(188,177,'affiliate_id','498'),(189,178,'affiliate_id','20');
/*!40000 ALTER TABLE `f42_affiliate_wp_customermeta` ENABLE KEYS */;
UNLOCK TABLES;

--
-- Table structure for table `f42_affiliate_wp_customers`
--

DROP TABLE IF EXISTS `f42_affiliate_wp_customers`;
/*!40101 SET @saved_cs_client     = @@character_set_client */;
/*!40101 SET character_set_client = utf8 */;
CREATE TABLE `f42_affiliate_wp_customers` (
  `customer_id` bigint(20) NOT NULL AUTO_INCREMENT,
  `user_id` bigint(20) NOT NULL,
  `email` varchar(100) COLLATE utf8mb4_unicode_ci NOT NULL,
  `first_name` varchar(250) COLLATE utf8mb4_unicode_ci NOT NULL,
  `last_name` varchar(250) COLLATE utf8mb4_unicode_ci NOT NULL,
  `ip` varchar(250) COLLATE utf8mb4_unicode_ci NOT NULL,
  `date_created` datetime NOT NULL,
  PRIMARY KEY (`customer_id`),
  KEY `user_id` (`user_id`),
  KEY `email` (`email`)
) ENGINE=MyISAM AUTO_INCREMENT=179 DEFAULT CHARSET=utf8mb4 COLLATE=utf8mb4_unicode_ci;
/*!40101 SET character_set_client = @saved_cs_client */;

--
-- Dumping data for table `f42_affiliate_wp_customers`
--

LOCK TABLES `f42_affiliate_wp_customers` WRITE;
/*!40000 ALTER TABLE `f42_affiliate_wp_customers` DISABLE KEYS */;
INSERT INTO `f42_affiliate_wp_customers` VALUES (1,0,'billyporter@winignite.club','','','87.67.16.111','2019-09-05 11:44:47'),(2,0,'Billy.Porter@winignite.club','','','87.67.16.111','2019-09-05 12:00:15'),(3,0,'Aly.Beurms@winignite.club','','','87.67.16.111','2019-09-05 12:09:55'),(4,0,'Dimitri.Doels@winignite.club','','','87.67.16.111','2019-09-05 12:35:16'),(5,0,'Fabrizio.Cardoni@winignite.club','','','87.67.16.111','2019-09-05 13:34:44'),(6,345,'Guy.VanHaren@winignite.club','','','87.67.16.111','2019-09-05 13:45:11'),(7,0,'hans.grosser@winignite.club','','','87.67.16.111','2019-09-05 13:56:47'),(8,0,'Illies.Bakoub@winignite.club','','','87.67.16.111','2019-09-05 14:22:37'),(9,0,'inge.boekx@winignite.club','','','87.67.16.111','2019-09-06 05:00:56'),(10,0,'aly@winignite.club','','','87.67.16.111','2019-09-10 07:06:36'),(11,200,'jenny.bjorklof@gmail.com','','','81.240.74.248','2019-09-10 13:28:12'),(12,0,'sonia.colombi@triplepconsulting.be','','','109.88.61.211','2019-09-10 16:53:27'),(13,0,'thierry.de.vries@outlook.com','','','109.129.162.213','2019-09-11 14:09:08'),(14,0,'san@sanfactory.be','','','109.143.66.179','2019-09-13 10:31:10'),(15,206,'an@xconscious.be','','','84.198.69.75','2019-09-13 10:41:10'),(16,0,'olivier.bouffioux@blexpertise.be','','','95.182.140.221','2019-09-14 05:48:55'),(17,0,'kevin@winignite.club','','','87.67.16.111','2019-09-17 05:13:49'),(18,0,'leen@winignite.club','','','87.67.16.111','2019-09-17 05:58:56'),(19,223,'lisa@winignite.club','','','87.67.16.111','2019-09-17 06:46:24'),(20,225,'luc@winignite.club','','','87.67.16.111','2019-09-17 06:51:25'),(21,227,'serge@winignite.club','','','87.67.16.111','2019-09-17 06:54:20'),(22,0,'stef@winignite.club','','','87.67.16.111','2019-09-17 06:58:48'),(23,876,'tom@winignite.club','','','87.67.16.111','2019-09-17 07:06:56'),(24,853,'sven@winignite.club','','','87.67.16.111','2019-09-17 07:10:42'),(25,228,'sofian@winignite.club','','','87.67.16.111','2019-09-17 07:14:41'),(26,226,'maarten@winignite.club','','','87.67.16.111','2019-09-17 07:37:48'),(27,849,'loana@winignite.club','','','87.67.16.111','2019-09-17 09:13:39'),(28,0,'koen@vandromme.biz','','','84.192.181.249','2019-09-17 18:36:26'),(29,0,'eric.bz@outlook.com','','','109.133.143.56','2019-09-18 17:12:22'),(30,0,'jmherr.ephemera@gmail.com','','','109.89.156.33','2019-09-20 12:14:58'),(31,0,'vgb@digitize2grow.com','','','91.177.85.255','2019-09-23 07:37:46'),(32,0,'anselschotter@gmail.com','','','87.65.245.199','2019-09-23 12:35:52'),(33,280,'jdemussy@aliseos.be','','','109.139.27.17','2019-10-02 17:33:07'),(34,0,'muriel@2mpower.be','','','80.200.53.100','2019-10-03 15:05:48'),(35,0,'lap@lettersandpixels.be','','','141.134.175.73','2019-10-07 08:40:49'),(36,0,'marielien@optimize-happiness.com','','','51.254.41.205','2019-10-17 05:17:13'),(37,0,'sandra@hqvector.be','','','51.254.41.130','2019-10-22 20:40:19'),(38,0,'christophe.vanhede@dexeb.be','','','51.254.41.139','2019-10-22 20:49:11'),(39,0,'annick@lettersandpixels.be','','','51.254.41.130','2019-11-02 07:06:54'),(40,336,'mctls@outlook.com','','','51.254.41.139','2019-11-16 08:37:52'),(41,337,'ndajjani@hotmail.com','','','51.254.41.129','2019-11-17 09:29:11'),(42,0,'mik@vamiks.be','','','51.254.41.193','2019-11-21 09:51:15'),(43,339,'lzecchinon@gmail.com','','','51.254.41.204','2019-11-25 20:46:18'),(44,0,'pigeolet.melanie@gmail.com','','','51.254.41.194','2019-11-26 07:30:34'),(45,0,'dimitri@winignite.club','','','51.254.41.129','2019-12-07 10:15:25'),(46,341,'leon.lebon@hotmail.com','Dimitri','Doels','51.254.41.205','2019-12-07 10:32:14'),(47,343,'billy@winignite.club','','','51.254.41.130','2019-12-07 14:46:07'),(48,0,'claude-henri.convent@lenstersmart.tech','','','51.254.41.194','2019-12-18 07:33:31'),(49,366,'jeanjacquespisano@gmail.com','','','51.254.41.139','2020-01-12 18:32:02'),(50,417,'johan.huygh@tomanage.eu','','','51.254.41.139','2020-02-04 15:25:25'),(51,0,'lionel@winignite.club','','','51.254.41.129','2020-02-07 05:06:12'),(52,0,'vl.consulting@hotmail.com','','','51.254.41.193','2020-02-10 19:04:19'),(53,0,'develoler1602@gmail.com','','','51.254.41.204','2020-02-13 11:26:24'),(54,0,'developer16032@yopmail.com','','','51.254.41.130','2020-02-14 10:21:35'),(55,0,'rdlcroix@gmail.com','','','51.254.41.139','2020-02-16 17:30:02'),(56,0,'frank.dewinter@topic-group.com','','','51.254.41.204','2020-02-17 08:06:15'),(57,0,'r.longo@outlook.be','','','51.254.41.139','2020-02-19 07:54:52'),(58,464,'merken.maarten@gmail.com','Merken','Maarten','51.254.41.140','2020-02-27 14:40:15'),(59,0,'pierre@talencia.be','','','81.82.197.96','2020-03-16 18:19:45'),(60,0,'angelique@beurscoach.be','','','141.134.14.171','2020-03-20 10:47:40'),(61,0,'laurent@sustain-it.be','','','91.180.66.149','2020-03-23 14:37:52'),(62,478,'piet.verhoeve@origanius.com','Verhoeve','Piet','178.119.172.10','2020-03-25 19:36:18'),(63,0,'andre.vanhecke@mediavh.com','','','109.88.22.155','2020-03-27 12:19:14'),(64,0,'miriam.garando@live.com','','','81.241.182.87','2020-03-29 09:29:42'),(65,0,'jenny.cornelis@catusco.com','','','91.180.79.81','2020-04-02 08:31:54'),(66,0,'daniel.azbel@i-lance.eu','','','149.154.220.81','2020-04-09 17:34:53'),(67,130,'leila@winignite.club','Leila','Nouha','109.134.163.90','2020-04-13 12:34:18'),(68,0,'maite@marketrotters.com','','','193.121.37.70','2020-04-14 17:21:50'),(69,0,'nicolasbernard-3@hotmail.com','','','85.27.11.186','2020-04-16 10:50:57'),(70,528,'yannick.giarrizzo@gmail.com','','','85.26.109.213','2020-04-17 13:06:02'),(71,0,'contact@graphmoska.com','','','82.212.133.177','2020-04-21 20:50:24'),(72,603,'mo@makegoodsense.be','','','109.129.31.95','2020-04-23 09:16:30'),(73,0,'info@immomamaison.be','','','37.185.136.161','2020-04-27 13:35:22'),(74,0,'marie-pierre.fivet@optiprodata.be','','','217.15.233.238','2020-04-28 15:27:13'),(75,0,'testuser2@yopmail.com','','','117.224.101.229','2020-04-29 08:31:29'),(76,0,'kamini.saini.9091@gmail.com','','','117.224.127.243','2020-04-30 09:42:54'),(77,0,'hachemma.deom@gmail.com','','','109.129.8.8','2020-05-01 11:41:40'),(78,0,'info@limonad.be','','','109.88.28.81','2020-05-01 11:57:10'),(79,0,'danielle.houart@hotmail.com','','','109.128.192.38','2020-05-01 11:59:02'),(80,0,'veronique@lescheff.be','','','193.121.49.150','2020-05-04 10:03:01'),(81,0,'mail@fredericmorreale.com','','','62.197.78.12','2020-05-05 11:13:48'),(82,0,'Verdonckvic@outlook.com','','','94.111.241.136','2020-05-06 14:25:51'),(83,0,'annelies@fisc-it.be','','','78.23.141.183','2020-05-06 18:13:32'),(84,0,'info@martinlisen.com','','','91.178.188.151','2020-05-07 07:47:57'),(85,0,'nicolas@lead.be','','','85.201.0.68','2020-05-07 12:04:16'),(86,0,'stacey.buys@pentachord.be','','','81.245.108.115','2020-05-07 19:25:35'),(87,0,'celine.gouttiere@ithexcellence.be','','','94.111.53.237','2020-05-07 20:34:30'),(88,0,'momentum@lennardlouisy.com','','','81.242.236.234','2020-05-08 18:15:25'),(89,613,'nathalie.tverdy@gmail.com','Tverdy','Nathalie','87.67.1.173','2020-05-08 18:38:57'),(90,0,'diane.smets@advisoryarts.be','','','94.225.153.227','2020-05-11 07:40:59'),(91,0,'paul@dgconsult.be','','','94.227.59.230','2020-05-11 16:18:39'),(92,0,'dirk@pmstudio.be','','','78.21.157.55','2020-05-13 07:08:38'),(93,0,'fsa@agefi.be','','','217.112.179.131','2020-05-14 14:34:33'),(94,0,'cindy@boekhouderonline.be','','','213.251.114.33','2020-05-15 18:27:31'),(95,639,'siemon.vanderhulst@gmail.com','Vanderhulst','Siemon','94.225.43.128','2020-05-18 14:05:30'),(96,0,'christine@digitaldetoxacademy.eu','','','84.198.17.135','2020-05-19 07:18:33'),(97,0,'cepa82@live.be','','','212.166.11.182','2020-05-19 07:54:45'),(98,0,'eric.vanbiervliet@gmail.com','','','94.104.122.70','2020-05-19 13:42:15'),(99,0,'geert_nijs@outlook.com','','','84.192.182.50','2020-05-19 17:19:03'),(100,0,'phil.bowker@zawich.eu','','','146.0.189.45','2020-05-21 12:14:21'),(101,0,'nico@fenikscoaching.com','','','78.21.47.227','2020-05-24 11:12:01'),(102,0,'Bergmansjoni@gmail.com','','','80.201.60.128','2020-05-25 08:19:57'),(103,0,'kristel@wiewawa.be','','','87.65.154.71','2020-05-25 12:04:46'),(104,0,'ivan.anckaert.tsc@gmail.com','','','66.248.203.17','2020-05-28 15:32:18'),(105,0,'maarten@productief.eu','','','66.248.203.17','2020-05-29 09:03:09'),(106,0,'natacha.van.haneghem@telenet.be','','','66.248.203.17','2020-06-01 16:18:00'),(107,0,'karinvandergeeten@gmail.com','','','66.248.203.17','2020-06-02 11:34:23'),(108,0,'tom.haepers@thconsulting.be','','','66.248.203.17','2020-06-02 22:24:03'),(109,0,'bibi@bibicontent.com','','','66.248.203.17','2020-06-16 12:53:17'),(110,0,'anita@lendinfinito.com','','','66.248.203.17','2020-06-17 08:17:47'),(111,0,'rbr747@gmail.com','','','185.93.228.17','2020-06-29 15:28:09'),(112,0,'Yvesverschaeren@gmail.com','','','66.248.203.17','2020-07-07 18:47:40'),(113,0,'catie@catie-young.com','','','66.248.203.17','2020-07-08 08:40:14'),(114,0,'jp@sts-technologies.info','','','185.93.228.17','2020-07-17 16:36:37'),(115,0,'info@anwens.be','','','66.248.203.17','2020-07-19 13:11:06'),(116,0,'dma.gestionpro@gmail.com','','','185.93.228.17','2020-07-28 10:50:14'),(117,0,'jclhotellier@gmail.com','','','185.93.228.17','2020-07-28 11:00:02'),(118,835,'michel.remy@prologrem.com','','','66.248.203.17','2020-07-31 08:18:30'),(119,0,'christine.grigolato@bemove.be','','','66.248.203.17','2020-07-31 08:37:39'),(120,0,'jean-francois.degand@added-synergies.eu','','','66.248.203.17','2020-08-03 14:51:38'),(121,839,'info@jvtraduction.com','','','66.248.203.17','2020-08-06 07:40:08'),(122,841,'developer1607@gmail.com','','','66.248.202.17','2020-08-12 08:26:31'),(156,0,'wim@nooitmeer.be','','','66.248.203.17','2020-09-24 09:19:03'),(124,843,'user@gmail.com','','','66.248.202.17','2020-08-12 09:25:28'),(125,816,'tester@gmail.com','gfdgfd','tester','66.248.202.17','2020-08-12 11:28:17'),(126,0,'brann.etienne@gmail.com','','','185.93.228.17','2020-08-14 12:30:08'),(127,0,'willem@vnck.be','','','66.248.203.17','2020-08-18 14:17:20'),(128,0,'dolores.platteau@skynet.be','','','66.248.203.17','2020-08-20 09:35:32'),(129,0,'cathy@optimazing.be','','','66.248.203.17','2020-08-20 13:08:44'),(130,0,'stijn@bussies.be','','','66.248.203.17','2020-08-24 12:21:31'),(131,901,'bob@morane.com','','','66.248.203.17','2020-08-27 16:54:48'),(132,0,'audrey.ngomsik@trianon-sws.com','','','66.248.203.17','2020-08-31 06:28:08'),(133,0,'bart@statera.expert','','','66.248.203.17','2020-08-31 17:37:03'),(134,0,'info@svita.be','','','66.248.203.17','2020-09-01 07:41:17'),(135,0,'olivier.cavaro@protonmail.com','','','185.93.228.17','2020-09-01 08:03:51'),(136,0,'stephan@wildt-tc.eu','','','66.248.203.17','2020-09-01 15:00:48'),(137,0,'developertest123@yopmail.com','','','66.248.202.17','2020-09-03 05:31:19'),(138,0,'developertest12@yopmail.com','','','66.248.202.17','2020-09-03 05:47:08'),(139,328,'gurjot@winignite.club','developer','developer','66.248.202.17','2020-09-03 09:13:47'),(140,925,'svduin18@gmail.com','','','185.93.228.17','2020-09-04 13:10:25'),(141,924,'gert.mertens@meetingthepeople.be','','','66.248.203.17','2020-09-04 18:09:51'),(142,0,'alexandrecougnenc@t-s-consulting.fr','','','185.93.228.17','2020-09-05 11:31:57'),(143,0,'bill.clinton@winignite.club','','','66.248.203.17','2020-09-07 10:19:23'),(144,0,'tested2323@yopmail.com','','','66.248.202.17','2020-09-08 04:27:17'),(145,910,'tested233@yopmail.com','','','66.248.202.17','2020-09-08 05:11:21'),(146,887,'didierj.masson@gmail.com','Masson','Didier','66.248.203.17','2020-09-08 06:29:31'),(147,0,'testingg@yopmail.com','','','66.248.202.17','2020-09-08 11:37:52'),(148,0,'finaltesting23@yopmail.com','','','66.248.202.17','2020-09-10 06:50:56'),(149,0,'apsra@yopmail.com','','','66.248.202.17','2020-09-12 04:16:38'),(150,0,'dvandenbroeck@me.com','','','66.248.203.17','2020-09-14 17:37:09'),(151,0,'finaltest2323@yopmail.com','','','66.248.202.17','2020-09-15 07:05:26'),(152,0,'testersingh@gmail.com','','','66.248.202.17','2020-09-16 11:17:05'),(153,0,'saxarrottej-2576@yopmail.com','','','66.248.202.17','2020-09-16 11:31:11'),(154,0,'goingfwd@outlook.be','','','185.93.230.17','2020-09-21 10:05:05'),(155,0,'patgen@gmail.com','','','185.93.230.17','2020-09-23 08:14:00'),(157,0,'aurelie.coutiez@hotmail.com','','','66.248.203.17','2020-09-24 15:43:43'),(158,0,'bart.verlinden@vpharmaservices.com','','','66.248.203.17','2020-09-29 15:09:22'),(159,0,'rikinako-1765@yopmail.com','','','66.248.202.17','2020-10-05 08:25:24'),(160,0,'nathalie@bluequeenproductions.be','','','66.248.203.17','2020-10-12 16:55:09'),(161,0,'dominique@c4d.io','','','66.248.203.17','2020-11-14 07:02:54'),(162,988,'johan@jouwnetwerkcoach.be','','','66.248.203.17','2020-11-14 12:53:54'),(163,0,'anneleen@oboelo.be','','','66.248.203.17','2020-11-16 13:49:45'),(164,0,'nathalieleys@icloud.com','','','66.248.203.17','2020-12-03 17:05:35'),(165,0,'kelly.vanmeldert@gmail.com','','','66.248.203.17','2020-12-07 17:34:41'),(166,1011,'jeroen.warmenbol@gmail.com','Warmenbol','Jeroen','66.248.203.17','2020-12-10 19:09:21'),(167,0,'devnew@yopmail.com','','','66.248.202.17','2020-12-16 10:57:33'),(168,1041,'accounts@cursuscenter.be','Wittezaele','Ben','66.248.203.17','2020-12-16 14:37:07'),(169,0,'usertwo@yopmail.com','','','66.248.202.17','2020-12-17 05:01:27'),(170,0,'ssss@yopmail.com','','','66.248.202.17','2020-12-18 05:00:53'),(171,0,'treat@yopmail.com','','','66.248.202.17','2020-12-21 10:58:21'),(172,0,'newttt@yopmail.com','','','66.248.202.17','2020-12-21 11:03:09'),(173,1101,'sarah@winignite.club','Sarah','Porte','109.134.163.90','2021-02-07 08:57:11'),(174,1102,'paul@winignite.club','Paul','Pot','109.134.163.90','2021-02-07 09:05:05'),(175,1103,'rob@winignite.club','Rob','Innet','109.134.163.90','2021-02-07 09:09:02'),(176,1104,'kara@winignite.club','Kara','Mel','109.134.163.90','2021-02-07 09:12:15'),(177,1188,'nathalie@coachingpraktijkeigenkracht.nl','Nathalie','Van Ounsen','82.176.128.137','2021-02-22 07:54:38'),(178,1331,'michel@REDeyes.be','Michel','Vanden Bossche','109.129.161.30','2021-03-22 13:47:24');
/*!40000 ALTER TABLE `f42_affiliate_wp_customers` ENABLE KEYS */;
UNLOCK TABLES;

--
-- Table structure for table `f42_affiliate_wp_invites_sent`
--

DROP TABLE IF EXISTS `f42_affiliate_wp_invites_sent`;
/*!40101 SET @saved_cs_client     = @@character_set_client */;
/*!40101 SET character_set_client = utf8 */;
CREATE TABLE `f42_affiliate_wp_invites_sent` (
  `invite_id` bigint(20) NOT NULL AUTO_INCREMENT,
  `affiliate_id` bigint(20) NOT NULL,
  `email` mediumtext NOT NULL,
  `date_sent` datetime NOT NULL,
  `date_modified` datetime NOT NULL,
  `status` tinytext NOT NULL,
  PRIMARY KEY (`invite_id`),
  KEY `affiliate_id` (`affiliate_id`)
) ENGINE=InnoDB AUTO_INCREMENT=465 DEFAULT CHARSET=utf8;
/*!40101 SET character_set_client = @saved_cs_client */;

--
-- Dumping data for table `f42_affiliate_wp_invites_sent`
--

LOCK TABLES `f42_affiliate_wp_invites_sent` WRITE;
/*!40000 ALTER TABLE `f42_affiliate_wp_invites_sent` DISABLE KEYS */;
INSERT INTO `f42_affiliate_wp_invites_sent` VALUES (1,3,'leon.lebon@hotmail.com','2019-09-05 12:52:39','2019-09-07 13:29:12','declined'),(2,9,'leon.lebon@hotmail.com','2019-09-05 13:31:38','2019-09-07 13:29:12','declined'),(3,3,'leon.lebon@hotmail.com','2019-09-07 13:18:31','2019-09-07 13:29:12','declined'),(4,3,'jpdelmeire@hotmail.com','2019-09-07 13:18:31','2019-09-07 13:18:31','sent'),(5,3,'leon.lebon@hotmail.com','2019-09-07 13:25:28','2019-09-07 13:29:12','declined'),(6,3,'jpdelmeire@hotmail.com','2019-09-07 13:25:28','2019-09-07 13:25:28','sent'),(7,20,'sonia.colombi@triplepconsulting.be','2019-09-09 09:50:19','2019-09-09 09:50:19','sent'),(8,20,'thierry.de.vries@outlook.com','2019-09-09 09:50:19','2019-09-09 09:50:19','sent'),(9,20,'Olivier.Bouffioux@blexpertise.be','2019-09-09 09:50:19','2019-09-09 09:50:19','sent'),(10,20,'eric.bz@lacharte.be','2019-09-09 09:50:19','2019-09-09 09:50:19','sent'),(11,20,'sanfactory14@gmail.com','2019-09-09 09:50:19','2019-09-09 09:50:19','sent'),(12,29,'jdemussy@aliseos.be','2019-09-14 16:52:50','2019-09-14 16:52:50','sent'),(13,29,'vgboudaud@gmail.com','2019-09-15 15:36:52','2019-09-15 15:36:52','sent'),(14,20,'alain.dupont0112@gmail.com','2019-09-19 10:56:01','2019-09-19 10:56:01','sent'),(15,20,'ivan.anckaert@gmail.com','2019-09-19 10:56:01','2019-09-19 10:56:01','sent'),(16,20,'jmherr.ephemera@gmail.com','2019-09-19 10:56:01','2019-09-19 10:56:01','sent'),(17,20,'jerome.boudart@gmail.com','2019-09-19 10:56:01','2019-09-19 10:56:01','sent'),(18,20,'laurent.chacon@greenmouseconcept.com','2019-09-19 10:56:01','2019-09-19 10:56:01','sent'),(19,20,'alain.dupont0112@gmail.com','2019-09-19 10:57:32','2019-09-19 10:57:32','sent'),(20,35,'fga@live.be','2019-09-20 11:31:16','2019-09-20 11:31:16','sent'),(21,34,'info@sonataproductions.be','2019-10-02 08:28:17','2019-10-02 08:28:17','sent'),(22,34,'Steven@treeleaf.be','2019-10-02 08:28:17','2019-10-02 08:28:17','sent'),(23,34,'muriel@2mpower.be','2019-10-02 08:28:17','2019-10-02 08:28:17','sent'),(24,34,'dimi@lettersandpixels.be','2019-10-02 08:28:17','2019-10-02 08:28:17','sent'),(25,34,'tine.plevoets@gmail.com','2019-10-02 08:28:17','2019-10-02 08:28:17','sent'),(26,29,'jdemussy@aliseos.be','2019-10-02 17:29:30','2019-10-02 17:29:30','sent'),(27,111,'annick@lettersandpixels.be','2019-10-08 11:23:39','2019-10-08 11:23:39','sent'),(28,20,'fred.lessire@gmail.com','2019-10-17 05:25:11','2019-10-17 05:25:11','sent'),(29,20,'geert.volkaerts@triacon.be','2019-10-17 05:25:11','2019-10-17 05:25:11','sent'),(30,20,'merken.maarten@gmail.com','2019-10-17 05:25:11','2019-10-17 05:25:11','sent'),(31,20,'nicolas.pages@leolix.com','2019-10-17 05:25:11','2019-10-17 05:25:11','sent'),(32,20,'shagha@wildmind.be','2019-10-17 05:25:11','2019-10-17 05:25:11','sent'),(33,20,'mvh@greenstone.be','2019-10-17 05:27:15','2019-10-17 05:27:15','sent'),(34,20,'Info@momentuum.eu','2019-10-17 05:28:22','2019-10-17 05:28:22','sent'),(35,20,'soaresdaphne@hotmail.com','2019-10-17 05:28:22','2019-10-17 05:28:22','sent'),(36,20,'angeliquehartleb2@gmail.com','2019-10-17 05:28:22','2019-10-17 05:28:22','sent'),(37,20,'leen@foolstop.be','2019-10-17 05:32:21','2019-10-17 05:32:21','sent'),(38,20,'pdebuisson@dpiteam.com','2019-10-17 05:32:21','2019-10-17 05:32:21','sent'),(39,20,'pierre.scholts@skynet.be','2019-10-17 05:32:21','2019-10-17 05:32:21','sent'),(40,34,'mctls@outlook.com','2019-10-20 19:30:01','2019-10-20 19:30:01','sent'),(41,34,'sandra@Hqvector.be','2019-10-20 19:33:01','2019-10-20 19:33:01','sent'),(42,34,'mik@vamiks.be','2019-10-20 20:40:14','2019-10-20 20:40:14','sent'),(43,34,'krist@businessinbalance.be','2019-10-20 20:40:14','2019-10-20 20:40:14','sent'),(44,34,'jenny.cornelis@catusco.com','2019-10-20 20:40:14','2019-10-20 20:40:14','sent'),(45,29,'christophe.vanhede@dexeb.be','2019-10-22 11:31:30','2019-10-22 11:31:30','sent'),(46,1,'developer1602@gmail.com','2019-10-23 05:16:33','2019-10-23 05:16:33','sent'),(47,1,'developer1602@gmail.com','2019-10-23 05:24:40','2019-10-23 05:24:40','sent'),(48,1,'developer1602@gmail.com','2019-10-23 05:25:55','2019-10-23 05:25:55','sent'),(49,1,'developer1602@gmail.com','2019-10-23 05:29:05','2019-10-23 05:29:05','sent'),(50,1,'developer1602@gmail.com','2019-10-23 05:32:08','2019-10-23 05:32:08','sent'),(51,1,'developer1602@gmail.com','2019-10-23 05:32:26','2019-10-23 05:32:26','sent'),(52,1,'developer1602@gmail.com','2019-10-23 05:58:02','2019-10-23 05:58:02','sent'),(53,1,'developer1602@gmail.com','2019-10-23 06:11:44','2019-10-23 06:11:44','sent'),(54,1,'developer1602@gmail.com','2019-10-23 06:14:30','2019-10-23 06:14:30','sent'),(55,1,'developer1602@gmail.com','2019-10-23 06:17:24','2019-10-23 06:17:24','sent'),(56,1,'developer1602@gmail.com','2019-10-23 06:22:25','2019-10-23 06:22:25','sent'),(57,1,'developer1602@gmail.com','2019-10-23 06:58:09','2019-10-23 06:58:09','sent'),(58,1,'developer1602@gmail.com','2019-11-15 06:57:39','2019-11-15 06:57:39','sent'),(59,141,'christophe.vanhede@ucm.be','2019-11-22 14:16:55','2019-11-22 14:16:55','sent'),(60,29,'lzecchinon@gmail.com','2019-11-25 20:34:01','2019-11-25 20:34:01','sent'),(61,29,'pigeolet.melanie@gmail.com','2019-11-25 20:34:01','2019-11-25 20:34:01','sent'),(62,29,'claude-henri.convent@lenstersmart.tech','2019-12-16 06:20:06','2019-12-16 06:20:06','sent'),(63,29,'claude-henri.convent@lenstersmart.tech','2019-12-16 13:41:56','2019-12-16 13:41:56','sent'),(64,155,'kvtconsulting@outlook.be','2019-12-20 16:00:21','2019-12-20 16:00:21','sent'),(65,29,'jeanjacquespisano@gmail.com','2020-01-08 21:45:32','2020-01-08 21:45:32','sent'),(66,20,'thierry.bouffioux@gmail.com','2020-01-21 07:38:24','2020-01-21 07:38:24','sent'),(67,111,'johan.huygh@ToManage.eu','2020-02-04 15:21:22','2020-02-04 15:21:22','sent'),(68,1,'developer1602@gmail.com','2020-02-13 10:44:52','2020-02-13 10:44:52','sent'),(69,1,'developer1602@gmail.com','2020-02-13 12:06:28','2020-02-13 12:06:28','sent'),(70,2,'developer1602@gmail.com','2020-02-13 12:42:13','2020-02-13 12:42:13','sent'),(71,29,'romina@youphoria.be','2020-02-13 21:47:56','2020-02-13 21:47:56','sent'),(72,155,'van_impe_annouchka@hotmail.com','2020-02-16 10:36:41','2020-02-16 10:36:41','sent'),(73,20,'cyrille.roy@outlook.com','2020-02-17 05:36:52','2020-02-17 05:36:52','sent'),(74,177,'thierry.jourquin@topic-group.com','2020-02-17 07:53:02','2020-02-17 07:53:02','sent'),(75,177,'francois.dor@topic-group.com','2020-02-17 07:53:02','2020-02-17 07:53:02','sent'),(76,177,'frank.dewinter@topic-group.com','2020-02-17 07:53:02','2020-02-17 07:53:02','sent'),(77,222,'developer1602@gmail.com','2020-02-17 08:04:18','2020-02-17 08:04:18','sent'),(78,222,'developer1602@gmail.com','2020-02-17 08:08:07','2020-02-17 08:08:07','sent'),(79,222,'developer1602@gmail.com','2020-02-17 09:10:54','2020-02-17 09:10:54','sent'),(80,19,'pjanssens@kpd.be','2020-02-20 10:32:22','2020-02-20 10:32:22','sent'),(81,205,'bart@ihop.be','2020-02-23 10:40:07','2020-02-23 10:40:07','sent'),(82,20,'stef@winignite.club','2020-02-27 10:54:25','2020-02-27 10:54:25','sent'),(83,19,'merken.maarten@gmail.com','2020-02-27 12:23:48','2020-02-27 12:23:48','sent'),(84,222,'testdeveloper1608@yopmail.com','2020-03-02 14:07:07','2020-03-02 14:07:07','sent'),(85,222,'testdeveloper1609@yopmail.com','2020-03-02 14:07:21','2020-03-02 14:07:21','sent'),(86,222,'testdeveloper1610@yopmail.com','2020-03-02 14:07:51','2020-03-02 14:07:51','sent'),(87,222,'testdeveloper1611@yopmail.com','2020-03-02 14:08:10','2020-03-02 14:08:10','sent'),(88,222,'testdeveloper1612@yopmail.com','2020-03-02 14:08:24','2020-03-02 14:08:24','sent'),(89,222,'testdeveloper1613@yopmail.com','2020-03-02 14:08:41','2020-03-02 14:08:41','sent'),(90,222,'testdeveloper1614@yopmail.com','2020-03-02 14:08:56','2020-03-02 14:08:56','sent'),(91,222,'testdeveloper1615@yopmail.com','2020-03-02 14:09:20','2020-03-02 14:09:20','sent'),(92,222,'testdeveloper1615@yopmail.com','2020-03-02 14:10:52','2020-03-02 14:10:52','sent'),(93,29,'laurent@sustain-it.be','2020-03-03 09:35:46','2020-03-03 09:35:46','sent'),(94,20,'nele@winignite.club','2020-03-04 08:12:32','2020-03-04 08:12:32','sent'),(95,34,'Bert@futureproved.be','2020-03-05 10:46:10','2020-03-05 10:46:10','sent'),(96,34,'Karinvandergeeten@gmail.com','2020-03-05 10:46:10','2020-03-05 10:46:10','sent'),(97,34,'anne.adb@gmail.com','2020-03-05 10:46:10','2020-03-05 10:46:10','sent'),(98,222,'developer1607nwaff@yopmail.com','2020-03-05 13:17:59','2020-03-05 13:17:59','sent'),(99,20,'serge@winignite.club','2020-03-05 13:22:11','2020-03-05 13:22:11','sent'),(100,20,'pierre@talencia.be','2020-03-13 12:10:59','2020-03-13 12:10:59','sent'),(101,205,'angelique@beurscoach.be','2020-03-19 09:43:31','2020-03-19 09:43:31','sent'),(102,205,'piet.verhoeve@origanius.com','2020-03-25 14:09:17','2020-03-25 14:09:17','sent'),(103,205,'robin@strever.be','2020-03-25 14:10:45','2020-03-25 14:10:45','sent'),(104,20,'andre.vanhecke@mediavh.com','2020-03-27 12:03:32','2020-03-27 12:03:32','sent'),(105,29,'miriam.garando@live.com','2020-03-27 13:24:01','2020-03-27 13:24:01','sent'),(106,34,'jenny.cornelis@catusco.com','2020-03-27 14:46:34','2020-03-27 14:46:34','sent'),(107,34,'Bert@futureproved.be','2020-04-01 12:16:33','2020-04-01 12:16:33','sent'),(108,157,'jenny.cornelis@catusco.com','2020-04-02 08:20:23','2020-04-02 08:20:23','sent'),(109,29,'nadine@talent2be.be','2020-04-07 18:54:56','2020-04-07 18:54:56','sent'),(110,29,'mvermeesch@moneyoak.com','2020-04-07 18:54:56','2020-04-07 18:54:56','sent'),(111,29,'kristof@menacon.be','2020-04-07 18:54:57','2020-04-07 18:54:57','sent'),(112,29,'benoit.pissot.01@gmail.com','2020-04-08 17:51:38','2020-04-08 17:51:38','sent'),(113,29,'daniel.azbel@i-lance.eu','2020-04-08 17:51:39','2020-04-08 17:51:39','sent'),(114,29,'vvmierlo@hotmail.com','2020-04-09 19:51:10','2020-04-09 19:51:10','sent'),(115,29,'katjalegisa@gmail.com','2020-04-10 19:43:45','2020-04-10 19:43:45','sent'),(116,157,'veerle.van.aken@telenet.be','2020-04-14 15:08:24','2020-04-14 15:08:24','sent'),(117,29,'maite@marketrotters.com','2020-04-14 17:19:19','2020-04-14 17:19:19','sent'),(118,29,'Kurt.Liessens@gmail.com','2020-04-14 17:19:20','2020-04-14 17:19:20','sent'),(119,29,'Biomimicry.be@gmail.com','2020-04-15 18:14:09','2020-04-15 18:14:09','sent'),(120,29,'Lo.dcoster@gmail.com','2020-04-15 18:14:10','2020-04-15 18:14:10','sent'),(121,29,'fantaccie@gmail.com','2020-04-15 18:14:10','2020-04-15 18:14:10','sent'),(122,29,'laurence@crocusmarketing.be','2020-04-15 18:14:10','2020-04-15 18:14:10','sent'),(123,29,'Nicolasbernard-3@hotmail.com','2020-04-15 18:14:10','2020-04-15 18:14:10','sent'),(124,315,'yannick.giarrizzo@gmail.com','2020-04-16 21:37:38','2020-04-16 21:37:38','sent'),(125,315,'laetitia_montalbano@yahoo.fr','2020-04-16 22:02:08','2020-04-16 22:02:08','sent'),(126,315,'contact@graphmoska.com','2020-04-18 22:59:48','2020-04-18 22:59:48','sent'),(127,315,'jennytuts85@gmail.com','2020-04-19 13:57:05','2020-04-19 13:57:05','sent'),(128,315,'cepa82@live.be','2020-04-21 17:30:27','2020-04-21 17:30:27','sent'),(129,315,'veronique@lescheff.be','2020-04-21 20:20:56','2020-04-21 20:20:56','sent'),(130,34,'gdr@3hr.be','2020-04-22 15:54:19','2020-04-22 15:54:19','sent'),(131,34,'Bert@futureproved.be','2020-04-22 15:54:39','2020-04-22 15:54:39','sent'),(132,29,'mo@makegoodsense.be','2020-04-23 07:20:34','2020-04-23 07:20:34','sent'),(133,393,'Info@immomamaison.be','2020-04-26 20:17:35','2020-04-26 20:17:35','sent'),(134,393,'Info@immomamaison.be','2020-04-27 12:06:21','2020-04-27 12:06:21','sent'),(135,29,'Marie-Pierre.fivet@optiprodata.be','2020-04-27 16:36:32','2020-04-27 16:36:32','sent'),(136,20,'tom@winignite.club','2020-04-30 04:19:49','2020-04-30 04:19:49','sent'),(137,403,'testuser3@yopmail.com','2020-04-30 07:41:16','2020-04-30 07:41:16','sent'),(138,403,'kamini.saini.9091@gmail.com','2020-04-30 08:49:41','2020-04-30 08:49:41','sent'),(139,403,'kamini.saini.9091@gmail.com','2020-04-30 08:53:59','2020-04-30 08:53:59','sent'),(140,403,'testuser3@yopmail.com','2020-04-30 09:05:39','2020-04-30 09:05:39','sent'),(141,403,'kamini.saini.9091@gmail.com','2020-04-30 09:11:19','2020-04-30 09:11:19','sent'),(142,407,'kamini.saini.9091@gmail.com','2020-04-30 09:19:11','2020-04-30 09:19:11','sent'),(143,407,'kamini.saini.9091@gmail.com','2020-04-30 09:39:49','2020-04-30 09:39:49','sent'),(144,20,'developer1607@gmail.com','2020-04-30 11:53:39','2020-04-30 11:53:39','sent'),(145,407,'kamini.saini.9091@gmail.com','2020-04-30 13:08:40','2020-04-30 13:08:40','sent'),(146,407,'kamini.saini.9091@gmail.com','2020-04-30 13:09:48','2020-04-30 13:09:48','sent'),(147,407,'kamini.saini.9091@gmail.com','2020-04-30 13:11:40','2020-04-30 13:11:40','sent'),(148,407,'kamini.saini.9091@gmail.com','2020-04-30 13:13:14','2020-04-30 13:13:14','sent'),(149,407,'kamini.saini.9091@gmail.com','2020-04-30 13:35:05','2020-04-30 13:35:05','sent'),(150,407,'kamini.saini.9091@gmail.com','2020-04-30 13:35:56','2020-04-30 13:35:56','sent'),(151,407,'kamini.saini.9091@gmail.com','2020-04-30 13:50:25','2020-04-30 13:50:25','sent'),(152,407,'kamini.saini.9091@gmail.com','2020-04-30 14:48:10','2020-04-30 14:48:10','sent'),(153,407,'kamini.saini.9091@gmail.com','2020-04-30 14:56:52','2020-04-30 14:56:52','sent'),(154,407,'kamini.saini.9091@gmail.com','2020-04-30 14:57:19','2020-04-30 14:57:19','sent'),(155,407,'kamini.saini.9091@gmail.com','2020-04-30 15:01:15','2020-04-30 15:01:15','sent'),(156,407,'kamini.saini.9091@gmail.com','2020-04-30 15:01:18','2020-04-30 15:01:18','sent'),(157,407,'kamini.saini.9091@gmail.com','2020-04-30 15:05:31','2020-04-30 15:05:31','sent'),(158,407,'kamini.saini.9091@gmail.com','2020-04-30 15:31:27','2020-04-30 15:31:27','sent'),(159,407,'kamini.saini.9091@gmail.com','2020-04-30 15:32:43','2020-04-30 15:32:43','sent'),(160,407,'kamini.saini.9091@gmail.com','2020-04-30 15:36:09','2020-04-30 15:36:09','sent'),(161,407,'kamini.saini.9091@gmail.com','2020-04-30 15:41:10','2020-04-30 15:41:10','sent'),(162,407,'kamini.saini.9091@gmail.com','2020-04-30 15:43:06','2020-04-30 15:43:06','sent'),(163,407,'kamini.saini.9091@gmail.com','2020-04-30 15:59:00','2020-04-30 15:59:00','sent'),(164,407,'kamini.saini.9091@gmail.com','2020-04-30 16:01:48','2020-04-30 16:01:48','sent'),(165,407,'kamini.saini.9091@gmail.com','2020-04-30 16:02:02','2020-04-30 16:02:02','sent'),(166,407,'kamini.saini.9091@gmail.com','2020-04-30 16:08:01','2020-04-30 16:08:01','sent'),(167,29,'Danielle.houart@hotmail.com','2020-04-30 16:18:47','2020-04-30 16:18:47','sent'),(168,29,'hachemma.deom@gmail.com','2020-04-30 16:18:47','2020-04-30 16:18:47','sent'),(169,29,'vhouchard@danalys.be','2020-04-30 16:19:52','2020-04-30 16:19:52','sent'),(170,29,'info@limonad.be','2020-04-30 16:34:39','2020-04-30 16:34:39','sent'),(171,407,'kamini.saini.9091@gmail.com','2020-05-01 07:58:41','2020-05-01 07:58:41','sent'),(172,407,'developer1607@gmail.com','2020-05-01 07:59:46','2020-05-01 07:59:46','sent'),(173,407,'developer1607@gmail.com','2020-05-01 08:02:54','2020-05-01 08:02:54','sent'),(174,407,'developer1607@gmail.com','2020-05-01 08:23:12','2020-05-01 08:23:12','sent'),(175,407,'developer1607@gmail.com','2020-05-01 08:36:42','2020-05-01 08:36:42','sent'),(176,407,'developer1607@gmail.com','2020-05-01 08:37:05','2020-05-01 08:37:05','sent'),(177,29,'jeanluc.henrioul@skynet.be','2020-05-01 11:33:56','2020-05-01 11:33:56','sent'),(178,407,'developer1607@gmail.com','2020-05-01 14:14:58','2020-05-01 14:14:58','sent'),(179,407,'developer1607@gmail.com','2020-05-04 07:44:20','2020-05-04 07:44:20','sent'),(180,407,'developer1607@gmail.com','2020-05-04 07:47:01','2020-05-04 07:47:01','sent'),(181,407,'developer1607@gmail.com','2020-05-04 07:56:15','2020-05-04 07:56:15','sent'),(182,407,'developer1607@gmail.com','2020-05-04 07:56:56','2020-05-04 07:56:56','sent'),(183,407,'developer1607@gmail.com','2020-05-04 07:57:48','2020-05-04 07:57:48','sent'),(184,407,'developer1607@gmail.com','2020-05-04 10:13:02','2020-05-04 10:13:02','sent'),(185,407,'developer1607@gmail.com','2020-05-04 10:22:09','2020-05-04 10:22:09','sent'),(186,407,'developer1607@gmail.com','2020-05-04 10:23:56','2020-05-04 10:23:56','sent'),(187,407,'developer1607@gmail.com','2020-05-04 10:25:05','2020-05-04 10:25:05','sent'),(188,407,'developer1607@gmail.com','2020-05-04 10:26:39','2020-05-04 10:26:39','sent'),(189,407,'developer1607@gmail.com','2020-05-04 10:30:07','2020-05-04 10:30:07','sent'),(190,407,'developer1607@gmail.com','2020-05-04 10:31:27','2020-05-04 10:31:27','sent'),(191,407,'developer1607@gmail.com','2020-05-04 10:31:28','2020-05-04 10:31:28','sent'),(192,407,'developer1607@gmail.com','2020-05-04 10:33:13','2020-05-04 10:33:13','sent'),(193,407,'developer1607@gmail.com','2020-05-04 10:34:17','2020-05-04 10:34:17','sent'),(194,407,'developer1607@gmail.com','2020-05-04 10:53:12','2020-05-04 10:53:12','sent'),(195,29,'mail@fredericmorreale.com','2020-05-04 13:08:09','2020-05-04 13:08:09','sent'),(196,34,'annelies@fisc-it.be','2020-05-04 15:33:00','2020-05-04 15:33:00','sent'),(197,34,'annelies@fisc-it.be','2020-05-04 15:33:07','2020-05-04 15:33:07','sent'),(198,34,'annelies@fisc-it.be','2020-05-04 15:33:08','2020-05-04 15:33:08','sent'),(199,34,'annelies@fisc-it.be','2020-05-04 15:33:17','2020-05-04 15:33:17','sent'),(200,34,'annelies@fisc-it.be','2020-05-04 15:33:20','2020-05-04 15:33:20','sent'),(201,34,'annelies@fisc-it.be','2020-05-04 15:33:42','2020-05-04 15:33:42','sent'),(202,34,'annelies@fisc-it.be','2020-05-04 15:33:45','2020-05-04 15:33:45','sent'),(203,34,'annelies@fisc-it.be','2020-05-04 15:33:46','2020-05-04 15:33:46','sent'),(204,34,'annelies@fisc-it.be','2020-05-04 15:33:47','2020-05-04 15:33:47','sent'),(205,29,'anne.guillaume32@gmail.com','2020-05-04 17:51:36','2020-05-04 17:51:36','sent'),(206,34,'verdonckvic@beyoe.be','2020-05-04 20:30:01','2020-05-04 20:30:01','sent'),(207,34,'verdonckvic@beyoe.be','2020-05-04 20:30:07','2020-05-04 20:30:07','sent'),(208,34,'Bert@futureproved.be','2020-05-05 15:55:31','2020-05-05 15:55:31','sent'),(209,34,'Bert@futureproved.be','2020-05-05 15:55:34','2020-05-05 15:55:34','sent'),(210,34,'Bert@futureproved.be','2020-05-05 15:55:36','2020-05-05 15:55:36','sent'),(211,34,'Bert@futureproved.be','2020-05-05 15:55:52','2020-05-05 15:55:52','sent'),(212,34,'Bert@futureproved.be','2020-05-05 15:55:59','2020-05-05 15:55:59','sent'),(213,34,'Bert@futureproved.be','2020-05-05 15:56:04','2020-05-05 15:56:04','sent'),(214,19,'tom.haepers@thconsulting.be','2020-05-06 12:34:20','2020-05-06 12:34:20','sent'),(215,294,'diane.smets@advisoryarts.be','2020-05-06 14:51:00','2020-05-06 14:51:00','sent'),(216,407,'developer1607@gmail.com','2020-05-06 16:17:04','2020-05-06 16:17:04','sent'),(217,407,'developer1607@gmail.com','2020-05-06 16:17:09','2020-05-06 16:17:09','sent'),(218,407,'developer1607@gmail.com','2020-05-06 16:23:24','2020-05-06 16:23:24','sent'),(219,407,'developer1607@gmail.com','2020-05-06 16:46:29','2020-05-06 16:46:29','sent'),(220,29,'Info@martinlisen.com','2020-05-07 06:38:29','2020-05-07 06:38:29','sent'),(221,29,'fabrice@hd4u.be','2020-05-07 06:38:30','2020-05-07 06:38:30','sent'),(222,29,'stacey.buys@pentachord.be','2020-05-07 06:38:30','2020-05-07 06:38:30','sent'),(223,29,'celine.gouttiere@ithexcellence.be','2020-05-07 06:38:30','2020-05-07 06:38:30','sent'),(224,29,'frederic.watelet@skynet.be','2020-05-07 06:38:30','2020-05-07 06:38:30','sent'),(225,157,'veerle.van.aken@telenet.be','2020-05-07 08:05:37','2020-05-07 08:05:37','sent'),(226,294,'patrice.gobert@uclouvain.be','2020-05-07 10:46:34','2020-05-07 10:46:34','sent'),(227,294,'nicolas@lead.be','2020-05-07 10:51:50','2020-05-07 10:51:50','sent'),(228,34,'momentum@lennardlouisy.com','2020-05-08 18:11:05','2020-05-08 18:11:05','sent'),(229,34,'kristel@wiewawa.be','2020-05-09 08:30:47','2020-05-09 08:30:47','sent'),(230,34,'paul@dgconsult.be','2020-05-11 10:36:49','2020-05-11 10:36:49','sent'),(231,294,'eric.vanbiervliet@gmail.com','2020-05-11 15:10:44','2020-05-11 15:10:44','sent'),(232,34,'paul@dgconsult.be','2020-05-11 15:46:42','2020-05-11 15:46:42','sent'),(233,34,'dirk@PMstudio.be','2020-05-12 18:50:44','2020-05-12 18:50:44','sent'),(234,424,'enconseil@gmail.com','2020-05-13 18:18:11','2020-05-13 18:18:11','sent'),(235,424,'charlouis.demaere@gmail.com','2020-05-13 18:18:11','2020-05-13 18:18:11','sent'),(236,424,'dufrane.nicolas@gmail.com','2020-05-13 18:18:11','2020-05-13 18:18:11','sent'),(237,424,'adrien@senseoftech.be','2020-05-13 18:18:12','2020-05-13 18:18:12','sent'),(238,29,'fsa@agefi.be','2020-05-13 18:44:16','2020-05-13 18:44:16','sent'),(239,34,'DM.Lieve@feelgood2.be','2020-05-13 21:27:10','2020-05-13 21:27:10','sent'),(240,34,'DM.Lieve@feelgood2.be','2020-05-13 21:27:12','2020-05-13 21:27:12','sent'),(241,34,'siemonvanderhulst@hotmail.com','2020-05-13 21:28:54','2020-05-13 21:28:54','sent'),(242,315,'cepa82@live.be','2020-05-15 10:31:17','2020-05-15 10:31:17','sent'),(243,34,'cindy@boekhouderonline.be','2020-05-15 18:10:06','2020-05-15 18:10:06','sent'),(244,294,'christine@digitaldetoxacademy.eu','2020-05-18 15:58:12','2020-05-18 15:58:12','sent'),(245,157,'geert_nijs@outlook.com','2020-05-19 07:05:17','2020-05-19 07:05:17','sent'),(246,29,'natacha.van.haneghem@telenet.be','2020-05-19 11:53:22','2020-05-19 11:53:22','sent'),(247,29,'phil.bowker@gmail.com','2020-05-19 11:53:23','2020-05-19 11:53:23','sent'),(248,426,'info@maartendeblock.be','2020-05-19 15:48:55','2020-05-19 15:48:55','sent'),(249,20,'tom@winignite.club','2020-05-22 17:34:16','2020-05-22 17:34:16','sent'),(250,472,'Goele@leyder.be','2020-05-23 08:09:35','2020-05-23 08:09:35','sent'),(251,472,'christine.wittoeck@gmail.com','2020-05-23 08:09:35','2020-05-23 08:09:35','sent'),(252,472,'bergmansjoni@gmail.com','2020-05-25 07:54:13','2020-05-25 07:54:13','sent'),(253,407,'developer1607@gmail.com','2020-05-26 12:27:07','2020-05-26 12:27:07','sent'),(254,407,'developer1607@gmail.com','2020-05-26 12:29:24','2020-05-26 12:29:24','sent'),(255,407,'developer1607@gmail.com','2020-05-26 12:35:50','2020-05-26 12:35:50','sent'),(256,407,'developer1607@gmail.com','2020-05-26 12:59:51','2020-05-26 12:59:51','sent'),(257,407,'developer1607@gmail.com','2020-05-26 13:02:16','2020-05-26 13:02:16','sent'),(258,407,'developer1607@gmail.com','2020-05-26 13:03:45','2020-05-26 13:03:45','sent'),(259,407,'developer1607@gmail.com','2020-05-26 13:05:12','2020-05-26 13:05:12','sent'),(260,407,'developer1607@gmail.com','2020-05-26 13:09:37','2020-05-26 13:09:37','sent'),(261,407,'developer1607@gmail.com','2020-05-26 13:11:25','2020-05-26 13:11:25','sent'),(262,407,'developer1607@gmail.com','2020-05-26 13:12:11','2020-05-26 13:12:11','sent'),(263,407,'developer1607@gmail.com','2020-05-26 13:13:32','2020-05-26 13:13:32','sent'),(264,407,'developer1607@gmail.com','2020-05-26 13:14:34','2020-05-26 13:14:34','sent'),(265,407,'developer1607@gmail.com','2020-05-26 13:20:17','2020-05-26 13:20:17','sent'),(266,407,'developer1607@gmail.com','2020-05-26 13:33:00','2020-05-26 13:33:00','sent'),(267,20,'tom@winignite.club','2020-05-26 14:27:56','2020-05-26 14:27:56','sent'),(268,20,'mourad@winignite.club','2020-05-26 14:36:12','2020-05-26 14:36:12','sent'),(269,29,'carine.vruna@gmail.com','2020-05-27 19:00:28','2020-05-27 19:00:28','sent'),(270,294,'denis.dorbolo@pictobello.com','2020-06-05 12:36:57','2020-06-05 12:36:57','sent'),(271,20,'kriley@gmx.co.uk','2020-06-06 06:33:04','2020-06-06 06:33:04','sent'),(272,20,'test-rilgz5pfo@srv1.mail-tester.com','2020-06-10 08:35:49','2020-06-10 08:35:49','sent'),(273,407,'developer1607@gmail.com','2020-06-10 11:42:44','2020-06-10 11:42:44','sent'),(274,407,'developer1607@gmail.com','2020-06-10 11:47:00','2020-06-10 11:47:00','sent'),(275,20,'nele@winignite.club','2020-06-10 14:59:51','2020-06-10 14:59:51','sent'),(276,294,'Veerle@veerle-geets.be','2020-06-10 16:46:51','2020-06-10 16:46:51','sent'),(277,407,'developer1607@gmail.com','2020-06-11 04:47:07','2020-06-11 04:47:07','sent'),(278,29,'bergeremarc@fluxpositif.com','2020-06-11 17:02:33','2020-06-11 17:02:33','sent'),(279,498,'nico.van.de.venne@telenet.be','2020-06-11 19:01:59','2020-06-11 19:01:59','sent'),(280,111,'annick@lettersandpixels.be','2020-06-12 15:34:07','2020-06-12 15:34:07','sent'),(281,421,'lv@bizzup.biz','2020-06-12 22:45:41','2020-06-12 22:45:41','sent'),(282,34,'anita@lendinfinito.com','2020-06-15 16:04:29','2020-06-15 16:04:29','sent'),(283,451,'kelly.vanmeldert@pitenco.be','2020-06-16 06:36:06','2020-06-16 06:36:06','sent'),(284,426,'brigitte.vleghels@gmail.com','2020-06-16 12:26:39','2020-06-16 12:26:39','sent'),(285,426,'brigitte.vleghels@gmail.com','2020-06-16 12:26:46','2020-06-16 12:26:46','sent'),(286,34,'Anita.gomezrivera@gmail.com','2020-06-16 15:55:43','2020-06-16 15:55:43','sent'),(287,34,'jochen@shotsofginger.com','2020-06-18 11:51:32','2020-06-18 11:51:32','sent'),(288,34,'jochen@shotsofginger.com','2020-06-18 11:51:36','2020-06-18 11:51:36','sent'),(289,407,'developer1602@gmail.com','2020-06-22 09:49:44','2020-06-22 09:49:44','sent'),(290,29,'lboedtskuehnle@me.com','2020-06-22 11:43:22','2020-06-22 11:43:22','sent'),(291,29,'a.renaud@enamed.net','2020-06-25 09:58:30','2020-06-25 09:58:30','sent'),(292,29,'massimo.melone@m-twice.com','2020-06-25 18:44:48','2020-06-25 18:44:48','sent'),(293,156,'bob.x.darby@btinternet.com','2020-06-26 13:18:10','2020-06-26 13:18:10','sent'),(294,156,'Christina@di-nolfo.com','2020-06-26 13:18:12','2020-06-26 13:18:12','sent'),(295,156,'rbr747@gmail.com','2020-06-26 13:18:17','2020-06-26 13:18:17','sent'),(296,421,'bizzupcoaching@gmail.com','2020-06-29 16:10:44','2020-06-29 16:10:44','sent'),(297,34,'hans@visualchangeagent.com','2020-06-30 16:18:02','2020-06-30 16:18:02','sent'),(298,426,'multimano@outlook.be','2020-07-01 08:08:08','2020-07-01 08:08:08','sent'),(299,426,'multimano@outlook.be','2020-07-01 08:08:22','2020-07-01 08:08:22','sent'),(300,472,'info@anwens.be','2020-07-02 12:12:38','2020-07-02 12:12:38','sent'),(301,472,'info@anwens.be','2020-07-02 12:12:44','2020-07-02 12:12:44','sent'),(302,20,'peter.hawkins@manthanoia.com','2020-07-04 06:47:06','2020-07-04 06:47:06','sent'),(303,472,'veerle.van.caneghem@telenet.be','2020-07-07 13:48:05','2020-07-07 13:48:05','sent'),(304,19,'yvesverschaeren@gmail.com','2020-07-07 17:01:57','2020-07-07 17:01:57','sent'),(305,321,'catie@catie-young.com','2020-07-07 19:48:37','2020-07-07 19:48:37','sent'),(306,424,'Jljenard@gmail.com','2020-07-09 13:42:52','2020-07-09 13:42:52','sent'),(307,29,'joseph@perezpla.com','2020-07-09 17:59:07','2020-07-09 17:59:07','sent'),(308,34,'sabine.havelaerts@2-challenge.com','2020-07-10 16:13:58','2020-07-10 16:13:58','sent'),(309,521,'dev123@yopmail.com','2020-07-21 05:16:06','2020-07-21 05:16:06','sent'),(310,521,'developer123@yopmail.com','2020-07-21 06:43:48','2020-07-21 06:43:48','sent'),(311,20,'jpdelmeire@hotmail.com','2020-07-28 09:05:58','2020-07-28 09:05:58','sent'),(312,20,'jpdelmeire@hotmail.com','2020-07-28 11:15:54','2020-07-28 11:15:54','sent'),(313,20,'jpdelmeire@hotmail.com','2020-07-28 11:30:27','2020-07-28 11:30:27','sent'),(314,521,'developer1607@gmail.com','2020-08-12 06:40:15','2020-08-12 06:40:15','sent'),(315,257,'kenneth@agilix.be','2020-08-12 07:22:54','2020-08-12 07:22:54','sent'),(316,529,'chief@pietermoens.com','2020-08-18 06:57:42','2020-08-18 06:57:42','sent'),(317,425,'thibault@beonegroup.be','2020-08-18 19:12:45','2020-08-18 19:12:45','sent'),(318,425,'valerie.zapico@valkuren.com','2020-08-19 09:14:00','2020-08-19 09:14:00','sent'),(319,500,'cathy@optimazing.be','2020-08-19 09:50:13','2020-08-19 09:50:13','sent'),(320,500,'cathy@optimazing.be','2020-08-19 09:50:16','2020-08-19 09:50:16','sent'),(321,500,'dolores.platteau@skynet.be','2020-08-19 09:51:12','2020-08-19 09:51:12','sent'),(322,500,'nathalie.houtmeyers@outlook.be','2020-08-19 12:05:46','2020-08-19 12:05:46','sent'),(323,521,'engrsukrity.01@gmail.com','2020-08-20 08:02:15','2020-08-20 08:02:15','sent'),(324,425,'elo.maenhout@hotmail.com','2020-08-27 12:22:55','2020-08-27 12:22:55','sent'),(325,425,'anne-sophie@synchronie.net','2020-08-27 21:17:39','2020-08-27 21:17:39','sent'),(326,425,'kevin.hoekman@trainingviewer.com','2020-08-27 21:21:32','2020-08-27 21:21:32','sent'),(327,425,'maxim.deliege@live.be','2020-08-28 07:11:13','2020-08-28 07:11:13','sent'),(328,425,'celine.gouttiere@gmail.com','2020-08-28 07:24:08','2020-08-28 07:24:08','sent'),(329,500,'nathalie.houtmeyers@outlook.be','2020-08-31 20:06:29','2020-08-31 20:06:29','sent'),(330,500,'nathalie.houtmeyers@outlook.be','2020-08-31 20:06:31','2020-08-31 20:06:31','sent'),(331,500,'nathalie.houtmeyers@outlook.be','2020-08-31 20:06:33','2020-08-31 20:06:33','sent'),(332,500,'thomas.van.den.abeele@hotmail.com','2020-08-31 20:07:29','2020-08-31 20:07:29','sent'),(333,500,'jurgen.vermoesen@hotmail.com','2020-08-31 20:08:12','2020-08-31 20:08:12','sent'),(334,500,'n.claes@myrnacoachingconsulting.be','2020-08-31 20:09:19','2020-08-31 20:09:19','sent'),(335,500,'copywriter@myriambeeckman.com','2020-08-31 20:10:39','2020-08-31 20:10:39','sent'),(336,500,'marc.janseghers@skynet.be','2020-08-31 20:13:37','2020-08-31 20:13:37','sent'),(337,500,'marc.janseghers@skynet.be','2020-08-31 20:13:39','2020-08-31 20:13:39','sent'),(338,500,'gert.mertens@meetingthepeople.be','2020-08-31 20:14:54','2020-08-31 20:14:54','sent'),(339,500,'gert.mertens@meetingthepeople.be','2020-08-31 20:14:57','2020-08-31 20:14:57','sent'),(340,500,'ew@ewo.be','2020-08-31 20:18:16','2020-08-31 20:18:16','sent'),(341,500,'info@svita.be','2020-08-31 20:18:56','2020-08-31 20:18:56','sent'),(342,500,'josefiendebock@hotmail.com','2020-08-31 20:28:17','2020-08-31 20:28:17','sent'),(343,500,'josefiendebock@hotmail.com','2020-08-31 20:28:19','2020-08-31 20:28:19','sent'),(344,426,'christine@oktine.be','2020-09-01 12:46:05','2020-09-01 12:46:05','sent'),(345,426,'stephan@wildt-tc.eu','2020-09-01 12:48:20','2020-09-01 12:48:20','sent'),(346,500,'Anukvds@telenet.be','2020-09-01 13:21:53','2020-09-01 13:21:53','sent'),(347,19,'ggbvba@gmail.com','2020-09-01 16:17:29','2020-09-01 16:17:29','sent'),(348,519,'svduin18@gmail.com','2020-09-03 08:05:46','2020-09-03 08:05:46','sent'),(349,425,'thomas@tensconsulting.be','2020-09-03 11:19:41','2020-09-03 11:19:41','sent'),(350,519,'svduin18@gmail.com','2020-09-04 09:33:46','2020-09-04 09:33:46','sent'),(351,519,'amaury@myctofriend.co','2020-09-04 09:36:17','2020-09-04 09:36:17','sent'),(352,519,'jean.haguet@gmail.com','2020-09-04 09:37:23','2020-09-04 09:37:23','sent'),(353,519,'isabelle.hincker@hotmail.com','2020-09-04 09:38:12','2020-09-04 09:38:12','sent'),(354,519,'alexandrecougnenc@gmail.com','2020-09-05 09:46:20','2020-09-05 09:46:20','sent'),(355,519,'Vanduinsteph@yahoo.fr','2020-09-05 13:51:39','2020-09-05 13:51:39','sent'),(356,19,'b.dekeyser@telenet.be','2020-09-08 11:22:11','2020-09-08 11:22:11','sent'),(357,500,'josefien@textfairy.be','2020-09-08 12:58:15','2020-09-08 12:58:15','sent'),(358,498,'nico.van.de.venne@gmail.com','2020-09-13 12:53:02','2020-09-13 12:53:02','sent'),(359,20,'yesim.gura@gmail.com','2020-09-17 15:55:40','2020-09-17 15:55:40','sent'),(360,19,'patgen@gmail.com','2020-09-23 08:07:08','2020-09-23 08:07:08','sent'),(361,19,'ada.arapi82@gmail.com','2020-09-23 08:08:01','2020-09-23 08:08:01','sent'),(362,19,'patredtheknight@hotmail.com','2020-09-23 08:08:51','2020-09-23 08:08:51','sent'),(363,498,'wim@nooitmeer.be','2020-09-23 14:01:22','2020-09-23 14:01:22','sent'),(364,29,'benoit.rosy@gmail.com','2020-09-23 18:33:29','2020-09-23 18:33:29','sent'),(365,29,'lpetit@25lifeconsult.com','2020-09-23 18:43:16','2020-09-23 18:43:16','sent'),(366,29,'aurelie.coutiez@hotmail.com','2020-09-23 18:43:18','2020-09-23 18:43:18','sent'),(367,29,'wauthierchristian1963@gmail.com','2020-09-23 18:43:19','2020-09-23 18:43:19','sent'),(368,519,'Virginie.gentilpro@gmail.com','2020-09-24 06:58:21','2020-09-24 06:58:21','sent'),(369,34,'bart.verlinden@vpharmaservices.col','2020-09-29 14:09:22','2020-09-29 14:09:22','sent'),(370,34,'bart.verlinden@vpharmaservices.com','2020-09-29 14:12:28','2020-09-29 14:12:28','sent'),(371,294,'peterlissack@gmail.com','2020-10-03 08:34:09','2020-10-03 08:34:09','sent'),(372,29,'p.devigne@outlook.com','2020-10-07 18:41:29','2020-10-07 18:41:29','sent'),(373,426,'info@bluequeenproductions.be','2020-10-09 12:11:36','2020-10-09 12:11:36','sent'),(374,426,'anvangoey@hotmail.com','2020-10-12 12:21:41','2020-10-12 12:21:41','sent'),(375,29,'diane.kane@outlook.com','2020-10-14 17:02:27','2020-10-14 17:02:27','sent'),(376,20,'tourne.bart@gmail.com','2020-10-15 07:05:06','2020-10-15 07:05:06','sent'),(377,500,'els.desmedt@live.be','2020-10-15 07:26:10','2020-10-15 07:26:10','sent'),(378,500,'els.desmedt@live.be','2020-10-15 07:26:12','2020-10-15 07:26:12','sent'),(379,500,'els.desmedt@live.be','2020-10-15 07:26:14','2020-10-15 07:26:14','sent'),(380,294,'olivier@beroudiaux.eu','2020-10-22 07:00:26','2020-10-22 07:00:26','sent'),(381,472,'oboelolier@gmail.com','2020-10-22 08:18:14','2020-10-22 08:18:14','sent'),(382,500,'inge.huys@telenet.be','2020-10-24 13:43:09','2020-10-24 13:43:09','sent'),(383,500,'inge.huys2@telenet.be','2020-10-24 15:26:27','2020-10-24 15:26:27','sent'),(384,451,'info@numentum.be','2020-10-28 13:47:05','2020-10-28 13:47:05','sent'),(385,294,'joke@ans-fotografie.be','2020-10-29 12:56:29','2020-10-29 12:56:29','sent'),(386,500,'joris_van_ongeval@hotmail.com','2020-10-30 16:30:25','2020-10-30 16:30:25','sent'),(387,500,'joris_van_ongeval@hotmail.com','2020-10-30 16:30:30','2020-10-30 16:30:30','sent'),(388,500,'joris_van_ongeval@hotmail.com','2020-10-30 16:30:32','2020-10-30 16:30:32','sent'),(389,500,'joris_van_ongeval@hotmail.com','2020-10-30 16:30:36','2020-10-30 16:30:36','sent'),(390,500,'evy@coachtree.be','2020-11-01 16:40:41','2020-11-01 16:40:41','sent'),(391,500,'joris@vanongevalconsulting.be','2020-11-06 20:00:21','2020-11-06 20:00:21','sent'),(392,500,'joris@vanongevalconsulting.be','2020-11-06 20:00:31','2020-11-06 20:00:31','sent'),(393,500,'joris@vanongevalconsulting.be','2020-11-06 20:00:39','2020-11-06 20:00:39','sent'),(394,500,'joris@vanongevalconsulting.be','2020-11-06 20:00:41','2020-11-06 20:00:41','sent'),(395,500,'joris@vanongevalconsulting.be','2020-11-06 20:00:47','2020-11-06 20:00:47','sent'),(396,500,'joris@vanongevalconsulting.be','2020-11-06 20:00:52','2020-11-06 20:00:52','sent'),(397,500,'joris@vanongevalconsulting.be','2020-11-06 20:00:55','2020-11-06 20:00:55','sent'),(398,500,'joris@vanongevalconsulting.be','2020-11-06 20:01:07','2020-11-06 20:01:07','sent'),(399,500,'joris@vanongevalconsulting.be','2020-11-06 20:01:17','2020-11-06 20:01:17','sent'),(400,500,'joris@vanongevalconsulting.be','2020-11-06 20:01:20','2020-11-06 20:01:20','sent'),(401,500,'joris@vanongevalconsulting.be','2020-11-06 20:01:20','2020-11-06 20:01:20','sent'),(402,498,'kelly.vanmeldert@pitenco.be','2020-11-09 15:01:21','2020-11-09 15:01:21','sent'),(403,294,'veronique.elsen@mindreset.be','2020-11-10 10:33:41','2020-11-10 10:33:41','sent'),(404,500,'karolien.gallant@outlook.com','2020-11-10 19:01:00','2020-11-10 19:01:00','sent'),(405,500,'karolien.gallant@outlook.com','2020-11-10 19:01:03','2020-11-10 19:01:03','sent'),(406,498,'dominique@pensato.org','2020-11-12 12:10:28','2020-11-12 12:10:28','sent'),(407,498,'info@office-d.be','2020-11-12 15:25:31','2020-11-12 15:25:31','sent'),(408,34,'nathalie@radig.be','2020-11-13 11:30:29','2020-11-13 11:30:29','sent'),(409,472,'oboelolier@gmail.com','2020-11-13 16:25:19','2020-11-13 16:25:19','sent'),(410,498,'serge.sbds@proximus.be','2020-11-18 11:02:25','2020-11-18 11:02:25','sent'),(411,498,'roeland@varoconsult.be','2020-11-18 11:02:49','2020-11-18 11:02:49','sent'),(412,472,'christine.wittoeck@gmail.com','2020-11-19 16:29:05','2020-11-19 16:29:05','sent'),(413,294,'vero.elsen@hotmail.com','2020-11-19 16:37:02','2020-11-19 16:37:02','sent'),(414,500,'info@deschrijfcoach.be','2020-11-24 13:35:56','2020-11-24 13:35:56','sent'),(415,498,'kelly@lyax.be','2020-11-25 16:03:30','2020-11-25 16:03:30','sent'),(416,498,'ann.alice@va-wonderland.be','2020-11-25 16:10:36','2020-11-25 16:10:36','sent'),(417,472,'claudine@sleepcompass.be','2020-11-27 12:01:09','2020-11-27 12:01:09','sent'),(418,426,'rolf.peters@telenet.be','2020-12-02 15:54:42','2020-12-02 15:54:42','sent'),(419,426,'anita.dierckx@innovita.be','2020-12-02 17:54:04','2020-12-02 17:54:04','sent'),(420,425,'lonardoclement@gmail.com','2020-12-07 20:03:15','2020-12-07 20:03:15','sent'),(421,34,'jeroen@keepitsmart.be','2020-12-09 10:41:59','2020-12-09 10:41:59','sent'),(422,472,'ilse@ilsedieltjens.com','2020-12-09 14:38:53','2020-12-09 14:38:53','sent'),(423,19,'a.vanhumbeeck@gmail.com','2020-12-11 10:20:14','2020-12-11 10:20:14','sent'),(424,556,'bart.kennes@hotmail.com','2020-12-14 20:48:44','2020-12-14 20:48:44','sent'),(425,556,'marco.barberio@gmail.com','2020-12-14 21:01:08','2020-12-14 21:01:08','sent'),(426,205,'robin@strever.be','2020-12-17 08:32:54','2020-12-17 08:32:54','sent'),(427,472,'elke@spinwise.digital','2020-12-18 18:30:04','2020-12-18 18:30:04','sent'),(428,294,'yente.nuyts@gmail.com','2020-12-21 10:13:53','2020-12-21 10:13:53','sent'),(429,621,'testeruser@yopmail.com','2021-01-28 06:47:13','2021-01-28 06:47:13','sent'),(430,621,'searcheno1@gmail.com','2021-01-28 07:13:19','2021-01-28 07:13:19','sent'),(431,595,'test@yopmail.com','2021-01-28 12:57:34','2021-01-28 12:57:34','sent'),(432,20,'ndajjani@hotmail.com','2021-02-11 08:23:31','2021-02-11 08:23:31','sent'),(433,20,'jean-paul.delmeire@dp-a.be','2021-02-21 06:15:31','2021-02-21 06:15:31','sent'),(434,498,'klaudi.asbreuk@live.com','2021-02-21 19:24:57','2021-02-21 19:24:57','sent'),(435,498,'nathalie@coachingpraktijkeigenkracht.nl','2021-02-21 19:31:20','2021-02-21 19:31:20','sent'),(436,645,'suzanne.gys@gmail.com','2021-02-23 06:46:14','2021-02-23 06:46:14','sent'),(437,20,'columjoyce@outlook.com','2021-03-11 16:36:14','2021-03-11 16:36:14','sent'),(438,472,'elsie@rsgconsulting.be','2021-03-15 13:17:01','2021-03-15 13:17:01','sent'),(439,472,'elsie@rsgconsulting.be','2021-03-19 06:58:25','2021-03-19 06:58:25','sent'),(440,20,'michel@REDeyes.be','2021-03-22 05:14:51','2021-03-22 05:14:51','sent'),(441,20,'searcheno1@gmail.com','2021-03-23 09:21:08','2021-03-23 09:21:08','sent'),(442,20,'searcheno1@gmail.com','2021-03-23 09:30:26','2021-03-23 09:30:26','sent'),(443,20,'searcheno1@gmail.com','2021-03-23 09:30:54','2021-03-23 09:30:54','sent'),(444,20,'searchenos1@gmail.com','2021-03-23 09:32:43','2021-03-23 09:32:43','sent'),(445,20,'developer1607@gmail.com','2021-03-23 09:51:30','2021-03-23 09:51:30','sent'),(446,20,'searcheno1@gmail.com','2021-04-02 09:43:26','2021-04-02 09:43:26','sent'),(447,20,'searcheno1@gmail.com','2021-04-02 09:59:38','2021-04-02 09:59:38','sent'),(448,20,'searcheno1@gmail.com','2021-04-02 10:54:57','2021-04-02 10:54:57','sent'),(449,652,'searcheno1@gmail.com','2021-04-06 12:29:56','2021-04-06 12:29:56','sent'),(450,652,'searcheno1@yopmail.com','2021-04-06 12:30:46','2021-04-06 12:30:46','sent'),(451,20,'searcheno1@gmail.com','2021-04-06 13:27:57','2021-04-06 13:27:57','sent'),(452,294,'searcheno1@gmail.com','2021-04-14 06:44:37','2021-04-14 06:44:37','sent'),(453,498,'info@ambrosia-healing.be','2021-04-14 20:01:44','2021-04-14 20:01:44','sent'),(454,20,'jpdelmeire@hotmail.com','2021-04-15 04:46:25','2021-04-15 04:46:25','sent'),(455,20,'developer1607@gmail.com','2021-04-15 11:01:49','2021-04-15 11:01:49','sent'),(456,20,'searcheno1@gmail.com','2021-04-15 12:45:12','2021-04-15 12:45:12','sent'),(457,20,'searcheno1@yopmail.com','2021-04-15 13:11:55','2021-04-15 13:11:55','sent'),(458,20,'searcheno1@gmail.com','2021-04-15 13:24:16','2021-04-15 13:24:16','sent'),(459,20,'searcheno1@gmail.com','2021-04-21 05:36:18','2021-04-21 05:36:18','sent'),(460,20,'developer1607@gmail.com','2021-04-21 05:44:55','2021-04-21 05:44:55','sent'),(461,498,'peter.dick@dynamick.be','2021-04-23 09:57:29','2021-04-23 09:57:29','sent'),(462,20,'searcheno1@gmail.com','2021-05-03 09:39:15','2021-05-03 09:39:15','sent'),(463,20,'developer1607@gmail.com','2021-05-03 09:39:57','2021-05-03 09:39:57','sent'),(464,498,'welkom@when2become.com','2021-07-02 13:32:05','2021-07-02 13:32:05','sent');
/*!40000 ALTER TABLE `f42_affiliate_wp_invites_sent` ENABLE KEYS */;
UNLOCK TABLES;

--
-- Table structure for table `f42_affiliate_wp_mlm_connections`
--

DROP TABLE IF EXISTS `f42_affiliate_wp_mlm_connections`;
/*!40101 SET @saved_cs_client     = @@character_set_client */;
/*!40101 SET character_set_client = utf8 */;
CREATE TABLE `f42_affiliate_wp_mlm_connections` (
  `affiliate_id` bigint(20) NOT NULL,
  `affiliate_parent_id` bigint(20) NOT NULL,
  `direct_affiliate_id` bigint(20) NOT NULL,
  `matrix_level` bigint(20) NOT NULL,
  PRIMARY KEY (`affiliate_id`),
  KEY `direct_affiliate_id` (`direct_affiliate_id`),
  KEY `matrix_level` (`matrix_level`)
) ENGINE=InnoDB DEFAULT CHARSET=utf8;
/*!40101 SET character_set_client = @saved_cs_client */;

--
-- Dumping data for table `f42_affiliate_wp_mlm_connections`
--

LOCK TABLES `f42_affiliate_wp_mlm_connections` WRITE;
/*!40000 ALTER TABLE `f42_affiliate_wp_mlm_connections` DISABLE KEYS */;
INSERT INTO `f42_affiliate_wp_mlm_connections` VALUES (19,20,20,2),(20,0,0,1),(29,20,20,2),(31,20,20,2),(34,19,19,2),(111,34,34,3),(156,20,20,2),(177,0,29,1),(205,34,34,3),(257,19,20,3),(281,205,205,5),(283,0,29,1),(294,34,34,3),(321,29,29,3),(395,400,29,4),(400,29,29,3),(410,411,29,4),(411,29,29,3),(419,205,34,4),(425,29,29,3),(426,294,294,4),(451,111,111,4),(472,294,294,5),(498,294,294,5),(500,0,34,1),(502,20,20,2),(506,0,19,1),(513,111,34,4),(525,411,29,4),(557,205,34,4),(626,0,29,1),(636,19,19,3),(637,0,29,1),(638,426,426,5),(639,651,498,7),(640,636,19,4),(641,426,426,5),(642,425,20,4),(643,0,500,1),(644,636,19,4),(645,498,498,6),(646,425,29,4),(647,34,34,3),(648,636,20,4),(649,426,426,5),(650,111,34,4),(651,498,498,6),(652,111,19,4),(653,425,29,4),(654,321,29,4),(655,205,34,4),(669,0,34,1),(670,294,294,4),(671,636,19,4),(672,472,472,6),(673,498,498,6),(674,651,651,7),(675,636,19,4),(676,19,19,3),(679,498,498,6),(751,498,498,6),(755,19,19,3),(759,670,670,5),(760,651,498,7),(761,29,20,3),(762,31,20,3),(763,31,20,3),(764,31,20,3),(765,31,20,3),(766,31,20,3);
/*!40000 ALTER TABLE `f42_affiliate_wp_mlm_connections` ENABLE KEYS */;
UNLOCK TABLES;

--
-- Table structure for table `f42_affiliate_wp_notifications`
--

DROP TABLE IF EXISTS `f42_affiliate_wp_notifications`;
/*!40101 SET @saved_cs_client     = @@character_set_client */;
/*!40101 SET character_set_client = utf8 */;
CREATE TABLE `f42_affiliate_wp_notifications` (
  `id` bigint(20) unsigned NOT NULL AUTO_INCREMENT,
  `remote_id` bigint(20) unsigned DEFAULT NULL,
  `title` text COLLATE utf8mb4_unicode_520_ci NOT NULL,
  `content` longtext COLLATE utf8mb4_unicode_520_ci NOT NULL,
  `buttons` longtext COLLATE utf8mb4_unicode_520_ci,
  `type` varchar(64) COLLATE utf8mb4_unicode_520_ci NOT NULL,
  `conditions` longtext COLLATE utf8mb4_unicode_520_ci,
  `start` datetime DEFAULT NULL,
  `end` datetime DEFAULT NULL,
  `dismissed` tinyint(1) unsigned NOT NULL DEFAULT '0',
  `date_created` datetime NOT NULL DEFAULT CURRENT_TIMESTAMP,
  `date_updated` datetime NOT NULL DEFAULT CURRENT_TIMESTAMP,
  PRIMARY KEY (`id`),
  KEY `dismissed_start_end` (`dismissed`,`start`,`end`)
) ENGINE=InnoDB AUTO_INCREMENT=3 DEFAULT CHARSET=utf8mb4 COLLATE=utf8mb4_unicode_520_ci;
/*!40101 SET character_set_client = @saved_cs_client */;

--
-- Dumping data for table `f42_affiliate_wp_notifications`
--

LOCK TABLES `f42_affiliate_wp_notifications` WRITE;
/*!40000 ALTER TABLE `f42_affiliate_wp_notifications` DISABLE KEYS */;
INSERT INTO `f42_affiliate_wp_notifications` VALUES (1,61,'Hello World: Welcome to AffiliateWP Notifications ?','You’ve found our new Plugin Notification feature!\r\n\r\nThis is where we’ll send you all the important information you need.\r\n\r\nSo, for updates, new features, discounts, and supersecret tips, keep an eye on your new inbox!\r\n\r\nJust click the action buttons to engage further with the message, and hit dismiss when you’ve consumed all the pearls of wisdom.\r\n\r\nWe look forward to using this feature to help you grow your business.\r\n\r\nSincerely,\r\n\r\nThe AffiliateWP team.','[{\"type\":\"primary\",\"url\":\"https://affiliatewp.com/announcing-plugin-notifications/?utm_source=WordPress&utm_medium=plugin-notification&utm_campaign=welcome-to-affiliatewp-notifications&utm_content=Learn%20More\",\"text\":\"Learn More\"}]','success','[\"personal\",\"plus\",\"professional\",\"ultimate\"]','2022-09-19 00:41:23',NULL,0,'2022-06-30 10:08:48','2022-09-28 12:54:46'),(2,79,'Introducing Terms of Use Generator + Monthly Email Summaries','Affiliate management just got easier! AffiliateWP now includes a Terms of Use Generator that creates your affiliate terms of use in seconds and Monthly Email Summaries to keep you up to date with your program’s performance. Click “Learn More” to get full details about AffiliateWP 2.9.6!','[{\"type\":\"primary\",\"url\":\"https://affiliatewp.com/introducing-affiliatewp-2-9-6/?utm_source=WordPress&utm_medium=plugin-notification&utm_campaign=introducing-affiliatewp-2-9-6&utm_content=Learn%20More\",\"text\":\"Learn More\"}]','success','[\"personal\",\"plus\",\"professional\",\"ultimate\"]','2022-09-19 00:41:23',NULL,0,'2022-09-28 12:54:46','2022-09-28 12:54:46');
/*!40000 ALTER TABLE `f42_affiliate_wp_notifications` ENABLE KEYS */;
UNLOCK TABLES;

--
-- Table structure for table `f42_affiliate_wp_payouts`
--

DROP TABLE IF EXISTS `f42_affiliate_wp_payouts`;
/*!40101 SET @saved_cs_client     = @@character_set_client */;
/*!40101 SET character_set_client = utf8 */;
CREATE TABLE `f42_affiliate_wp_payouts` (
  `payout_id` bigint(20) NOT NULL AUTO_INCREMENT,
  `affiliate_id` bigint(20) NOT NULL,
  `referrals` mediumtext COLLATE utf8mb4_unicode_ci NOT NULL,
  `amount` mediumtext COLLATE utf8mb4_unicode_ci NOT NULL,
  `owner` bigint(20) NOT NULL,
  `payout_method` tinytext COLLATE utf8mb4_unicode_ci NOT NULL,
  `status` tinytext COLLATE utf8mb4_unicode_ci NOT NULL,
  `date` datetime NOT NULL,
  `service_account` tinytext COLLATE utf8mb4_unicode_ci NOT NULL,
  `service_id` bigint(20) NOT NULL,
  `service_invoice_link` varchar(255) COLLATE utf8mb4_unicode_ci NOT NULL,
  `description` longtext COLLATE utf8mb4_unicode_ci NOT NULL,
  PRIMARY KEY (`payout_id`),
  KEY `affiliate_id` (`affiliate_id`),
  KEY `service_id` (`service_id`)
) ENGINE=MyISAM AUTO_INCREMENT=52 DEFAULT CHARSET=utf8mb4 COLLATE=utf8mb4_unicode_ci;
/*!40101 SET character_set_client = @saved_cs_client */;

--
-- Dumping data for table `f42_affiliate_wp_payouts`
--

LOCK TABLES `f42_affiliate_wp_payouts` WRITE;
/*!40000 ALTER TABLE `f42_affiliate_wp_payouts` DISABLE KEYS */;
INSERT INTO `f42_affiliate_wp_payouts` VALUES (51,20,'551','0',328,'manual','paid','2020-09-15 07:23:26','',0,'','');
/*!40000 ALTER TABLE `f42_affiliate_wp_payouts` ENABLE KEYS */;
UNLOCK TABLES;

--
-- Table structure for table `f42_affiliate_wp_referralmeta`
--

DROP TABLE IF EXISTS `f42_affiliate_wp_referralmeta`;
/*!40101 SET @saved_cs_client     = @@character_set_client */;
/*!40101 SET character_set_client = utf8 */;
CREATE TABLE `f42_affiliate_wp_referralmeta` (
  `meta_id` bigint(20) NOT NULL AUTO_INCREMENT,
  `referral_id` bigint(20) NOT NULL DEFAULT '0',
  `meta_key` varchar(255) COLLATE utf8mb4_unicode_ci DEFAULT NULL,
  `meta_value` longtext COLLATE utf8mb4_unicode_ci,
  PRIMARY KEY (`meta_id`),
  KEY `referral_id` (`referral_id`),
  KEY `meta_key` (`meta_key`(191))
) ENGINE=InnoDB DEFAULT CHARSET=utf8mb4 COLLATE=utf8mb4_unicode_ci;
/*!40101 SET character_set_client = @saved_cs_client */;

--
-- Dumping data for table `f42_affiliate_wp_referralmeta`
--

LOCK TABLES `f42_affiliate_wp_referralmeta` WRITE;
/*!40000 ALTER TABLE `f42_affiliate_wp_referralmeta` DISABLE KEYS */;
/*!40000 ALTER TABLE `f42_affiliate_wp_referralmeta` ENABLE KEYS */;
UNLOCK TABLES;

--
-- Table structure for table `f42_affiliate_wp_referrals`
--

DROP TABLE IF EXISTS `f42_affiliate_wp_referrals`;
/*!40101 SET @saved_cs_client     = @@character_set_client */;
/*!40101 SET character_set_client = utf8 */;
CREATE TABLE `f42_affiliate_wp_referrals` (
  `referral_id` bigint(20) NOT NULL AUTO_INCREMENT,
  `affiliate_id` bigint(20) NOT NULL,
  `visit_id` bigint(20) NOT NULL,
  `rest_id` mediumtext COLLATE utf8mb4_unicode_ci NOT NULL,
  `customer_id` bigint(20) NOT NULL,
  `parent_id` bigint(20) NOT NULL,
  `description` longtext COLLATE utf8mb4_unicode_ci NOT NULL,
  `status` tinytext COLLATE utf8mb4_unicode_ci NOT NULL,
  `amount` mediumtext COLLATE utf8mb4_unicode_ci NOT NULL,
  `currency` char(3) COLLATE utf8mb4_unicode_ci NOT NULL,
  `custom` longtext COLLATE utf8mb4_unicode_ci NOT NULL,
  `context` tinytext COLLATE utf8mb4_unicode_ci NOT NULL,
  `campaign` varchar(50) COLLATE utf8mb4_unicode_ci NOT NULL,
  `type` varchar(30) COLLATE utf8mb4_unicode_ci NOT NULL,
  `reference` mediumtext COLLATE utf8mb4_unicode_ci NOT NULL,
  `products` mediumtext COLLATE utf8mb4_unicode_ci NOT NULL,
  `payout_id` bigint(20) NOT NULL,
  `date` datetime NOT NULL,
  `flag` tinytext COLLATE utf8mb4_unicode_ci NOT NULL,
  PRIMARY KEY (`referral_id`),
  KEY `affiliate_id` (`affiliate_id`)
) ENGINE=MyISAM AUTO_INCREMENT=644 DEFAULT CHARSET=utf8mb4 COLLATE=utf8mb4_unicode_ci;
/*!40101 SET character_set_client = @saved_cs_client */;

--
-- Dumping data for table `f42_affiliate_wp_referrals`
--

LOCK TABLES `f42_affiliate_wp_referrals` WRITE;
/*!40000 ALTER TABLE `f42_affiliate_wp_referrals` DISABLE KEYS */;
INSERT INTO `f42_affiliate_wp_referrals` VALUES (315,294,203,'',89,0,'Platinum','unpaid','0.00','EUR','s:65:\"a:2:{s:15:\"subscription_id\";i:442;s:18:\"is_coupon_referral\";b:0;}\";','memberpress','','sale','580','',0,'2020-05-08 18:38:57',''),(314,19,205,'',0,0,'An De Boelpaep | Level 1 | Platinum','unpaid','0.00','EUR','indirect','memberpress','','sale','579','',0,'2020-05-08 18:15:25',''),(41,19,17,'',11,0,'Platinum','paid','0.00','','a:2:{s:15:\"subscription_id\";i:153;s:18:\"is_coupon_referral\";b:0;}','memberpress','','sale','154','',0,'2019-09-10 13:28:12',''),(219,20,109,'',46,0,'Platinum','paid','0.00','','a:2:{s:15:\"subscription_id\";i:392;s:18:\"is_coupon_referral\";b:0;}','memberpress','','sale','453','',34,'2020-02-16 07:28:19',''),(43,19,17,'',11,0,'Platinum','paid','0.00','','a:2:{s:15:\"subscription_id\";i:154;s:18:\"is_coupon_referral\";b:0;}','memberpress','','sale','155','',0,'2019-09-10 13:31:32',''),(220,29,112,'',55,0,'Platinum','paid','0.00','','a:2:{s:15:\"subscription_id\";i:398;s:18:\"is_coupon_referral\";b:0;}','memberpress','','sale','459','',33,'2020-02-16 17:30:02',''),(45,20,13,'',12,0,'Platinum','paid','0.00','','a:2:{s:15:\"subscription_id\";i:155;s:18:\"is_coupon_referral\";b:0;}','memberpress','','sale','156','',0,'2019-09-10 16:53:27',''),(221,20,112,'',0,0,'Sonia Colombi | Level 1 | Platinum','paid','0.00','','indirect','memberpress','','sale','459','',32,'2020-02-16 17:30:02',''),(47,20,21,'',13,0,'Platinum','paid','0.00','','a:2:{s:15:\"subscription_id\";i:158;s:18:\"is_coupon_referral\";b:0;}','memberpress','','sale','159','',0,'2019-09-11 14:09:08',''),(222,177,115,'',56,0,'Platinum','paid','0.00','','a:2:{s:15:\"subscription_id\";i:399;s:18:\"is_coupon_referral\";b:0;}','memberpress','','sale','460','',31,'2020-02-17 08:06:15',''),(49,19,17,'',11,0,'Platinum','paid','0.00','','a:2:{s:15:\"subscription_id\";i:159;s:18:\"is_coupon_referral\";b:0;}','memberpress','','sale','160','',0,'2019-09-12 10:10:59',''),(51,19,17,'',11,0,'Platinum','paid','0.00','','a:2:{s:15:\"subscription_id\";i:160;s:18:\"is_coupon_referral\";b:0;}','memberpress','','sale','161','',0,'2019-09-12 10:11:44',''),(223,29,115,'',0,0,'Claude-Henri Convent | Level 1 | Platinum','paid','0.00','','indirect','memberpress','','sale','460','',30,'2020-02-17 08:06:15',''),(53,19,17,'',11,0,'Platinum','paid','0.00','','a:2:{s:15:\"subscription_id\";i:161;s:18:\"is_coupon_referral\";b:0;}','memberpress','','sale','162','',0,'2019-09-12 10:12:32',''),(224,20,115,'',0,0,'Claude-Henri Convent | Level 2 | Platinum','paid','0.00','','indirect','memberpress','','sale','460','',50,'2020-02-17 08:06:15',''),(55,20,23,'',14,0,'Platinum','paid','0.00','','a:2:{s:15:\"subscription_id\";i:162;s:18:\"is_coupon_referral\";b:0;}','memberpress','','sale','163','',0,'2019-09-13 10:31:10',''),(305,294,197,'',85,0,'Platinum','unpaid','0.00','EUR','s:65:\"a:2:{s:15:\"subscription_id\";i:437;s:18:\"is_coupon_referral\";b:0;}\";','memberpress','','sale','575','',0,'2020-05-07 12:04:16',''),(57,19,15,'',15,0,'Platinum','paid','0.00','','a:2:{s:15:\"subscription_id\";i:163;s:18:\"is_coupon_referral\";b:0;}','memberpress','','sale','164','',0,'2019-09-13 10:41:10',''),(226,29,121,'',57,0,'Platinum','paid','0.00','','a:2:{s:15:\"subscription_id\";i:401;s:18:\"is_coupon_referral\";b:0;}','memberpress','','sale','462','',28,'2020-02-19 07:54:52',''),(59,20,24,'',16,0,'Platinum','paid','0.00','','a:2:{s:15:\"subscription_id\";i:164;s:18:\"is_coupon_referral\";b:0;}','memberpress','','sale','165','',0,'2019-09-14 05:48:55',''),(227,20,121,'',0,0,'Sonia Colombi | Level 1 | Platinum','paid','0.00','','indirect','memberpress','','sale','462','',27,'2020-02-19 07:54:52',''),(228,19,132,'',58,0,'Platinum','paid','0.00','','a:2:{s:15:\"subscription_id\";i:405;s:18:\"is_coupon_referral\";b:0;}','memberpress','','sale','466','',26,'2020-02-27 14:40:15',''),(229,20,140,'',59,0,'Platinum','paid','0.00','','a:2:{s:15:\"subscription_id\";i:406;s:18:\"is_coupon_referral\";b:0;}','memberpress','','sale','468','',25,'2020-03-16 18:19:46',''),(230,205,141,'',60,0,'Platinum','paid','0.00','','a:2:{s:15:\"subscription_id\";i:407;s:18:\"is_coupon_referral\";b:0;}','memberpress','','sale','469','',24,'2020-03-20 10:47:40',''),(231,111,141,'',0,0,'Johan Huygh | Level 1 | Platinum','paid','0.00','','indirect','memberpress','','sale','469','',23,'2020-03-20 10:47:40',''),(232,34,141,'',0,0,'Johan Huygh | Level 2 | Platinum','paid','0.00','','indirect','memberpress','','sale','469','',22,'2020-03-20 10:47:40',''),(233,19,141,'',0,0,'Johan Huygh | Level 3 | Platinum','paid','0.00','','indirect','memberpress','','sale','469','',21,'2020-03-20 10:47:40',''),(234,29,142,'',61,0,'Platinum','paid','0.00','','a:2:{s:15:\"subscription_id\";i:408;s:18:\"is_coupon_referral\";b:0;}','memberpress','','sale','470','',20,'2020-03-23 14:37:52',''),(235,20,142,'',0,0,'Sonia Colombi | Level 1 | Platinum','paid','0.00','','indirect','memberpress','','sale','470','',19,'2020-03-23 14:37:52',''),(236,205,143,'',62,0,'Platinum','paid','0.00','','a:2:{s:15:\"subscription_id\";i:409;s:18:\"is_coupon_referral\";b:0;}','memberpress','','sale','472','',18,'2020-03-25 19:36:18',''),(237,111,143,'',0,0,'Johan Huygh | Level 1 | Platinum','paid','0.00','','indirect','memberpress','','sale','472','',17,'2020-03-25 19:36:18',''),(238,34,143,'',0,0,'Johan Huygh | Level 2 | Platinum','paid','0.00','','indirect','memberpress','','sale','472','',16,'2020-03-25 19:36:18',''),(239,19,143,'',0,0,'Johan Huygh | Level 3 | Platinum','paid','0.00','','indirect','memberpress','','sale','472','',15,'2020-03-25 19:36:18',''),(240,205,145,'',62,0,'Platinum','paid','0.00','','a:2:{s:15:\"subscription_id\";i:410;s:18:\"is_coupon_referral\";b:0;}','memberpress','','sale','473','',14,'2020-03-26 10:11:14',''),(241,111,145,'',0,0,'Johan Huygh | Level 1 | Platinum','paid','0.00','','indirect','memberpress','','sale','473','',13,'2020-03-26 10:11:14',''),(242,34,145,'',0,0,'Johan Huygh | Level 2 | Platinum','paid','0.00','','indirect','memberpress','','sale','473','',12,'2020-03-26 10:11:14',''),(243,19,145,'',0,0,'Johan Huygh | Level 3 | Platinum','paid','0.00','','indirect','memberpress','','sale','473','',11,'2020-03-26 10:11:14',''),(102,19,33,'',28,0,'Platinum','paid','0.00','','a:2:{s:15:\"subscription_id\";i:186;s:18:\"is_coupon_referral\";b:0;}','memberpress','','sale','193','',0,'2019-09-17 18:36:26',''),(244,20,147,'',63,0,'Platinum','paid','0.00','','a:2:{s:15:\"subscription_id\";i:411;s:18:\"is_coupon_referral\";b:0;}','memberpress','','sale','474','',10,'2020-03-27 12:19:14',''),(104,20,34,'',29,0,'Platinum','paid','0.00','','a:2:{s:15:\"subscription_id\";i:188;s:18:\"is_coupon_referral\";b:0;}','memberpress','','sale','195','',0,'2019-09-18 17:12:22',''),(245,29,148,'',64,0,'Platinum','paid','0.00','','a:2:{s:15:\"subscription_id\";i:412;s:18:\"is_coupon_referral\";b:0;}','memberpress','','sale','475','',9,'2020-03-29 09:29:42',''),(106,20,39,'',30,0,'Platinum','paid','0.00','','a:2:{s:15:\"subscription_id\";i:197;s:18:\"is_coupon_referral\";b:0;}','memberpress','','sale','204','',0,'2019-09-20 12:14:58',''),(255,29,156,'',68,0,'Platinum','unpaid','0.00','EUR','s:65:\"a:2:{s:15:\"subscription_id\";i:415;s:18:\"is_coupon_referral\";b:0;}\";','memberpress','','sale','478','',0,'2020-04-14 17:21:50',''),(108,19,15,'',15,0,'Platinum','paid','0.00','','a:2:{s:15:\"subscription_id\";i:198;s:18:\"is_coupon_referral\";b:0;}','memberpress','','sale','205','',0,'2019-09-21 20:01:30',''),(246,20,148,'',0,0,'Sonia Colombi | Level 1 | Platinum','paid','0.00','','indirect','memberpress','','sale','475','',8,'2020-03-29 09:29:42',''),(110,29,25,'',31,0,'Platinum','paid','0.00','','a:2:{s:15:\"subscription_id\";i:200;s:18:\"is_coupon_referral\";b:0;}','memberpress','','sale','207','',0,'2019-09-23 07:37:46',''),(111,20,25,'',0,0,'Sonia Colombi | Level 1 | Platinum','paid','0.00','','indirect','memberpress','','sale','207','',0,'2019-09-23 07:37:46',''),(627,156,541,'',173,0,'Gold Subscription - Monthly (Variation ID 65622)','rejected','0.00','EUR','s:62:\"a:2:{s:12:\"affiliate_id\";i:156;s:18:\"is_coupon_referral\";b:0;}\";','woocommerce','undefined','sale','66345','s:172:\"a:1:{i:0;a:4:{s:4:\"name\";s:69:\"Gold Subscription - Monthly (Variation ID 65622) (Variation ID 65622)\";s:2:\"id\";i:65616;s:5:\"price\";s:1:\"0\";s:15:\"referral_amount\";s:1:\"0\";}}\";',0,'2021-02-07 08:57:11',''),(248,34,150,'',0,0,'Mik Annick Suetens | Level 1 | Platinum','paid','0.00','','indirect','memberpress','','sale','476','',6,'2020-04-02 08:31:54',''),(114,19,42,'',0,0,'Jenny | Level 1 | Platinum','paid','0.00','','indirect','memberpress','','sale','213','',0,'2019-09-23 12:35:52',''),(249,19,150,'',0,0,'Mik Annick Suetens | Level 2 | Platinum','paid','0.00','','indirect','memberpress','','sale','476','',5,'2020-04-02 08:31:54',''),(116,29,44,'',33,0,'Platinum','paid','0.00','','a:2:{s:15:\"subscription_id\";i:234;s:18:\"is_coupon_referral\";b:0;}','memberpress','','sale','241','',0,'2019-10-02 17:33:07',''),(117,20,44,'',0,0,'Sonia | Level 1 | Platinum','paid','0.00','','indirect','memberpress','','sale','241','',0,'2019-10-02 17:33:07',''),(250,29,151,'',66,0,'Platinum','paid','0.00','','a:2:{s:15:\"subscription_id\";i:414;s:18:\"is_coupon_referral\";b:0;}','memberpress','','sale','477','',4,'2020-04-09 17:34:53',''),(119,29,44,'',33,0,'Platinum','paid','0.00','','a:2:{s:15:\"subscription_id\";i:235;s:18:\"is_coupon_referral\";b:0;}','memberpress','','sale','242','',0,'2019-10-03 09:53:54',''),(120,20,44,'',0,0,'Sonia | Level 1 | Platinum','paid','0.00','','indirect','memberpress','','sale','242','',0,'2019-10-03 09:53:54',''),(122,34,46,'',34,0,'Platinum','paid','0.00','','a:2:{s:15:\"subscription_id\";i:236;s:18:\"is_coupon_referral\";b:0;}','memberpress','','sale','243','',0,'2019-10-03 15:05:48',''),(123,19,46,'',0,0,'An | Level 1 | Platinum','paid','0.00','','indirect','memberpress','','sale','243','',0,'2019-10-03 15:05:48',''),(251,20,151,'',0,0,'Sonia Colombi | Level 1 | Platinum','paid','0.00','','indirect','memberpress','','sale','477','',3,'2020-04-09 17:34:53',''),(125,34,47,'',35,0,'Platinum','paid','0.00','','a:2:{s:15:\"subscription_id\";i:239;s:18:\"is_coupon_referral\";b:0;}','memberpress','','sale','246','',0,'2019-10-07 08:40:49',''),(126,19,47,'',0,0,'An | Level 1 | Platinum','paid','0.00','','indirect','memberpress','','sale','246','',0,'2019-10-07 08:40:49',''),(253,34,0,'',0,0,'Modern Event Calendar Ticket (Seat)','unpaid','13.61','','','woocommerce','','sale','52448','',0,'2020-04-13 08:05:07',''),(129,19,49,'',0,0,'Jenny | Level 1 | Platinum','paid','0.00','','indirect','memberpress','','sale','281','',0,'2019-10-17 05:17:13',''),(131,34,56,'',37,0,'Platinum','paid','0.00','','a:2:{s:15:\"subscription_id\";i:277;s:18:\"is_coupon_referral\";b:0;}','memberpress','','sale','284','',0,'2019-10-22 20:40:19',''),(132,19,56,'',0,0,'An | Level 1 | Platinum','paid','0.00','','indirect','memberpress','','sale','284','',0,'2019-10-22 20:40:19',''),(134,29,57,'',38,0,'Platinum','paid','0.00','','a:2:{s:15:\"subscription_id\";i:278;s:18:\"is_coupon_referral\";b:0;}','memberpress','','sale','285','',0,'2019-10-22 20:49:11',''),(135,20,57,'',0,0,'Sonia | Level 1 | Platinum','paid','0.00','','indirect','memberpress','','sale','285','',0,'2019-10-22 20:49:11',''),(307,34,197,'',0,0,'Jenny Cornelis | Level 2 | Platinum','pending','0.00','EUR','indirect','memberpress','','sale','575','',0,'2020-05-07 12:04:16',''),(258,20,161,'',0,0,'Sonia Colombi | Level 1 | Platinum','unpaid','0.00','EUR','indirect','memberpress','','sale','479','',0,'2020-04-16 10:50:57',''),(265,20,166,'',46,0,'Platinum','unpaid','0.00','EUR','s:65:\"a:2:{s:15:\"subscription_id\";i:420;s:18:\"is_coupon_referral\";b:0;}\";','memberpress','','sale','493','',0,'2020-04-21 13:59:45',''),(266,20,166,'',46,0,'Platinum','unpaid','0.00','EUR','s:65:\"a:2:{s:15:\"subscription_id\";i:421;s:18:\"is_coupon_referral\";b:0;}\";','memberpress','','sale','495','',0,'2020-04-21 14:05:39',''),(141,34,60,'',40,0,'Platinum','paid','0.00','','a:2:{s:15:\"subscription_id\";i:296;s:18:\"is_coupon_referral\";b:0;}','memberpress','','sale','311','',0,'2019-11-16 08:37:52',''),(142,19,60,'',0,0,'An De Boelpaep | Level 1 | Platinum','paid','0.00','','indirect','memberpress','','sale','311','',0,'2019-11-16 08:37:52',''),(144,34,60,'',40,0,'Platinum','paid','0.00','','a:2:{s:15:\"subscription_id\";i:297;s:18:\"is_coupon_referral\";b:0;}','memberpress','','sale','312','',0,'2019-11-16 08:41:38',''),(145,19,60,'',0,0,'An De Boelpaep | Level 1 | Platinum','paid','0.00','','indirect','memberpress','','sale','312','',0,'2019-11-16 08:41:38',''),(308,19,197,'',0,0,'Jenny Cornelis | Level 3 | Platinum','pending','0.00','EUR','indirect','memberpress','','sale','575','',0,'2020-05-07 12:04:16',''),(147,34,60,'',40,0,'Platinum','paid','0.00','','a:2:{s:15:\"subscription_id\";i:298;s:18:\"is_coupon_referral\";b:0;}','memberpress','','sale','313','',0,'2019-11-16 08:44:42',''),(148,19,60,'',0,0,'An De Boelpaep | Level 1 | Platinum','paid','0.00','','indirect','memberpress','','sale','313','',0,'2019-11-16 08:44:42',''),(309,29,195,'',86,0,'Platinum','unpaid','0.00','EUR','s:65:\"a:2:{s:15:\"subscription_id\";i:438;s:18:\"is_coupon_referral\";b:0;}\";','memberpress','','sale','576','',0,'2020-05-07 19:25:35',''),(150,20,67,'',41,0,'Platinum','paid','0.00','','a:2:{s:15:\"subscription_id\";i:299;s:18:\"is_coupon_referral\";b:0;}','memberpress','','sale','314','',0,'2019-11-17 09:29:11',''),(310,20,195,'',0,0,'Sonia Colombi | Level 1 | Platinum','pending','0.00','EUR','indirect','memberpress','','sale','576','',0,'2020-05-07 19:25:35',''),(152,34,60,'',40,0,'Platinum','paid','0.00','','a:2:{s:15:\"subscription_id\";i:300;s:18:\"is_coupon_referral\";b:0;}','memberpress','','sale','315','',0,'2019-11-20 18:11:32',''),(153,19,60,'',0,0,'An De Boelpaep | Level 1 | Platinum','paid','0.00','','indirect','memberpress','','sale','315','',0,'2019-11-20 18:11:32',''),(155,34,73,'',42,0,'Platinum','paid','0.00','','a:2:{s:15:\"subscription_id\";i:301;s:18:\"is_coupon_referral\";b:0;}','memberpress','','sale','316','',0,'2019-11-21 09:51:15',''),(156,19,73,'',0,0,'An De Boelpaep | Level 1 | Platinum','paid','0.00','','indirect','memberpress','','sale','316','',0,'2019-11-21 09:51:15',''),(311,29,199,'',87,0,'Platinum','unpaid','0.00','EUR','s:65:\"a:2:{s:15:\"subscription_id\";i:439;s:18:\"is_coupon_referral\";b:0;}\";','memberpress','','sale','577','',0,'2020-05-07 20:34:30',''),(158,29,75,'',43,0,'Platinum','paid','0.00','','a:2:{s:15:\"subscription_id\";i:303;s:18:\"is_coupon_referral\";b:0;}','memberpress','','sale','318','',0,'2019-11-25 20:46:18',''),(159,20,75,'',0,0,'Sonia Colombi | Level 1 | Platinum','paid','0.00','','indirect','memberpress','','sale','318','',0,'2019-11-25 20:46:18',''),(312,20,199,'',0,0,'Sonia Colombi | Level 1 | Platinum','pending','0.00','EUR','indirect','memberpress','','sale','577','',0,'2020-05-07 20:34:30',''),(161,29,75,'',43,0,'Platinum','paid','0.00','','a:2:{s:15:\"subscription_id\";i:304;s:18:\"is_coupon_referral\";b:0;}','memberpress','','sale','319','',0,'2019-11-25 21:22:22',''),(162,20,75,'',0,0,'Sonia Colombi | Level 1 | Platinum','paid','0.00','','indirect','memberpress','','sale','319','',0,'2019-11-25 21:22:22',''),(164,29,76,'',44,0,'Platinum','paid','0.00','','a:2:{s:15:\"subscription_id\";i:305;s:18:\"is_coupon_referral\";b:0;}','memberpress','','sale','320','',0,'2019-11-26 07:30:34',''),(165,20,76,'',0,0,'Sonia Colombi | Level 1 | Platinum','paid','0.00','','indirect','memberpress','','sale','320','',0,'2019-11-26 07:30:34',''),(313,34,205,'',88,0,'Platinum','pending','0.00','EUR','s:65:\"a:2:{s:15:\"subscription_id\";i:441;s:18:\"is_coupon_referral\";b:0;}\";','memberpress','','sale','579','',0,'2020-05-08 18:15:25',''),(268,29,167,'',0,0,'Nicolas Bernard | Level 1 | Platinum','pending','0.00','EUR','indirect','memberpress','','sale','501','',0,'2020-04-21 20:50:24',''),(269,20,167,'',0,0,'Nicolas Bernard | Level 2 | Platinum','pending','0.00','EUR','indirect','memberpress','','sale','501','',0,'2020-04-21 20:50:24',''),(270,20,166,'',46,0,'Platinum','unpaid','0.00','EUR','s:65:\"a:2:{s:15:\"subscription_id\";i:423;s:18:\"is_coupon_referral\";b:0;}\";','memberpress','','sale','537','',0,'2020-04-22 12:35:07',''),(272,29,168,'',0,0,'Nicolas Bernard | Level 1 | Platinum','pending','0.00','EUR','indirect','memberpress','','sale','558','',0,'2020-04-22 17:06:33',''),(273,20,168,'',0,0,'Nicolas Bernard | Level 2 | Platinum','pending','0.00','EUR','indirect','memberpress','','sale','558','',0,'2020-04-22 17:06:33',''),(274,29,169,'',72,0,'Platinum','unpaid','0.00','EUR','s:65:\"a:2:{s:15:\"subscription_id\";i:425;s:18:\"is_coupon_referral\";b:0;}\";','memberpress','','sale','560','',0,'2020-04-23 09:16:30',''),(275,20,169,'',0,0,'Sonia Colombi | Level 1 | Platinum','pending','0.00','EUR','indirect','memberpress','','sale','560','',0,'2020-04-23 09:16:30',''),(276,29,169,'',72,0,'Gold','unpaid','0.00','EUR','s:65:\"a:2:{s:15:\"subscription_id\";i:426;s:18:\"is_coupon_referral\";b:0;}\";','memberpress','','sale','561','',0,'2020-04-23 09:19:00',''),(277,20,169,'',0,0,'Sonia Colombi | Level 1 | Gold','pending','0.00','EUR','indirect','memberpress','','sale','561','',0,'2020-04-23 09:19:00',''),(280,29,173,'',0,0,'Yannick Giarrizzo | Level 2 | Platinum','pending','0.00','EUR','indirect','memberpress','','sale','562','',0,'2020-04-27 13:35:22',''),(281,20,173,'',0,0,'Yannick Giarrizzo | Level 3 | Platinum','pending','0.00','EUR','indirect','memberpress','','sale','562','',0,'2020-04-27 13:35:22',''),(289,20,181,'',0,0,'Sonia Colombi | Level 1 | Platinum','unpaid','0.00','EUR','indirect','memberpress','','sale','567','',0,'2020-05-01 11:41:40',''),(290,29,182,'',78,0,'Platinum','unpaid','0.00','EUR','s:65:\"a:2:{s:15:\"subscription_id\";i:430;s:18:\"is_coupon_referral\";b:0;}\";','memberpress','','sale','568','',0,'2020-05-01 11:57:10',''),(291,20,182,'',0,0,'Sonia Colombi | Level 1 | Platinum','pending','0.00','EUR','indirect','memberpress','','sale','568','',0,'2020-05-01 11:57:10',''),(292,29,184,'',79,0,'Platinum','unpaid','0.00','EUR','s:65:\"a:2:{s:15:\"subscription_id\";i:431;s:18:\"is_coupon_referral\";b:0;}\";','memberpress','','sale','569','',0,'2020-05-01 11:59:02',''),(293,20,184,'',0,0,'Sonia Colombi | Level 1 | Platinum','pending','0.00','EUR','indirect','memberpress','','sale','569','',0,'2020-05-01 11:59:02',''),(295,29,185,'',0,0,'Nicolas Bernard | Level 1 | Platinum','pending','0.00','EUR','indirect','memberpress','','sale','570','',0,'2020-05-04 10:03:01',''),(296,20,185,'',0,0,'Nicolas Bernard | Level 2 | Platinum','pending','0.00','EUR','indirect','memberpress','','sale','570','',0,'2020-05-04 10:03:01',''),(297,29,187,'',81,0,'Platinum','unpaid','0.00','EUR','s:65:\"a:2:{s:15:\"subscription_id\";i:433;s:18:\"is_coupon_referral\";b:0;}\";','memberpress','','sale','571','',0,'2020-05-05 11:13:48',''),(298,20,187,'',0,0,'Sonia Colombi | Level 1 | Platinum','pending','0.00','EUR','indirect','memberpress','','sale','571','',0,'2020-05-05 11:13:48',''),(300,19,189,'',0,0,'An De Boelpaep | Level 1 | Platinum','unpaid','0.00','EUR','indirect','memberpress','','sale','572','',0,'2020-05-06 14:25:51',''),(301,34,192,'',83,0,'Platinum','unpaid','0.00','EUR','s:65:\"a:2:{s:15:\"subscription_id\";i:435;s:18:\"is_coupon_referral\";b:0;}\";','memberpress','','sale','573','',0,'2020-05-06 18:13:32',''),(302,19,192,'',0,0,'An De Boelpaep | Level 1 | Platinum','pending','0.00','EUR','indirect','memberpress','','sale','573','',0,'2020-05-06 18:13:32',''),(303,29,194,'',84,0,'Platinum','unpaid','0.00','EUR','s:65:\"a:2:{s:15:\"subscription_id\";i:436;s:18:\"is_coupon_referral\";b:0;}\";','memberpress','','sale','574','',0,'2020-05-07 07:47:57',''),(194,29,87,'',48,0,'Platinum','paid','0.00','','a:2:{s:15:\"subscription_id\";i:331;s:18:\"is_coupon_referral\";b:0;}','memberpress','','sale','372','',49,'2019-12-18 07:33:31',''),(195,20,87,'',0,0,'Sonia Colombi | Level 1 | Platinum','paid','0.00','','indirect','memberpress','','sale','372','',48,'2019-12-18 07:33:31',''),(197,29,90,'',49,0,'Platinum','paid','0.00','','a:2:{s:15:\"subscription_id\";i:332;s:18:\"is_coupon_referral\";b:0;}','memberpress','','sale','391','',47,'2020-01-12 18:32:02',''),(198,20,90,'',0,0,'Sonia Colombi | Level 1 | Platinum','paid','0.00','','indirect','memberpress','','sale','391','',46,'2020-01-12 18:32:02',''),(288,29,181,'',77,0,'Platinum','pending','0.00','EUR','s:65:\"a:2:{s:15:\"subscription_id\";i:429;s:18:\"is_coupon_referral\";b:0;}\";','memberpress','','sale','567','',0,'2020-05-01 11:41:40',''),(200,29,91,'',49,0,'Platinum','paid','0.00','','a:2:{s:15:\"subscription_id\";i:333;s:18:\"is_coupon_referral\";b:0;}','memberpress','','sale','392','',45,'2020-01-16 17:08:13',''),(201,20,91,'',0,0,'Sonia Colombi | Level 1 | Platinum','paid','0.00','','indirect','memberpress','','sale','392','',44,'2020-01-16 17:08:13',''),(299,34,189,'',82,0,'Platinum','pending','0.00','EUR','s:65:\"a:2:{s:15:\"subscription_id\";i:434;s:18:\"is_coupon_referral\";b:0;}\";','memberpress','','sale','572','',0,'2020-05-06 14:25:51',''),(285,20,177,'',0,0,'testuser1 test | Level 1 | Corporate','unpaid','0.00','EUR','indirect','memberpress','','sale','565','',0,'2020-04-29 08:31:29',''),(566,34,435,'',158,0,'Gold','unpaid','0.00','EUR','s:65:\"a:2:{s:15:\"subscription_id\";i:585;s:18:\"is_coupon_referral\";b:0;}\";','memberpress','','sale','780','',0,'2020-09-29 15:09:22',''),(287,20,180,'',0,0,'Admin Pardeep | Level 1 | Corporate','unpaid','0.00','EUR','indirect','memberpress','','sale','566','',0,'2020-04-30 09:42:54',''),(207,20,97,'',51,0,'Platinum','paid','0.00','','a:2:{s:15:\"subscription_id\";i:383;s:18:\"is_coupon_referral\";b:0;}','memberpress','','sale','443','',40,'2020-02-07 05:06:12',''),(304,20,194,'',0,0,'Sonia Colombi | Level 1 | Platinum','pending','0.00','EUR','indirect','memberpress','','sale','574','',0,'2020-05-07 07:47:57',''),(209,111,99,'',50,0,'Platinum','paid','0.00','','a:2:{s:15:\"subscription_id\";i:384;s:18:\"is_coupon_referral\";b:0;}','memberpress','','sale','444','',39,'2020-02-09 21:01:28',''),(210,34,99,'',0,0,'Dimi Ferrest | Level 1 | Platinum','paid','0.00','','indirect','memberpress','','sale','444','',38,'2020-02-09 21:01:28',''),(211,19,99,'',0,0,'Dimi Ferrest | Level 2 | Platinum','paid','0.00','','indirect','memberpress','','sale','444','',37,'2020-02-09 21:01:28',''),(283,20,175,'',0,0,'Sonia Colombi | Level 1 | Platinum','unpaid','0.00','EUR','indirect','memberpress','','sale','563','',0,'2020-04-28 15:27:13',''),(213,29,100,'',52,0,'Platinum','paid','0.00','','a:2:{s:15:\"subscription_id\";i:386;s:18:\"is_coupon_referral\";b:0;}','memberpress','','sale','447','',36,'2020-02-10 19:04:19',''),(214,20,100,'',0,0,'Sonia Colombi | Level 1 | Platinum','paid','0.00','','indirect','memberpress','','sale','447','',35,'2020-02-10 19:04:19',''),(282,29,175,'',74,0,'Platinum','pending','0.00','EUR','s:65:\"a:2:{s:15:\"subscription_id\";i:428;s:18:\"is_coupon_referral\";b:0;}\";','memberpress','','sale','563','',0,'2020-04-28 15:27:13',''),(256,20,156,'',0,0,'Sonia Colombi | Level 1 | Platinum','pending','0.00','EUR','indirect','memberpress','','sale','478','',0,'2020-04-14 17:21:50',''),(257,29,161,'',69,0,'Platinum','pending','0.00','EUR','s:65:\"a:2:{s:15:\"subscription_id\";i:416;s:18:\"is_coupon_referral\";b:0;}\";','memberpress','','sale','479','',0,'2020-04-16 10:50:57',''),(317,34,203,'',0,0,'Jenny Cornelis | Level 2 | Platinum','pending','0.00','EUR','indirect','memberpress','','sale','580','',0,'2020-05-08 18:38:57',''),(318,19,203,'',0,0,'Jenny Cornelis | Level 3 | Platinum','pending','0.00','EUR','indirect','memberpress','','sale','580','',0,'2020-05-08 18:38:57',''),(319,19,207,'',46,0,'Platinum','unpaid','0.00','EUR','s:65:\"a:2:{s:15:\"subscription_id\";i:443;s:18:\"is_coupon_referral\";b:0;}\";','memberpress','','sale','581','',0,'2020-05-09 10:05:54',''),(320,294,209,'',90,0,'Platinum','unpaid','0.00','EUR','s:65:\"a:2:{s:15:\"subscription_id\";i:444;s:18:\"is_coupon_referral\";b:0;}\";','memberpress','','sale','582','',0,'2020-05-11 07:40:59',''),(628,156,543,'',174,0,'Gold Subscription - Monthly (Variation ID 65622)','rejected','0.00','EUR','s:62:\"a:2:{s:12:\"affiliate_id\";i:156;s:18:\"is_coupon_referral\";b:0;}\";','woocommerce','undefined','sale','66347','s:172:\"a:1:{i:0;a:4:{s:4:\"name\";s:69:\"Gold Subscription - Monthly (Variation ID 65622) (Variation ID 65622)\";s:2:\"id\";i:65616;s:5:\"price\";s:1:\"0\";s:15:\"referral_amount\";s:1:\"0\";}}\";',0,'2021-02-07 09:05:05',''),(322,34,209,'',0,0,'Jenny Cornelis | Level 2 | Platinum','pending','0.00','EUR','indirect','memberpress','','sale','582','',0,'2020-05-11 07:40:59',''),(323,19,209,'',0,0,'Jenny Cornelis | Level 3 | Platinum','pending','0.00','EUR','indirect','memberpress','','sale','582','',0,'2020-05-11 07:40:59',''),(324,34,213,'',91,0,'Platinum','unpaid','0.00','EUR','s:65:\"a:2:{s:15:\"subscription_id\";i:445;s:18:\"is_coupon_referral\";b:0;}\";','memberpress','','sale','584','',0,'2020-05-11 16:18:39',''),(325,19,213,'',0,0,'An De Boelpaep | Level 1 | Platinum','pending','0.00','EUR','indirect','memberpress','','sale','584','',0,'2020-05-11 16:18:39',''),(326,34,216,'',92,0,'Platinum','unpaid','0.00','EUR','s:65:\"a:2:{s:15:\"subscription_id\";i:447;s:18:\"is_coupon_referral\";b:0;}\";','memberpress','','sale','586','',0,'2020-05-13 07:08:38',''),(327,19,216,'',0,0,'An De Boelpaep | Level 1 | Platinum','pending','0.00','EUR','indirect','memberpress','','sale','586','',0,'2020-05-13 07:08:38',''),(328,29,0,'',93,0,'Platinum','unpaid','0.00','EUR','s:65:\"a:2:{s:15:\"subscription_id\";i:448;s:18:\"is_coupon_referral\";b:0;}\";','memberpress','','sale','587','',0,'2020-05-14 14:34:33',''),(329,20,0,'',0,0,'Sonia Colombi | Level 1 | Platinum','pending','0.00','EUR','indirect','memberpress','','sale','587','',0,'2020-05-14 14:34:33',''),(330,34,222,'',94,0,'Platinum','unpaid','0.00','EUR','s:65:\"a:2:{s:15:\"subscription_id\";i:449;s:18:\"is_coupon_referral\";b:0;}\";','memberpress','','sale','588','',0,'2020-05-15 18:27:31',''),(331,19,222,'',0,0,'An De Boelpaep | Level 1 | Platinum','pending','0.00','EUR','indirect','memberpress','','sale','588','',0,'2020-05-15 18:27:31',''),(332,34,223,'',95,0,'Platinum','unpaid','0.00','EUR','s:65:\"a:2:{s:15:\"subscription_id\";i:450;s:18:\"is_coupon_referral\";b:0;}\";','memberpress','','sale','589','',0,'2020-05-18 14:05:30',''),(333,19,223,'',0,0,'An De Boelpaep | Level 1 | Platinum','pending','0.00','EUR','indirect','memberpress','','sale','589','',0,'2020-05-18 14:05:30',''),(334,294,224,'',96,0,'Platinum','unpaid','0.00','EUR','s:65:\"a:2:{s:15:\"subscription_id\";i:451;s:18:\"is_coupon_referral\";b:0;}\";','memberpress','','sale','590','',0,'2020-05-19 07:18:33',''),(336,34,224,'',0,0,'Jenny Cornelis | Level 2 | Platinum','pending','0.00','EUR','indirect','memberpress','','sale','590','',0,'2020-05-19 07:18:33',''),(337,19,224,'',0,0,'Jenny Cornelis | Level 3 | Platinum','pending','0.00','EUR','indirect','memberpress','','sale','590','',0,'2020-05-19 07:18:33',''),(339,29,225,'',0,0,'Nicolas Bernard | Level 1 | Platinum','pending','0.00','EUR','indirect','memberpress','','sale','591','',0,'2020-05-19 07:54:45',''),(340,20,225,'',0,0,'Nicolas Bernard | Level 2 | Platinum','pending','0.00','EUR','indirect','memberpress','','sale','591','',0,'2020-05-19 07:54:45',''),(341,294,0,'',98,0,'Platinum','unpaid','0.00','EUR','s:65:\"a:2:{s:15:\"subscription_id\";i:453;s:18:\"is_coupon_referral\";b:0;}\";','memberpress','','sale','592','',0,'2020-05-19 13:42:15',''),(343,34,0,'',0,0,'Jenny Cornelis | Level 2 | Platinum','pending','0.00','EUR','indirect','memberpress','','sale','592','',0,'2020-05-19 13:42:15',''),(344,19,0,'',0,0,'Jenny Cornelis | Level 3 | Platinum','pending','0.00','EUR','indirect','memberpress','','sale','592','',0,'2020-05-19 13:42:15',''),(629,156,545,'',175,0,'Gold Subscription - Monthly (Variation ID 65622)','rejected','0.00','EUR','s:62:\"a:2:{s:12:\"affiliate_id\";i:156;s:18:\"is_coupon_referral\";b:0;}\";','woocommerce','undefined','sale','66349','s:172:\"a:1:{i:0;a:4:{s:4:\"name\";s:69:\"Gold Subscription - Monthly (Variation ID 65622) (Variation ID 65622)\";s:2:\"id\";i:65616;s:5:\"price\";s:1:\"0\";s:15:\"referral_amount\";s:1:\"0\";}}\";',0,'2021-02-07 09:09:02',''),(346,34,228,'',0,0,'Mik Annick Suetens | Level 1 | Platinum','pending','0.00','EUR','indirect','memberpress','','sale','593','',0,'2020-05-19 17:19:03',''),(347,19,228,'',0,0,'Mik Annick Suetens | Level 2 | Platinum','pending','0.00','EUR','indirect','memberpress','','sale','593','',0,'2020-05-19 17:19:03',''),(348,29,230,'',100,0,'Platinum','unpaid','0.00','EUR','s:65:\"a:2:{s:15:\"subscription_id\";i:457;s:18:\"is_coupon_referral\";b:0;}\";','memberpress','','sale','597','',0,'2020-05-21 12:14:21',''),(349,20,230,'',0,0,'Sonia Colombi | Level 1 | Platinum','pending','0.00','EUR','indirect','memberpress','','sale','597','',0,'2020-05-21 12:14:21',''),(350,20,232,'',20,0,'Platinum','unpaid','0.00','EUR','s:65:\"a:2:{s:15:\"subscription_id\";i:458;s:18:\"is_coupon_referral\";b:0;}\";','memberpress','','sale','610','',0,'2020-05-22 05:33:01',''),(351,20,232,'',46,0,'Online Booking<br /><span class=\"mec-woo-cart-product-name\"><a href=\"https://betoo.be/events/personal-agility-workshop/\">Personal Agility Workshop</a><span><br /><span class=\"mec-woo-cart-product-person-name\">Leon Lebon</span><span class=\"mec-woo-cart-product-person-email\">(leon.lebon@hotmail.com)</span><br /><span class=\"mec-woo-cart-booking-date\">2020-10-31 - 2020-10-31<span>','unpaid','0.75','EUR','s:61:\"a:2:{s:12:\"affiliate_id\";i:20;s:18:\"is_coupon_referral\";b:0;}\";','woocommerce','','sale','56358','s:487:\"a:1:{i:0;a:4:{s:4:\"name\";s:380:\"Online Booking<br /><span class=\"mec-woo-cart-product-name\"><a href=\"https://betoo.be/events/personal-agility-workshop/\">Personal Agility Workshop</a><span><br /><span class=\"mec-woo-cart-product-person-name\">Leon Lebon</span><span class=\"mec-woo-cart-product-person-email\">(leon.lebon@hotmail.com)</span><br /><span class=\"mec-woo-cart-booking-date\">2020-10-31 - 2020-10-31<span>\";s:2:\"id\";i:56356;s:5:\"price\";s:1:\"1\";s:15:\"referral_amount\";s:4:\"0.75\";}}\";',0,'2020-05-22 05:42:49',''),(352,20,232,'',46,0,'Online Booking<br /><span class=\"mec-woo-cart-product-name\"><a href=\"https://betoo.be/events/personal-agility-workshop/\">Personal Agility Workshop</a><span><br /><span class=\"mec-woo-cart-product-person-name\">Leon Lebon</span><span class=\"mec-woo-cart-product-person-email\">(leon.lebon@hotmail.com)</span><br /><span class=\"mec-woo-cart-booking-date\">2020-10-31 - 2020-10-31<span>','unpaid','0.75','EUR','s:61:\"a:2:{s:12:\"affiliate_id\";i:20;s:18:\"is_coupon_referral\";b:0;}\";','woocommerce','','sale','56362','s:487:\"a:1:{i:0;a:4:{s:4:\"name\";s:380:\"Online Booking<br /><span class=\"mec-woo-cart-product-name\"><a href=\"https://betoo.be/events/personal-agility-workshop/\">Personal Agility Workshop</a><span><br /><span class=\"mec-woo-cart-product-person-name\">Leon Lebon</span><span class=\"mec-woo-cart-product-person-email\">(leon.lebon@hotmail.com)</span><br /><span class=\"mec-woo-cart-booking-date\">2020-10-31 - 2020-10-31<span>\";s:2:\"id\";i:56360;s:5:\"price\";s:1:\"1\";s:15:\"referral_amount\";s:4:\"0.75\";}}\";',0,'2020-05-22 05:58:41',''),(353,20,232,'',46,0,'Online Booking<br /><span class=\"mec-woo-cart-product-name\"><a href=\"https://betoo.be/events/personal-agility-workshop/\">Personal Agility Workshop</a><span><br /><span class=\"mec-woo-cart-product-person-name\">Leon Lebon</span><span class=\"mec-woo-cart-product-person-email\">(leon.lebon@hotmail.com)</span><br /><span class=\"mec-woo-cart-booking-date\">2020-10-31 - 2020-10-31<span>','unpaid','0.75','EUR','s:61:\"a:2:{s:12:\"affiliate_id\";i:20;s:18:\"is_coupon_referral\";b:0;}\";','woocommerce','','sale','56366','s:487:\"a:1:{i:0;a:4:{s:4:\"name\";s:380:\"Online Booking<br /><span class=\"mec-woo-cart-product-name\"><a href=\"https://betoo.be/events/personal-agility-workshop/\">Personal Agility Workshop</a><span><br /><span class=\"mec-woo-cart-product-person-name\">Leon Lebon</span><span class=\"mec-woo-cart-product-person-email\">(leon.lebon@hotmail.com)</span><br /><span class=\"mec-woo-cart-booking-date\">2020-10-31 - 2020-10-31<span>\";s:2:\"id\";i:56364;s:5:\"price\";s:1:\"1\";s:15:\"referral_amount\";s:4:\"0.75\";}}\";',0,'2020-05-22 06:07:23',''),(354,20,232,'',46,0,'Online Booking<br /><span class=\"mec-woo-cart-product-name\"><a href=\"https://betoo.be/events/personal-agility-workshop/\">Personal Agility Workshop</a><span><br /><span class=\"mec-woo-cart-product-person-name\">Leon Lebon</span><span class=\"mec-woo-cart-product-person-email\">(leon.lebon@hotmail.com)</span><br /><span class=\"mec-woo-cart-booking-date\">2020-10-31 - 2020-10-31<span>','unpaid','0.75','EUR','s:61:\"a:2:{s:12:\"affiliate_id\";i:20;s:18:\"is_coupon_referral\";b:0;}\";','woocommerce','','sale','56370','s:487:\"a:1:{i:0;a:4:{s:4:\"name\";s:380:\"Online Booking<br /><span class=\"mec-woo-cart-product-name\"><a href=\"https://betoo.be/events/personal-agility-workshop/\">Personal Agility Workshop</a><span><br /><span class=\"mec-woo-cart-product-person-name\">Leon Lebon</span><span class=\"mec-woo-cart-product-person-email\">(leon.lebon@hotmail.com)</span><br /><span class=\"mec-woo-cart-booking-date\">2020-10-31 - 2020-10-31<span>\";s:2:\"id\";i:56368;s:5:\"price\";s:1:\"1\";s:15:\"referral_amount\";s:4:\"0.75\";}}\";',0,'2020-05-22 06:16:03',''),(355,20,232,'',46,0,'Online Booking<br /><span class=\"mec-woo-cart-product-name\"><a href=\"https://betoo.be/events/personal-agility-workshop/\">Personal Agility Workshop</a><span><br /><span class=\"mec-woo-cart-product-person-name\">Leon Lebon</span><span class=\"mec-woo-cart-product-person-email\">(leon.lebon@hotmail.com)</span><br /><span class=\"mec-woo-cart-booking-date\">2020-10-31 - 2020-10-31<span>','unpaid','0.75','EUR','s:61:\"a:2:{s:12:\"affiliate_id\";i:20;s:18:\"is_coupon_referral\";b:0;}\";','woocommerce','','sale','56375','s:487:\"a:1:{i:0;a:4:{s:4:\"name\";s:380:\"Online Booking<br /><span class=\"mec-woo-cart-product-name\"><a href=\"https://betoo.be/events/personal-agility-workshop/\">Personal Agility Workshop</a><span><br /><span class=\"mec-woo-cart-product-person-name\">Leon Lebon</span><span class=\"mec-woo-cart-product-person-email\">(leon.lebon@hotmail.com)</span><br /><span class=\"mec-woo-cart-booking-date\">2020-10-31 - 2020-10-31<span>\";s:2:\"id\";i:56373;s:5:\"price\";s:1:\"1\";s:15:\"referral_amount\";s:4:\"0.75\";}}\";',0,'2020-05-22 06:21:20',''),(356,20,232,'',46,0,'Online Booking<br /><span class=\"mec-woo-cart-product-name\"><a href=\"https://betoo.be/events/personal-agility-workshop/\">Personal Agility Workshop</a><span><br /><span class=\"mec-woo-cart-product-person-name\">Leon Lebon</span><span class=\"mec-woo-cart-product-person-email\">(leon.lebon@hotmail.com)</span><br /><span class=\"mec-woo-cart-booking-date\">2020-10-31 - 2020-10-31<span>','unpaid','0.75','EUR','s:61:\"a:2:{s:12:\"affiliate_id\";i:20;s:18:\"is_coupon_referral\";b:0;}\";','woocommerce','','sale','56379','s:487:\"a:1:{i:0;a:4:{s:4:\"name\";s:380:\"Online Booking<br /><span class=\"mec-woo-cart-product-name\"><a href=\"https://betoo.be/events/personal-agility-workshop/\">Personal Agility Workshop</a><span><br /><span class=\"mec-woo-cart-product-person-name\">Leon Lebon</span><span class=\"mec-woo-cart-product-person-email\">(leon.lebon@hotmail.com)</span><br /><span class=\"mec-woo-cart-booking-date\">2020-10-31 - 2020-10-31<span>\";s:2:\"id\";i:56378;s:5:\"price\";s:1:\"1\";s:15:\"referral_amount\";s:4:\"0.75\";}}\";',0,'2020-05-22 06:26:04',''),(357,20,232,'',46,0,'Online Booking<br /><span class=\"mec-woo-cart-product-name\"><a href=\"https://betoo.be/events/personal-agility-workshop/\">Personal Agility Workshop</a><span><br /><span class=\"mec-woo-cart-product-person-name\">Leon Lebon</span><span class=\"mec-woo-cart-product-person-email\">(leon.lebon@hotmail.com)</span><br /><span class=\"mec-woo-cart-booking-date\">2020-10-31 - 2020-10-31<span>','unpaid','0.75','EUR','s:61:\"a:2:{s:12:\"affiliate_id\";i:20;s:18:\"is_coupon_referral\";b:0;}\";','woocommerce','','sale','56383','s:487:\"a:1:{i:0;a:4:{s:4:\"name\";s:380:\"Online Booking<br /><span class=\"mec-woo-cart-product-name\"><a href=\"https://betoo.be/events/personal-agility-workshop/\">Personal Agility Workshop</a><span><br /><span class=\"mec-woo-cart-product-person-name\">Leon Lebon</span><span class=\"mec-woo-cart-product-person-email\">(leon.lebon@hotmail.com)</span><br /><span class=\"mec-woo-cart-booking-date\">2020-10-31 - 2020-10-31<span>\";s:2:\"id\";i:56382;s:5:\"price\";s:1:\"1\";s:15:\"referral_amount\";s:4:\"0.75\";}}\";',0,'2020-05-22 06:29:24',''),(358,294,235,'',101,0,'Platinum','unpaid','0.00','EUR','s:65:\"a:2:{s:15:\"subscription_id\";i:459;s:18:\"is_coupon_referral\";b:0;}\";','memberpress','','sale','611','',0,'2020-05-24 11:12:01',''),(360,34,235,'',0,0,'Jenny Cornelis | Level 2 | Platinum','pending','0.00','EUR','indirect','memberpress','','sale','611','',0,'2020-05-24 11:12:01',''),(361,19,235,'',0,0,'Jenny Cornelis | Level 3 | Platinum','pending','0.00','EUR','indirect','memberpress','','sale','611','',0,'2020-05-24 11:12:01',''),(362,472,236,'',102,0,'Platinum','unpaid','0.00','EUR','s:65:\"a:2:{s:15:\"subscription_id\";i:460;s:18:\"is_coupon_referral\";b:0;}\";','memberpress','','sale','612','',0,'2020-05-25 08:19:57',''),(363,294,236,'',0,0,'Christine Wittoeck | Level 1 | Platinum','pending','0.00','EUR','indirect','memberpress','','sale','612','',0,'2020-05-25 08:19:57',''),(365,34,236,'',0,0,'Christine Wittoeck | Level 3 | Platinum','pending','0.00','EUR','indirect','memberpress','','sale','612','',0,'2020-05-25 08:19:57',''),(366,19,236,'',0,0,'Christine Wittoeck | Level 4 | Platinum','pending','0.00','EUR','indirect','memberpress','','sale','612','',0,'2020-05-25 08:19:57',''),(367,34,237,'',103,0,'Platinum','unpaid','0.00','EUR','s:65:\"a:2:{s:15:\"subscription_id\";i:461;s:18:\"is_coupon_referral\";b:0;}\";','memberpress','','sale','613','',0,'2020-05-25 12:04:46',''),(368,19,237,'',0,0,'An De Boelpaep | Level 1 | Platinum','pending','0.00','EUR','indirect','memberpress','','sale','613','',0,'2020-05-25 12:04:47',''),(369,20,239,'',104,0,'Gold','unpaid','0.00','EUR','s:65:\"a:2:{s:15:\"subscription_id\";i:463;s:18:\"is_coupon_referral\";b:0;}\";','memberpress','','sale','616','',0,'2020-05-28 15:32:18',''),(370,426,240,'',105,0,'Platinum','unpaid','0.00','EUR','s:65:\"a:2:{s:15:\"subscription_id\";i:464;s:18:\"is_coupon_referral\";b:0;}\";','memberpress','','sale','617','',0,'2020-05-29 09:03:09',''),(372,34,240,'',0,0,'Veerle Van Aken | Level 2 | Platinum','pending','0.00','EUR','indirect','memberpress','','sale','617','',0,'2020-05-29 09:03:09',''),(373,19,240,'',0,0,'Veerle Van Aken | Level 3 | Platinum','pending','0.00','EUR','indirect','memberpress','','sale','617','',0,'2020-05-29 09:03:09',''),(374,29,0,'',106,0,'Platinum','unpaid','0.00','EUR','s:65:\"a:2:{s:15:\"subscription_id\";i:465;s:18:\"is_coupon_referral\";b:0;}\";','memberpress','','sale','618','',0,'2020-06-01 16:18:00',''),(375,20,0,'',0,0,'Sonia Colombi | Level 1 | Platinum','pending','0.00','EUR','indirect','memberpress','','sale','618','',0,'2020-06-01 16:18:00',''),(376,34,242,'',107,0,'Platinum','unpaid','0.00','EUR','s:65:\"a:2:{s:15:\"subscription_id\";i:466;s:18:\"is_coupon_referral\";b:0;}\";','memberpress','','sale','619','',0,'2020-06-02 11:34:23',''),(377,19,242,'',0,0,'An De Boelpaep | Level 1 | Platinum','pending','0.00','EUR','indirect','memberpress','','sale','619','',0,'2020-06-02 11:34:23',''),(378,19,243,'',108,0,'Platinum','unpaid','0.00','EUR','s:65:\"a:2:{s:15:\"subscription_id\";i:467;s:18:\"is_coupon_referral\";b:0;}\";','memberpress','','sale','620','',0,'2020-06-02 22:24:03',''),(379,426,253,'',109,0,'Platinum','unpaid','0.00','EUR','s:65:\"a:2:{s:15:\"subscription_id\";i:469;s:18:\"is_coupon_referral\";b:0;}\";','memberpress','','sale','623','',0,'2020-06-16 12:53:17',''),(630,156,547,'',176,0,'Gold Subscription - Monthly (Variation ID 65622)','rejected','0.00','EUR','s:62:\"a:2:{s:12:\"affiliate_id\";i:156;s:18:\"is_coupon_referral\";b:0;}\";','woocommerce','undefined','sale','66351','s:172:\"a:1:{i:0;a:4:{s:4:\"name\";s:69:\"Gold Subscription - Monthly (Variation ID 65622) (Variation ID 65622)\";s:2:\"id\";i:65616;s:5:\"price\";s:1:\"0\";s:15:\"referral_amount\";s:1:\"0\";}}\";',0,'2021-02-07 09:12:15',''),(381,34,253,'',0,0,'Veerle Van Aken | Level 2 | Platinum','pending','0.00','EUR','indirect','memberpress','','sale','623','',0,'2020-06-16 12:53:17',''),(382,19,253,'',0,0,'Veerle Van Aken | Level 3 | Platinum','pending','0.00','EUR','indirect','memberpress','','sale','623','',0,'2020-06-16 12:53:17',''),(383,34,255,'',110,0,'Platinum','unpaid','0.00','EUR','s:65:\"a:2:{s:15:\"subscription_id\";i:470;s:18:\"is_coupon_referral\";b:0;}\";','memberpress','','sale','624','',0,'2020-06-17 08:17:47',''),(384,19,255,'',0,0,'An De Boelpaep | Level 1 | Platinum','pending','0.00','EUR','indirect','memberpress','','sale','624','',0,'2020-06-17 08:17:47',''),(385,156,263,'',111,0,'Platinum','unpaid','0.00','EUR','s:65:\"a:2:{s:15:\"subscription_id\";i:471;s:18:\"is_coupon_referral\";b:0;}\";','memberpress','','sale','625','',0,'2020-06-29 15:28:09',''),(386,20,263,'',0,0,'Nada Dajjani | Level 1 | Platinum','pending','0.00','EUR','indirect','memberpress','','sale','625','',0,'2020-06-29 15:28:09',''),(387,19,264,'',112,0,'Platinum','unpaid','0.00','EUR','s:65:\"a:2:{s:15:\"subscription_id\";i:472;s:18:\"is_coupon_referral\";b:0;}\";','memberpress','','sale','626','',0,'2020-07-07 18:47:40',''),(388,321,266,'',113,0,'Platinum','unpaid','0.00','EUR','s:65:\"a:2:{s:15:\"subscription_id\";i:473;s:18:\"is_coupon_referral\";b:0;}\";','memberpress','','sale','627','',0,'2020-07-08 08:40:14',''),(389,29,266,'',0,0,'Katja Legisa | Level 1 | Platinum','pending','0.00','EUR','indirect','memberpress','','sale','627','',0,'2020-07-08 08:40:14',''),(390,20,266,'',0,0,'Katja Legisa | Level 2 | Platinum','pending','0.00','EUR','indirect','memberpress','','sale','627','',0,'2020-07-08 08:40:14',''),(391,29,0,'',114,0,'Platinum','unpaid','0.00','EUR','s:65:\"a:2:{s:15:\"subscription_id\";i:474;s:18:\"is_coupon_referral\";b:0;}\";','memberpress','','sale','628','',0,'2020-07-17 16:36:37',''),(392,20,0,'',0,0,'Sonia Colombi | Level 1 | Platinum','pending','0.00','EUR','indirect','memberpress','','sale','628','',0,'2020-07-17 16:36:37',''),(393,472,276,'',115,0,'Platinum','unpaid','0.00','EUR','s:65:\"a:2:{s:15:\"subscription_id\";i:475;s:18:\"is_coupon_referral\";b:0;}\";','memberpress','','sale','629','',0,'2020-07-19 13:11:06',''),(394,294,276,'',0,0,'Christine Wittoeck | Level 1 | Platinum','pending','0.00','EUR','indirect','memberpress','','sale','629','',0,'2020-07-19 13:11:06',''),(396,34,276,'',0,0,'Christine Wittoeck | Level 3 | Platinum','pending','0.00','EUR','indirect','memberpress','','sale','629','',0,'2020-07-19 13:11:06',''),(397,19,276,'',0,0,'Christine Wittoeck | Level 4 | Platinum','pending','0.00','EUR','indirect','memberpress','','sale','629','',0,'2020-07-19 13:11:06',''),(398,29,282,'',116,0,'Gold','unpaid','0.00','EUR','s:65:\"a:2:{s:15:\"subscription_id\";i:477;s:18:\"is_coupon_referral\";b:0;}\";','memberpress','','sale','631','',0,'2020-07-28 10:50:14',''),(399,20,282,'',0,0,'Sonia Colombi | Level 1 | Gold','pending','0.00','EUR','indirect','memberpress','','sale','631','',0,'2020-07-28 10:50:14',''),(400,29,283,'',117,0,'Gold','unpaid','0.00','EUR','s:65:\"a:2:{s:15:\"subscription_id\";i:478;s:18:\"is_coupon_referral\";b:0;}\";','memberpress','','sale','632','',0,'2020-07-28 11:00:02',''),(401,20,283,'',0,0,'Sonia Colombi | Level 1 | Gold','pending','0.00','EUR','indirect','memberpress','','sale','632','',0,'2020-07-28 11:00:02',''),(402,29,0,'',118,0,'Gold','unpaid','0.00','EUR','s:65:\"a:2:{s:15:\"subscription_id\";i:479;s:18:\"is_coupon_referral\";b:0;}\";','memberpress','','sale','633','',0,'2020-07-31 08:18:30',''),(403,20,0,'',0,0,'Sonia Colombi | Level 1 | Gold','pending','0.00','EUR','indirect','memberpress','','sale','633','',0,'2020-07-31 08:18:30',''),(404,29,0,'',118,0,'Gold','unpaid','12.00','EUR','s:65:\"a:2:{s:15:\"subscription_id\";i:480;s:18:\"is_coupon_referral\";b:0;}\";','memberpress','','sale','634','',0,'2020-07-31 08:25:21',''),(405,20,0,'',0,0,'Sonia Colombi | Level 1 | Gold','pending','0.00','EUR','indirect','memberpress','','sale','634','',0,'2020-07-31 08:25:21',''),(406,29,285,'',119,0,'Gold','unpaid','0.00','EUR','s:65:\"a:2:{s:15:\"subscription_id\";i:481;s:18:\"is_coupon_referral\";b:0;}\";','memberpress','','sale','636','',0,'2020-07-31 08:37:39',''),(407,20,285,'',0,0,'Sonia Colombi | Level 1 | Gold','pending','0.00','EUR','indirect','memberpress','','sale','636','',0,'2020-07-31 08:37:39',''),(408,29,289,'',120,0,'Gold','unpaid','0.00','EUR','s:65:\"a:2:{s:15:\"subscription_id\";i:483;s:18:\"is_coupon_referral\";b:0;}\";','memberpress','','sale','638','',0,'2020-08-03 14:51:38',''),(409,20,289,'',0,0,'Sonia Colombi | Level 1 | Gold','pending','0.00','EUR','indirect','memberpress','','sale','638','',0,'2020-08-03 14:51:38',''),(410,29,292,'',121,0,'Gold','pending','0.00','EUR','s:65:\"a:2:{s:15:\"subscription_id\";i:485;s:18:\"is_coupon_referral\";b:0;}\";','memberpress','','sale','640','',0,'2020-08-06 07:40:08',''),(411,20,292,'',0,0,'Sonia Colombi | Level 1 | Gold','pending','0.00','EUR','indirect','memberpress','','sale','640','',0,'2020-08-06 07:40:08',''),(412,29,294,'',121,0,'Gold','unpaid','0.00','EUR','s:65:\"a:2:{s:15:\"subscription_id\";i:486;s:18:\"is_coupon_referral\";b:0;}\";','memberpress','','sale','641','',0,'2020-08-08 11:32:13',''),(413,20,294,'',0,0,'Sonia Colombi | Level 1 | Gold','pending','0.00','EUR','indirect','memberpress','','sale','641','',0,'2020-08-08 11:32:13',''),(597,472,462,'',163,0,'Gold','unpaid','0.00','EUR','s:65:\"a:2:{s:15:\"subscription_id\";i:612;s:18:\"is_coupon_referral\";b:0;}\";','memberpress','','sale','909','',0,'2020-11-16 13:49:45',''),(567,19,435,'',0,0,'An De Boelpaep | Level 1 | Gold','pending','0.00','EUR','indirect','memberpress','','sale','780','',0,'2020-09-29 15:09:22',''),(416,257,299,'',123,0,'Gold','unpaid','0.00','EUR','s:65:\"a:2:{s:15:\"subscription_id\";i:488;s:18:\"is_coupon_referral\";b:0;}\";','memberpress','','sale','643','',0,'2020-08-12 08:31:08',''),(417,19,299,'',0,0,'Maarten Merken | Level 1 | Gold','pending','0.00','EUR','indirect','memberpress','','sale','643','',0,'2020-08-12 08:31:08',''),(568,19,0,'',0,378,'Subscription payment for 467','unpaid','24.00','EUR','620','memberpress','','sale','782','',0,'2020-09-30 23:24:18',''),(569,19,0,'',0,509,'Subscription payment for 535','unpaid','12.00','EUR','706','memberpress','','sale','788','',0,'2020-10-01 03:53:31',''),(570,20,0,'',0,369,'Subscription payment for 463','unpaid','12.00','EUR','616','memberpress','','sale','790','',0,'2020-10-01 03:56:23',''),(571,20,0,'',0,251,'Subscription payment for 414','rejected','24.00','EUR','477','memberpress','','sale','800','',0,'2020-10-01 03:58:53',''),(572,19,0,'',0,249,'Subscription payment for 413','unpaid','24.00','EUR','476','memberpress','','sale','801','',0,'2020-10-01 03:59:01',''),(573,20,0,'',0,244,'Subscription payment for 411','rejected','24.00','EUR','474','memberpress','','sale','803','',0,'2020-10-01 03:59:15',''),(574,20,0,'',0,235,'Subscription payment for 408','unpaid','24.00','EUR','470','memberpress','','sale','804','',0,'2020-10-01 03:59:21',''),(575,20,0,'',0,229,'Subscription payment for 406','unpaid','24.00','EUR','468','memberpress','','sale','806','',0,'2020-10-01 04:09:05',''),(576,20,0,'',0,227,'Subscription payment for 401','unpaid','24.00','EUR','462','memberpress','','sale','807','',0,'2020-10-01 04:09:11',''),(577,20,0,'',0,195,'Subscription payment for 331','unpaid','20.51','EUR','372','memberpress','','sale','808','',0,'2020-10-01 04:09:19',''),(578,19,0,'',0,132,'Subscription payment for 277','unpaid','24.00','EUR','284','memberpress','','sale','810','',0,'2020-10-01 04:10:09',''),(579,19,0,'',0,123,'Subscription payment for 236','rejected','24.00','EUR','243','memberpress','','sale','812','',0,'2020-10-01 04:10:25',''),(580,19,0,'',0,114,'Subscription payment for 206','unpaid','24.00','EUR','213','memberpress','','sale','814','',0,'2020-10-01 04:10:38',''),(581,20,437,'',159,0,'Platinum','unpaid','0.00','EUR','s:65:\"a:2:{s:15:\"subscription_id\";i:590;s:18:\"is_coupon_referral\";b:0;}\";','memberpress','','sale','826','',0,'2020-10-05 08:25:24',''),(582,19,0,'',0,387,'Subscription payment for 472','unpaid','24.00','EUR','626','memberpress','','sale','829','',0,'2020-10-05 19:48:02',''),(583,426,441,'',160,0,'Gold','unpaid','0.00','EUR','s:65:\"a:2:{s:15:\"subscription_id\";i:596;s:18:\"is_coupon_referral\";b:0;}\";','memberpress','','sale','847','',0,'2020-10-12 16:55:09',''),(584,34,441,'',0,0,'Veerle Van Aken | Level 1 | Gold','pending','0.00','EUR','indirect','memberpress','','sale','847','',0,'2020-10-12 16:55:09',''),(585,19,441,'',0,0,'Veerle Van Aken | Level 2 | Gold','pending','0.00','EUR','indirect','memberpress','','sale','847','',0,'2020-10-12 16:55:09',''),(586,19,0,'',0,558,'Subscription payment for 580','unpaid','12.00','EUR','764','memberpress','','sale','861','',0,'2020-10-23 09:14:36',''),(587,19,0,'',0,378,'Subscription payment for 467','unpaid','24.00','EUR','620','memberpress','','sale','873','',0,'2020-10-30 23:24:57',''),(588,19,0,'',0,509,'Subscription payment for 535','unpaid','12.00','EUR','706','memberpress','','sale','877','',0,'2020-11-01 04:53:46',''),(589,19,0,'',0,249,'Subscription payment for 413','unpaid','24.00','EUR','476','memberpress','','sale','884','',0,'2020-11-01 04:59:17',''),(590,20,0,'',0,235,'Subscription payment for 408','unpaid','24.00','EUR','470','memberpress','','sale','885','',0,'2020-11-01 04:59:40',''),(591,20,0,'',0,195,'Subscription payment for 331','unpaid','19.84','EUR','372','memberpress','','sale','886','',0,'2020-11-01 05:09:35',''),(592,498,457,'',161,0,'Platinum','unpaid','0.00','EUR','s:65:\"a:2:{s:15:\"subscription_id\";i:610;s:18:\"is_coupon_referral\";b:0;}\";','memberpress','','sale','907','',0,'2020-11-14 07:02:54',''),(593,294,457,'',0,0,'Nico Van De Venne | Level 1 | Platinum','pending','0.00','EUR','indirect','memberpress','','sale','907','',0,'2020-11-14 07:02:54',''),(594,34,457,'',0,0,'Nico Van De Venne | Level 2 | Platinum','pending','0.00','EUR','indirect','memberpress','','sale','907','',0,'2020-11-14 07:02:54',''),(595,19,457,'',0,0,'Nico Van De Venne | Level 3 | Platinum','pending','0.00','EUR','indirect','memberpress','','sale','907','',0,'2020-11-14 07:02:54',''),(596,20,460,'',162,0,'Gold','unpaid','0.00','EUR','s:65:\"a:2:{s:15:\"subscription_id\";i:611;s:18:\"is_coupon_referral\";b:0;}\";','memberpress','','sale','908','',0,'2020-11-14 12:53:54',''),(444,29,301,'',126,0,'Gold','unpaid','0.00','EUR','s:65:\"a:2:{s:15:\"subscription_id\";i:509;s:18:\"is_coupon_referral\";b:0;}\";','memberpress','','sale','666','',0,'2020-08-14 12:30:08',''),(445,20,301,'',0,0,'Sonia Colombi | Level 1 | Gold','pending','0.00','EUR','indirect','memberpress','','sale','666','',0,'2020-08-14 12:30:08',''),(481,20,313,'',127,0,'Gold','unpaid','0.00','EUR','s:65:\"a:2:{s:15:\"subscription_id\";i:519;s:18:\"is_coupon_referral\";b:0;}\";','memberpress','','sale','684','',0,'2020-08-18 14:17:20',''),(482,500,322,'',128,0,'Gold','unpaid','0.00','EUR','s:65:\"a:2:{s:15:\"subscription_id\";i:523;s:18:\"is_coupon_referral\";b:0;}\";','memberpress','','sale','688','',0,'2020-08-20 09:35:32',''),(483,34,322,'',0,0,'Kristel Dufraimont | Level 1 | Gold','pending','0.00','EUR','indirect','memberpress','','sale','688','',0,'2020-08-20 09:35:33',''),(484,19,322,'',0,0,'Kristel Dufraimont | Level 2 | Gold','pending','0.00','EUR','indirect','memberpress','','sale','688','',0,'2020-08-20 09:35:33',''),(485,500,0,'',129,0,'Gold','unpaid','0.00','EUR','s:65:\"a:2:{s:15:\"subscription_id\";i:524;s:18:\"is_coupon_referral\";b:0;}\";','memberpress','','sale','689','',0,'2020-08-20 13:08:44',''),(486,34,0,'',0,0,'Kristel Dufraimont | Level 1 | Gold','pending','0.00','EUR','indirect','memberpress','','sale','689','',0,'2020-08-20 13:08:44',''),(487,19,0,'',0,0,'Kristel Dufraimont | Level 2 | Gold','pending','0.00','EUR','indirect','memberpress','','sale','689','',0,'2020-08-20 13:08:44',''),(488,20,0,'',130,0,'Gold','unpaid','0.00','EUR','s:65:\"a:2:{s:15:\"subscription_id\";i:525;s:18:\"is_coupon_referral\";b:0;}\";','memberpress','','sale','690','',0,'2020-08-24 12:21:31',''),(535,20,397,'',144,0,'Platinum','pending','0.00','EUR','s:65:\"a:2:{s:15:\"subscription_id\";i:555;s:18:\"is_coupon_referral\";b:0;}\";','memberpress','','sale','725','',0,'2020-09-08 04:27:17',''),(490,20,348,'',0,0,'[o] Abdel Karkoubi | Level 1 | Gold','pending','0.00','EUR','indirect','memberpress','','sale','691','',0,'2020-08-27 16:54:48',''),(537,20,399,'',145,0,'Platinum','unpaid','0.00','EUR','s:65:\"a:2:{s:15:\"subscription_id\";i:557;s:18:\"is_coupon_referral\";b:0;}\";','memberpress','','sale','727','',0,'2020-09-08 05:57:13',''),(536,20,398,'',145,0,'Platinum','unpaid','0.00','EUR','s:65:\"a:2:{s:15:\"subscription_id\";i:556;s:18:\"is_coupon_referral\";b:0;}\";','memberpress','','sale','726','',0,'2020-09-08 05:11:21',''),(493,20,349,'',0,0,'Bob Morane | Level 2 | Test_membership','pending','0.00','EUR','indirect','memberpress','','sale','692','',0,'2020-08-27 17:00:12',''),(495,20,359,'',0,0,'[o] Abdel Karkoubi | Level 1 | Gold','pending','0.00','EUR','indirect','memberpress','','sale','695','',0,'2020-08-30 07:54:03',''),(538,29,400,'',146,0,'Gold','unpaid','0.00','EUR','s:65:\"a:2:{s:15:\"subscription_id\";i:558;s:18:\"is_coupon_referral\";b:0;}\";','memberpress','','sale','728','',0,'2020-09-08 06:29:31',''),(497,20,359,'',0,0,'[o] Abdel Karkoubi | Level 1 | Platinum','pending','0.00','EUR','indirect','memberpress','','sale','696','',0,'2020-08-30 08:00:55',''),(539,20,400,'',0,0,'Sonia Colombi | Level 1 | Gold','pending','0.00','EUR','indirect','memberpress','','sale','728','',0,'2020-09-08 06:29:31',''),(499,20,359,'',0,0,'[o] Abdel Karkoubi | Level 1 | Gold','pending','0.00','EUR','indirect','memberpress','','sale','697','',0,'2020-08-30 08:03:36',''),(540,20,0,'',145,0,'Platinum','unpaid','0.00','EUR','s:65:\"a:2:{s:15:\"subscription_id\";i:559;s:18:\"is_coupon_referral\";b:0;}\";','memberpress','','sale','729','',0,'2020-09-08 06:39:24',''),(501,20,359,'',0,0,'[o] Abdel Karkoubi | Level 1 | Founding Member','unpaid','0.00','EUR','indirect','memberpress','','sale','699','',0,'2020-08-30 08:14:07',''),(541,20,402,'',147,0,'Platinum','unpaid','0.00','EUR','s:65:\"a:2:{s:15:\"subscription_id\";i:564;s:18:\"is_coupon_referral\";b:0;}\";','memberpress','','sale','738','',0,'2020-09-08 11:37:52',''),(503,20,359,'',0,0,'[o] Abdel Karkoubi | Level 1 | Platinum','pending','0.00','EUR','indirect','memberpress','','sale','700','',0,'2020-08-30 08:17:25',''),(542,20,407,'',148,0,'Platinum','unpaid','0.00','EUR','s:65:\"a:2:{s:15:\"subscription_id\";i:566;s:18:\"is_coupon_referral\";b:0;}\";','memberpress','','sale','741','',0,'2020-09-10 06:50:56',''),(505,20,359,'',0,0,'[o] Abdel Karkoubi | Level 1 | Gold','pending','0.00','EUR','indirect','memberpress','','sale','702','',0,'2020-08-30 08:41:06',''),(543,20,408,'',149,0,'Platinum','unpaid','0.00','EUR','s:65:\"a:2:{s:15:\"subscription_id\";i:569;s:18:\"is_coupon_referral\";b:0;}\";','memberpress','','sale','744','',0,'2020-09-12 04:16:38',''),(507,20,359,'',0,0,'[o] Abdel Karkoubi | Level 1 | Founding Member','rejected','0.00','EUR','indirect','memberpress','','sale','703','',0,'2020-08-30 08:44:03',''),(508,20,360,'',132,0,'Gold','unpaid','0.00','EUR','s:65:\"a:2:{s:15:\"subscription_id\";i:534;s:18:\"is_coupon_referral\";b:0;}\";','memberpress','','sale','705','',0,'2020-08-31 06:28:08',''),(509,19,370,'',133,0,'Gold','unpaid','0.00','EUR','s:65:\"a:2:{s:15:\"subscription_id\";i:535;s:18:\"is_coupon_referral\";b:0;}\";','memberpress','','sale','706','',0,'2020-08-31 17:37:03',''),(510,500,373,'',134,0,'Gold','unpaid','0.00','EUR','s:65:\"a:2:{s:15:\"subscription_id\";i:537;s:18:\"is_coupon_referral\";b:0;}\";','memberpress','','sale','707','',0,'2020-09-01 07:41:17',''),(511,34,373,'',0,0,'Kristel Dufraimont | Level 1 | Gold','pending','0.00','EUR','indirect','memberpress','','sale','707','',0,'2020-09-01 07:41:17',''),(512,19,373,'',0,0,'Kristel Dufraimont | Level 2 | Gold','pending','0.00','EUR','indirect','memberpress','','sale','707','',0,'2020-09-01 07:41:17',''),(514,29,0,'',0,0,'Joseph Pérez-Pla | Level 1 | Gold','pending','0.00','EUR','indirect','memberpress','','sale','708','',0,'2020-09-01 08:03:51',''),(515,20,0,'',0,0,'Joseph Pérez-Pla | Level 2 | Gold','pending','0.00','EUR','indirect','memberpress','','sale','708','',0,'2020-09-01 08:03:51',''),(516,426,0,'',136,0,'Gold','unpaid','0.00','EUR','s:65:\"a:2:{s:15:\"subscription_id\";i:539;s:18:\"is_coupon_referral\";b:0;}\";','memberpress','','sale','710','',0,'2020-09-01 15:00:48',''),(518,34,0,'',0,0,'Veerle Van Aken | Level 2 | Gold','pending','0.00','EUR','indirect','memberpress','','sale','710','',0,'2020-09-01 15:00:48',''),(519,19,0,'',0,0,'Veerle Van Aken | Level 3 | Gold','pending','0.00','EUR','indirect','memberpress','','sale','710','',0,'2020-09-01 15:00:48',''),(520,20,383,'',137,0,'Platinum','pending','0.00','EUR','s:65:\"a:2:{s:15:\"subscription_id\";i:540;s:18:\"is_coupon_referral\";b:0;}\";','memberpress','','sale','711','',0,'2020-09-03 05:31:19',''),(521,20,383,'',138,0,'Platinum','unpaid','0.00','EUR','s:65:\"a:2:{s:15:\"subscription_id\";i:541;s:18:\"is_coupon_referral\";b:0;}\";','memberpress','','sale','712','',0,'2020-09-03 05:47:08',''),(522,20,383,'',139,0,'Platinum','unpaid','0.00','EUR','s:65:\"a:2:{s:15:\"subscription_id\";i:543;s:18:\"is_coupon_referral\";b:0;}\";','memberpress','','sale','714','',0,'2020-09-03 09:13:47',''),(524,29,389,'',0,0,'Joseph Pérez-Pla | Level 1 | Gold','pending','0.00','EUR','indirect','memberpress','','sale','719','',0,'2020-09-04 13:10:25',''),(525,20,389,'',0,0,'Joseph Pérez-Pla | Level 2 | Gold','pending','0.00','EUR','indirect','memberpress','','sale','719','',0,'2020-09-04 13:10:25',''),(526,500,390,'',141,0,'Gold','pending','0.00','EUR','s:65:\"a:2:{s:15:\"subscription_id\";i:550;s:18:\"is_coupon_referral\";b:0;}\";','memberpress','','sale','720','',0,'2020-09-04 18:09:51',''),(527,34,390,'',0,0,'Kristel Dufraimont | Level 1 | Gold','pending','0.00','EUR','indirect','memberpress','','sale','720','',0,'2020-09-04 18:09:51',''),(528,19,390,'',0,0,'Kristel Dufraimont | Level 2 | Gold','pending','0.00','EUR','indirect','memberpress','','sale','720','',0,'2020-09-04 18:09:51',''),(529,20,391,'',131,0,'Gold','pending','0.00','EUR','s:65:\"a:2:{s:15:\"subscription_id\";i:551;s:18:\"is_coupon_referral\";b:0;}\";','memberpress','','sale','721','',0,'2020-09-05 09:17:27',''),(530,20,391,'',131,0,'Gold','unpaid','0.00','EUR','s:65:\"a:2:{s:15:\"subscription_id\";i:552;s:18:\"is_coupon_referral\";b:0;}\";','memberpress','','sale','722','',0,'2020-09-05 09:23:50',''),(532,29,0,'',0,0,'Joseph Pérez-Pla | Level 1 | Gold','pending','0.00','EUR','indirect','memberpress','','sale','723','',0,'2020-09-05 11:31:57',''),(533,20,0,'',0,0,'Joseph Pérez-Pla | Level 2 | Gold','pending','0.00','EUR','indirect','memberpress','','sale','723','',0,'2020-09-05 11:31:57',''),(534,20,394,'',143,0,'Gold','unpaid','0.00','EUR','s:65:\"a:2:{s:15:\"subscription_id\";i:554;s:18:\"is_coupon_referral\";b:0;}\";','memberpress','','sale','724','',0,'2020-09-07 10:19:23',''),(544,500,0,'',141,0,'Gold','unpaid','0.00','EUR','s:65:\"a:2:{s:15:\"subscription_id\";i:570;s:18:\"is_coupon_referral\";b:0;}\";','memberpress','','sale','745','',0,'2020-09-12 12:28:34',''),(545,34,0,'',0,0,'Kristel Dufraimont | Level 1 | Gold','pending','0.00','EUR','indirect','memberpress','','sale','745','',0,'2020-09-12 12:28:34',''),(546,19,0,'',0,0,'Kristel Dufraimont | Level 2 | Gold','pending','0.00','EUR','indirect','memberpress','','sale','745','',0,'2020-09-12 12:28:34',''),(548,29,412,'',0,0,'Joseph Pérez-Pla | Level 1 | Gold','pending','0.00','EUR','indirect','memberpress','','sale','746','',0,'2020-09-14 15:52:26',''),(549,20,412,'',0,0,'Joseph Pérez-Pla | Level 2 | Gold','pending','0.00','EUR','indirect','memberpress','','sale','746','',0,'2020-09-14 15:52:26',''),(550,20,413,'',150,0,'Gold','unpaid','0.00','EUR','s:65:\"a:2:{s:15:\"subscription_id\";i:573;s:18:\"is_coupon_referral\";b:0;}\";','memberpress','','sale','748','',0,'2020-09-14 17:37:09',''),(551,20,414,'',151,0,'Platinum','paid','0.00','EUR','s:65:\"a:2:{s:15:\"subscription_id\";i:574;s:18:\"is_coupon_referral\";b:0;}\";','memberpress','','sale','749','',51,'2020-09-15 07:05:26',''),(552,20,422,'',139,0,'Platinum','unpaid','0.00','EUR','s:65:\"a:2:{s:15:\"subscription_id\";i:576;s:18:\"is_coupon_referral\";b:0;}\";','memberpress','','sale','756','',0,'2020-09-16 10:59:19',''),(553,20,423,'',152,0,'Platinum','unpaid','0.00','EUR','s:65:\"a:2:{s:15:\"subscription_id\";i:577;s:18:\"is_coupon_referral\";b:0;}\";','memberpress','','sale','757','',0,'2020-09-16 11:17:05',''),(554,20,424,'',153,0,'Platinum','unpaid','0.00','EUR','s:65:\"a:2:{s:15:\"subscription_id\";i:578;s:18:\"is_coupon_referral\";b:0;}\";','memberpress','','sale','758','',0,'2020-09-16 11:31:11',''),(555,500,429,'',154,0,'Gold','unpaid','0.00','EUR','s:65:\"a:2:{s:15:\"subscription_id\";i:579;s:18:\"is_coupon_referral\";b:0;}\";','memberpress','','sale','763','',0,'2020-09-21 10:05:05',''),(556,34,429,'',0,0,'Kristel Dufraimont | Level 1 | Gold','pending','0.00','EUR','indirect','memberpress','','sale','763','',0,'2020-09-21 10:05:05',''),(557,19,429,'',0,0,'Kristel Dufraimont | Level 2 | Gold','pending','0.00','EUR','indirect','memberpress','','sale','763','',0,'2020-09-21 10:05:05',''),(558,19,430,'',155,0,'Gold','unpaid','0.00','EUR','s:65:\"a:2:{s:15:\"subscription_id\";i:580;s:18:\"is_coupon_referral\";b:0;}\";','memberpress','','sale','764','',0,'2020-09-23 08:14:00',''),(559,498,431,'',156,0,'Gold','unpaid','0.00','EUR','s:65:\"a:2:{s:15:\"subscription_id\";i:581;s:18:\"is_coupon_referral\";b:0;}\";','memberpress','','sale','767','',0,'2020-09-24 09:19:04',''),(560,294,431,'',0,0,'Nico Van De Venne | Level 1 | Gold','pending','0.00','EUR','indirect','memberpress','','sale','767','',0,'2020-09-24 09:19:04',''),(562,34,431,'',0,0,'Nico Van De Venne | Level 3 | Gold','pending','0.00','EUR','indirect','memberpress','','sale','767','',0,'2020-09-24 09:19:04',''),(563,19,431,'',0,0,'Nico Van De Venne | Level 4 | Gold','pending','0.00','EUR','indirect','memberpress','','sale','767','',0,'2020-09-24 09:19:04',''),(564,29,433,'',157,0,'Gold','unpaid','0.00','EUR','s:65:\"a:2:{s:15:\"subscription_id\";i:582;s:18:\"is_coupon_referral\";b:0;}\";','memberpress','','sale','768','',0,'2020-09-24 15:43:43',''),(565,20,433,'',0,0,'Sonia Colombi | Level 1 | Gold','pending','0.00','EUR','indirect','memberpress','','sale','768','',0,'2020-09-24 15:43:43',''),(598,294,462,'',0,0,'Christine Wittoeck | Level 1 | Gold','pending','0.00','EUR','indirect','memberpress','','sale','909','',0,'2020-11-16 13:49:46',''),(599,34,462,'',0,0,'Christine Wittoeck | Level 2 | Gold','pending','0.00','EUR','indirect','memberpress','','sale','909','',0,'2020-11-16 13:49:46',''),(600,19,462,'',0,0,'Christine Wittoeck | Level 3 | Gold','pending','0.00','EUR','indirect','memberpress','','sale','909','',0,'2020-11-16 13:49:46',''),(601,19,0,'',0,558,'Subscription payment for 580','unpaid','12.00','EUR','764','memberpress','','sale','914','',0,'2020-12-03 04:01:16',''),(602,19,0,'',0,378,'Subscription payment for 467','unpaid','24.00','EUR','620','memberpress','','sale','919','',0,'2020-12-03 04:14:51',''),(603,19,0,'',0,509,'Subscription payment for 535','unpaid','12.00','EUR','706','memberpress','','sale','921','',0,'2020-12-03 04:19:13',''),(604,20,0,'',0,235,'Subscription payment for 408','unpaid','24.00','EUR','470','memberpress','','sale','926','',0,'2020-12-03 04:27:28',''),(605,20,0,'',0,195,'Subscription payment for 331','unpaid','19.84','EUR','372','memberpress','','sale','927','',0,'2020-12-03 04:29:29',''),(606,34,479,'',164,0,'Gold','unpaid','0.00','EUR','s:65:\"a:2:{s:15:\"subscription_id\";i:614;s:18:\"is_coupon_referral\";b:0;}\";','memberpress','','sale','929','',0,'2020-12-03 17:05:35',''),(607,19,479,'',0,0,'An De Boelpaep | Level 1 | Gold','pending','0.00','EUR','indirect','memberpress','','sale','929','',0,'2020-12-03 17:05:35',''),(608,498,484,'',165,0,'Gold','unpaid','0.00','EUR','s:65:\"a:2:{s:15:\"subscription_id\";i:615;s:18:\"is_coupon_referral\";b:0;}\";','memberpress','','sale','932','',0,'2020-12-07 17:34:41',''),(609,294,484,'',0,0,'Nico Van De Venne | Level 1 | Gold','pending','0.00','EUR','indirect','memberpress','','sale','932','',0,'2020-12-07 17:34:41',''),(610,34,484,'',0,0,'Nico Van De Venne | Level 2 | Gold','pending','0.00','EUR','indirect','memberpress','','sale','932','',0,'2020-12-07 17:34:41',''),(611,19,484,'',0,0,'Nico Van De Venne | Level 3 | Gold','pending','0.00','EUR','indirect','memberpress','','sale','932','',0,'2020-12-07 17:34:41',''),(612,34,496,'',166,0,'Gold','unpaid','0.00','EUR','s:65:\"a:2:{s:15:\"subscription_id\";i:616;s:18:\"is_coupon_referral\";b:0;}\";','memberpress','','sale','933','',0,'2020-12-10 19:09:21',''),(613,19,496,'',0,0,'An De Boelpaep | Level 1 | Gold','pending','0.00','EUR','indirect','memberpress','','sale','933','',0,'2020-12-10 19:09:21',''),(614,20,520,'',162,0,'Annual Gold','unpaid','124.75','EUR','s:65:\"a:2:{s:15:\"subscription_id\";i:617;s:18:\"is_coupon_referral\";b:0;}\";','memberpress','','sale','934','',0,'2020-12-15 09:18:53',''),(615,20,522,'',167,0,'Annual Gold','unpaid','124.75','EUR','s:65:\"a:2:{s:15:\"subscription_id\";i:618;s:18:\"is_coupon_referral\";b:0;}\";','memberpress','','sale','936','',0,'2020-12-16 10:57:33',''),(616,20,523,'',168,0,'Gold','unpaid','0.00','EUR','s:65:\"a:2:{s:15:\"subscription_id\";i:621;s:18:\"is_coupon_referral\";b:0;}\";','memberpress','','sale','939','',0,'2020-12-16 14:37:07',''),(617,20,524,'',169,0,'Annual Gold','unpaid','124.75','EUR','s:65:\"a:2:{s:15:\"subscription_id\";i:622;s:18:\"is_coupon_referral\";b:0;}\";','memberpress','','sale','940','',0,'2020-12-17 05:01:27',''),(618,20,525,'',170,0,'Annual Gold','unpaid','124.75','EUR','s:65:\"a:2:{s:15:\"subscription_id\";i:623;s:18:\"is_coupon_referral\";b:0;}\";','memberpress','','sale','941','',0,'2020-12-18 05:00:53',''),(619,20,529,'',171,0,'Annual Gold','unpaid','124.75','EUR','s:65:\"a:2:{s:15:\"subscription_id\";i:624;s:18:\"is_coupon_referral\";b:0;}\";','memberpress','','sale','942','',0,'2020-12-21 10:58:21',''),(620,20,530,'',172,0,'Annual Gold','unpaid','124.75','EUR','s:65:\"a:2:{s:15:\"subscription_id\";i:625;s:18:\"is_coupon_referral\";b:0;}\";','memberpress','','sale','943','',0,'2020-12-21 11:03:09',''),(621,20,537,'',46,0,'Gold','unpaid','0.00','EUR','s:65:\"a:2:{s:15:\"subscription_id\";i:628;s:18:\"is_coupon_referral\";b:0;}\";','memberpress','undefined','sale','953','',0,'2021-01-25 06:37:51',''),(622,20,538,'',46,0,'Gold Subscription - Monthly (Variation ID 65622)','rejected','0.00','EUR','s:61:\"a:2:{s:12:\"affiliate_id\";i:20;s:18:\"is_coupon_referral\";b:0;}\";','woocommerce','undefined','sale','65700','s:172:\"a:1:{i:0;a:4:{s:4:\"name\";s:69:\"Gold Subscription - Monthly (Variation ID 65622) (Variation ID 65622)\";s:2:\"id\";i:65616;s:5:\"price\";s:1:\"0\";s:15:\"referral_amount\";s:1:\"0\";}}\";',0,'2021-01-27 15:02:48',''),(623,20,538,'',46,0,'Platinum Subscription - Monthly (Variation ID 65632)','rejected','0.00','EUR','s:61:\"a:2:{s:12:\"affiliate_id\";i:20;s:18:\"is_coupon_referral\";b:0;}\";','woocommerce','undefined','sale','65701','s:176:\"a:1:{i:0;a:4:{s:4:\"name\";s:73:\"Platinum Subscription - Monthly (Variation ID 65632) (Variation ID 65632)\";s:2:\"id\";i:65630;s:5:\"price\";s:1:\"0\";s:15:\"referral_amount\";s:1:\"0\";}}\";',0,'2021-01-27 15:06:47',''),(624,20,538,'',46,0,'Gold Subscription - Daily (Variation ID 65625)','rejected','0.50','EUR','s:61:\"a:2:{s:12:\"affiliate_id\";i:20;s:18:\"is_coupon_referral\";b:0;}\";','woocommerce','undefined','sale','65703','s:172:\"a:1:{i:0;a:4:{s:4:\"name\";s:67:\"Gold Subscription - Daily (Variation ID 65625) (Variation ID 65625)\";s:2:\"id\";i:65616;s:5:\"price\";s:1:\"2\";s:15:\"referral_amount\";s:3:\"0.5\";}}\";',0,'2021-01-27 15:52:53',''),(625,20,538,'',46,0,'Gold Subscription - Daily (Variation ID 65625)','rejected','0.50','EUR','s:61:\"a:2:{s:12:\"affiliate_id\";i:20;s:18:\"is_coupon_referral\";b:0;}\";','woocommerce','undefined','sale','65705','s:172:\"a:1:{i:0;a:4:{s:4:\"name\";s:67:\"Gold Subscription - Daily (Variation ID 65625) (Variation ID 65625)\";s:2:\"id\";i:65616;s:5:\"price\";s:1:\"2\";s:15:\"referral_amount\";s:3:\"0.5\";}}\";',0,'2021-01-27 16:19:21',''),(626,20,538,'',46,0,'Platinum Subscription - Daily (Variation ID 65631)','rejected','1.00','EUR','s:61:\"a:2:{s:12:\"affiliate_id\";i:20;s:18:\"is_coupon_referral\";b:0;}\";','woocommerce','undefined','sale','65707','s:174:\"a:1:{i:0;a:4:{s:4:\"name\";s:71:\"Platinum Subscription - Daily (Variation ID 65631) (Variation ID 65631)\";s:2:\"id\";i:65630;s:5:\"price\";s:1:\"4\";s:15:\"referral_amount\";s:1:\"1\";}}\";',0,'2021-01-27 16:25:10',''),(631,20,551,'',131,0,'COMMUNITY Subscription - Monthly (Variation ID 66588)','rejected','3.75','EUR','s:61:\"a:2:{s:12:\"affiliate_id\";i:20;s:18:\"is_coupon_referral\";b:0;}\";','woocommerce','undefined','sale','66851','s:181:\"a:1:{i:0;a:4:{s:4:\"name\";s:74:\"COMMUNITY Subscription - Monthly (Variation ID 66588) (Variation ID 66588)\";s:2:\"id\";i:66488;s:5:\"price\";s:2:\"15\";s:15:\"referral_amount\";s:4:\"3.75\";}}\";',0,'2021-02-21 06:41:00',''),(632,20,551,'',46,0,'COMMUNITY Subscription - Monthly (Variation ID 66588)','rejected','3.75','EUR','s:61:\"a:2:{s:12:\"affiliate_id\";i:20;s:18:\"is_coupon_referral\";b:0;}\";','woocommerce','undefined','sale','66853','s:181:\"a:1:{i:0;a:4:{s:4:\"name\";s:74:\"COMMUNITY Subscription - Monthly (Variation ID 66588) (Variation ID 66588)\";s:2:\"id\";i:66488;s:5:\"price\";s:2:\"15\";s:15:\"referral_amount\";s:4:\"3.75\";}}\";',0,'2021-02-21 07:16:35',''),(633,498,552,'',177,0,'COMMUNITY Subscription - Monthly (Variation ID 66588)','unpaid','3.75','EUR','s:62:\"a:2:{s:12:\"affiliate_id\";i:498;s:18:\"is_coupon_referral\";b:0;}\";','woocommerce','undefined','sale','66940','s:181:\"a:1:{i:0;a:4:{s:4:\"name\";s:74:\"COMMUNITY Subscription - Monthly (Variation ID 66588) (Variation ID 66588)\";s:2:\"id\";i:66488;s:5:\"price\";s:2:\"15\";s:15:\"referral_amount\";s:4:\"3.75\";}}\";',0,'2021-02-22 07:54:38',''),(634,498,0,'',0,633,'Subscription payment for 66940','unpaid','3.75','EUR','66940','woocommerce','','sale','68537','',0,'2021-03-22 07:54:58',''),(635,20,568,'',178,0,'COMMUNITY Subscription - Monthly (Variation ID 66588)','unpaid','3.75','EUR','s:61:\"a:2:{s:12:\"affiliate_id\";i:20;s:18:\"is_coupon_referral\";b:0;}\";','woocommerce','undefined','sale','68552','s:181:\"a:1:{i:0;a:4:{s:4:\"name\";s:74:\"COMMUNITY Subscription - Monthly (Variation ID 66588) (Variation ID 66588)\";s:2:\"id\";i:66488;s:5:\"price\";s:2:\"15\";s:15:\"referral_amount\";s:4:\"3.75\";}}\";',0,'2021-03-22 13:47:24',''),(636,498,0,'',0,633,'Subscription payment for 66940','unpaid','3.75','EUR','66940','woocommerce','','sale','68948','',0,'2021-04-22 07:55:25',''),(637,20,0,'',0,635,'Subscription payment for 68552','unpaid','3.75','EUR','68552','woocommerce','','sale','68950','',0,'2021-04-22 13:47:34',''),(638,498,0,'',0,633,'Subscription payment for 66940','unpaid','3.75','EUR','66940','woocommerce','','sale','69322','',0,'2021-05-22 07:56:14',''),(639,20,0,'',0,635,'Subscription payment for 68552','unpaid','3.75','EUR','68552','woocommerce','','sale','69323','',0,'2021-05-22 13:49:12',''),(640,498,0,'',0,633,'Subscription payment for 66940','unpaid','3.75','EUR','66940','woocommerce','','sale','69485','',0,'2021-06-22 07:57:38',''),(641,20,0,'',0,635,'Subscription payment for 68552','unpaid','3.75','EUR','68552','woocommerce','','sale','69486','',0,'2021-06-22 13:49:27',''),(642,498,0,'',0,633,'Subscription payment for 66940','unpaid','3.75','EUR','66940','woocommerce','','sale','69648','',0,'2021-07-22 07:58:03',''),(643,20,0,'',0,635,'Subscription payment for 68552','unpaid','3.75','EUR','68552','woocommerce','','sale','69649','',0,'2021-07-22 13:50:00','');
/*!40000 ALTER TABLE `f42_affiliate_wp_referrals` ENABLE KEYS */;
UNLOCK TABLES;

--
-- Table structure for table `f42_affiliate_wp_rest_consumers`
--

DROP TABLE IF EXISTS `f42_affiliate_wp_rest_consumers`;
/*!40101 SET @saved_cs_client     = @@character_set_client */;
/*!40101 SET character_set_client = utf8 */;
CREATE TABLE `f42_affiliate_wp_rest_consumers` (
  `consumer_id` bigint(20) NOT NULL AUTO_INCREMENT,
  `user_id` bigint(20) NOT NULL,
  `token` varchar(32) COLLATE utf8mb4_unicode_ci NOT NULL,
  `public_key` varchar(32) COLLATE utf8mb4_unicode_ci NOT NULL,
  `secret_key` varchar(32) COLLATE utf8mb4_unicode_ci NOT NULL,
  `status` tinytext COLLATE utf8mb4_unicode_ci NOT NULL,
  `date` datetime NOT NULL,
  PRIMARY KEY (`consumer_id`),
  KEY `user_id` (`user_id`)
) ENGINE=MyISAM DEFAULT CHARSET=utf8mb4 COLLATE=utf8mb4_unicode_ci;
/*!40101 SET character_set_client = @saved_cs_client */;

--
-- Dumping data for table `f42_affiliate_wp_rest_consumers`
--

LOCK TABLES `f42_affiliate_wp_rest_consumers` WRITE;
/*!40000 ALTER TABLE `f42_affiliate_wp_rest_consumers` DISABLE KEYS */;
/*!40000 ALTER TABLE `f42_affiliate_wp_rest_consumers` ENABLE KEYS */;
UNLOCK TABLES;

--
-- Table structure for table `f42_affiliate_wp_sales`
--

DROP TABLE IF EXISTS `f42_affiliate_wp_sales`;
/*!40101 SET @saved_cs_client     = @@character_set_client */;
/*!40101 SET character_set_client = utf8 */;
CREATE TABLE `f42_affiliate_wp_sales` (
  `referral_id` bigint(20) NOT NULL,
  `affiliate_id` bigint(20) NOT NULL,
  `order_total` mediumtext COLLATE utf8mb4_unicode_ci NOT NULL,
  PRIMARY KEY (`referral_id`),
  KEY `affiliate_id` (`affiliate_id`)
) ENGINE=InnoDB DEFAULT CHARSET=utf8mb4 COLLATE=utf8mb4_unicode_ci;
/*!40101 SET character_set_client = @saved_cs_client */;

--
-- Dumping data for table `f42_affiliate_wp_sales`
--

LOCK TABLES `f42_affiliate_wp_sales` WRITE;
/*!40000 ALTER TABLE `f42_affiliate_wp_sales` DISABLE KEYS */;
INSERT INTO `f42_affiliate_wp_sales` VALUES (622,20,'0.00'),(623,20,'0.00'),(624,20,'2.42'),(625,20,'2.42'),(626,20,'4.84'),(627,156,'0.00'),(628,156,'0.00'),(629,156,'0.00'),(630,156,'0.00'),(631,20,'18.15'),(632,20,'18.15'),(633,498,'18.15'),(634,498,'18.15'),(635,20,'18.15'),(636,498,'18.15'),(637,20,'18.15'),(638,498,'18.15'),(639,20,'18.15'),(640,498,'18.15'),(641,20,'18.15'),(642,498,'18.15'),(643,20,'18.15');
/*!40000 ALTER TABLE `f42_affiliate_wp_sales` ENABLE KEYS */;
UNLOCK TABLES;

--
-- Table structure for table `f42_affiliate_wp_visits`
--

DROP TABLE IF EXISTS `f42_affiliate_wp_visits`;
/*!40101 SET @saved_cs_client     = @@character_set_client */;
/*!40101 SET character_set_client = utf8 */;
CREATE TABLE `f42_affiliate_wp_visits` (
  `visit_id` bigint(20) NOT NULL AUTO_INCREMENT,
  `affiliate_id` bigint(20) NOT NULL,
  `referral_id` bigint(20) NOT NULL,
  `rest_id` mediumtext COLLATE utf8mb4_unicode_ci NOT NULL,
  `url` mediumtext COLLATE utf8mb4_unicode_ci NOT NULL,
  `referrer` mediumtext COLLATE utf8mb4_unicode_ci NOT NULL,
  `campaign` varchar(50) COLLATE utf8mb4_unicode_ci NOT NULL,
  `context` varchar(50) COLLATE utf8mb4_unicode_ci NOT NULL,
  `ip` tinytext COLLATE utf8mb4_unicode_ci NOT NULL,
  `date` datetime NOT NULL,
  `flag` tinytext COLLATE utf8mb4_unicode_ci NOT NULL,
  PRIMARY KEY (`visit_id`),
  KEY `affiliate_id` (`affiliate_id`)
) ENGINE=MyISAM AUTO_INCREMENT=582 DEFAULT CHARSET=utf8mb4 COLLATE=utf8mb4_unicode_ci;
/*!40101 SET character_set_client = @saved_cs_client */;

--
-- Dumping data for table `f42_affiliate_wp_visits`
--

LOCK TABLES `f42_affiliate_wp_visits` WRITE;
/*!40000 ALTER TABLE `f42_affiliate_wp_visits` DISABLE KEYS */;
INSERT INTO `f42_affiliate_wp_visits` VALUES (12,19,0,'','https://betoo.be/register/voyager/','android-app://com.google.android.gm','','','185.194.187.129','2019-09-09 10:13:06',''),(13,20,45,'','https://betoo.be/register/voyager/','','','','109.88.61.211','2019-09-09 18:47:17',''),(14,20,0,'','https://betoo.be/register/voyager/','','','','109.88.61.211','2019-09-09 20:15:49',''),(109,20,219,'','https://betoo.be/register/platinum/','','','','51.254.41.205','2020-02-16 07:20:08',''),(15,19,108,'','https://betoo.be/register/voyager/','','','','84.198.69.75','2019-09-09 20:41:04',''),(110,20,0,'','https://betoo.be/register/platinum/','','','','51.254.41.130','2020-02-16 16:37:07',''),(17,19,53,'','https://betoo.be/register/voyager/','','','','81.240.74.248','2019-09-10 13:26:16',''),(11,20,0,'','https://betoo.be/register/voyager/','','','','87.67.16.111','2019-09-09 09:43:25',''),(18,20,0,'','https://betoo.be/register/voyager/','','','','109.10.214.21','2019-09-10 18:25:48',''),(19,19,0,'','https://betoo.be/register/voyager/','','','','87.67.16.111','2019-09-11 02:36:12',''),(20,20,0,'','https://betoo.be/register/voyager/','','','','193.51.93.89','2019-09-11 10:39:24',''),(21,20,47,'','https://betoo.be/register/voyager/','','','','109.129.162.213','2019-09-11 13:41:45',''),(22,20,0,'','https://betoo.be/register/voyager/','','','','109.88.61.211','2019-09-12 18:48:15',''),(23,20,55,'','https://betoo.be/register/voyager/','','','','109.143.66.179','2019-09-13 10:28:05',''),(24,20,59,'','https://betoo.be/register/voyager/','','','','95.182.140.221','2019-09-14 05:46:40',''),(25,29,0,'','https://betoo.be/register/voyager/','','','','91.177.85.255','2019-09-16 06:34:23',''),(111,29,0,'','https://betoo.be/register/platinum/','','','','51.254.41.194','2020-02-16 17:20:09',''),(112,29,220,'','https://betoo.be/register/platinum/','','','','51.254.41.194','2020-02-16 17:21:19',''),(113,29,0,'','https://betoo.be/register/platinum/','','','','137.74.122.5','2020-02-16 17:21:31',''),(114,20,0,'','https://betoo.be/register/voyager/','','','','51.254.41.194','2020-02-16 22:49:52',''),(115,177,222,'','https://betoo.be/register/platinum/','','','','51.254.41.141','2020-02-17 08:02:21',''),(33,19,102,'','https://betoo.be/register/voyager/','','','','84.192.181.249','2019-09-17 18:33:27',''),(34,20,104,'','https://betoo.be/register/voyager/','','','','109.133.143.56','2019-09-18 16:11:22',''),(169,29,276,'','https://betoo.be/register/platinum/','','','','109.129.31.95','2020-04-23 07:32:58',''),(119,29,0,'','https://betoo.be/register/platinum/','','','','51.254.41.141','2020-02-18 07:57:05',''),(36,20,0,'','https://betoo.be/register/voyager/','','','','193.58.230.251','2019-09-19 11:42:50',''),(38,20,0,'','https://betoo.be/register/voyager/','','','','109.140.58.139','2019-09-19 16:34:16',''),(39,20,106,'','https://betoo.be/register/voyager/','','','','109.89.156.33','2019-09-20 12:10:21',''),(120,20,225,'','https://betoo.be/register/platinum/','','','','51.254.41.139','2020-02-19 05:40:30',''),(41,20,0,'','https://betoo.be/register/voyager/','','','','91.86.209.14','2019-09-23 09:11:17',''),(121,29,227,'','https://betoo.be/register/platinum/','','','','51.254.41.131','2020-02-19 07:52:35',''),(541,156,627,'','https://betoo.be/checkout/','','','','109.134.163.90','2021-02-07 08:55:30',''),(44,29,119,'','https://betoo.be/register/voyager/','','','','109.139.27.17','2019-10-02 17:31:08',''),(45,34,0,'','https://betoo.be/register/voyager/','','','','84.195.171.246','2019-10-02 20:51:54',''),(46,34,122,'','https://betoo.be/register/voyager/','','','','80.200.53.100','2019-10-03 15:01:29',''),(47,34,125,'','https://betoo.be/register/voyager/','','','','141.134.175.73','2019-10-07 08:15:08',''),(48,20,0,'','https://betoo.be/register/voyager/','','','','51.254.41.139','2019-10-13 18:56:56',''),(122,29,0,'','https://betoo.be/register/platinum/','','','','51.254.41.205','2020-02-20 10:53:41',''),(50,20,0,'','https://betoo.be/register/voyager/','','','','51.254.41.141','2019-10-17 07:17:04',''),(52,20,0,'','https://betoo.be/register/voyager/','','','','51.254.41.193','2019-10-19 06:58:31',''),(123,29,0,'','https://betoo.be/register/platinum/','','','','51.254.41.194','2020-02-20 10:54:14',''),(54,34,0,'','https://betoo.be/home/decline/','','','','137.74.120.40','2019-10-20 20:40:38',''),(55,20,0,'','https://betoo.be/register/voyager/','','','','51.254.41.203','2019-10-22 12:44:17',''),(56,34,131,'','https://betoo.be/register/voyager/','','','','51.254.41.129','2019-10-22 20:36:43',''),(57,29,134,'','https://betoo.be/register/voyager/','','','','51.254.41.139','2019-10-22 20:45:06',''),(58,20,0,'','https://betoo.be/register/voyager/','','','','51.254.41.131','2019-10-25 06:49:20',''),(59,111,0,'','https://betoo.be/register/voyager/','','','','51.254.41.129','2019-11-02 07:04:31',''),(60,34,152,'','https://betoo.be/register/voyager/','','','','51.254.41.131','2019-11-04 16:34:56',''),(61,20,0,'','https://betoo.be/register/voyager/','','','','51.254.41.205','2019-11-13 08:52:48',''),(62,34,0,'','https://betoo.be/register/voyager/','','','','51.254.41.140','2019-11-14 17:55:51',''),(63,34,0,'','https://betoo.be/register/voyager/','','','','137.74.122.5','2019-11-16 08:35:20',''),(64,34,0,'','https://betoo.be/register/voyager/','','','','137.74.122.38','2019-11-16 08:41:00',''),(65,34,0,'','https://betoo.be/register/voyager/','','','','137.74.122.35','2019-11-16 08:41:47',''),(66,34,0,'','https://betoo.be/register/voyager/','','','','137.74.122.3','2019-11-16 08:43:45',''),(67,20,189,'','https://betoo.be/register/voyager/','','','','51.254.41.204','2019-11-17 09:27:12',''),(68,20,0,'','https://betoo.be/register/voyager/','','','','51.254.41.193','2019-11-19 22:46:20',''),(69,34,0,'','https://betoo.be/register/voyager/','','','','137.74.122.38','2019-11-20 18:06:11',''),(70,34,0,'','https://betoo.be/register/voyager/','','','','137.74.122.38','2019-11-20 18:06:12',''),(71,34,0,'','https://betoo.be/register/voyager/','','','','51.254.41.194','2019-11-20 18:11:11',''),(72,34,0,'','https://betoo.be/register/voyager/','','','','51.254.41.141','2019-11-20 18:11:33',''),(73,34,155,'','https://betoo.be/register/voyager/','','','','51.254.41.204','2019-11-21 09:49:53',''),(74,29,0,'','https://betoo.be/register/voyager/','','','','51.254.41.140','2019-11-25 20:38:34',''),(75,29,161,'','https://betoo.be/register/voyager/','','','','51.254.41.130','2019-11-25 20:39:10',''),(76,29,164,'','https://betoo.be/register/voyager/','','','','51.254.41.204','2019-11-26 07:25:50',''),(77,29,0,'','https://betoo.be/register/voyager/','','','','137.74.122.3','2019-11-26 07:25:54',''),(78,29,0,'','https://betoo.be/register/voyager/','','','','137.74.122.35','2019-11-26 07:27:12',''),(79,29,0,'','https://betoo.be/register/voyager/','https://www.google.com/','','','51.254.41.203','2019-11-26 07:29:19',''),(80,29,0,'','https://betoo.be/register/voyager/','https://www.google.com/','','','51.254.41.205','2019-11-26 07:32:51',''),(81,29,0,'','https://betoo.be/register/voyager/','','','','51.254.41.203','2019-11-27 10:33:21',''),(82,29,0,'','https://betoo.be/register/voyager/','','','','51.254.41.139','2019-11-27 15:30:50',''),(83,20,0,'','https://betoo.be/register/voyager/','','','','51.254.41.195','2019-11-29 07:07:47',''),(84,29,0,'','https://betoo.be/home/?mepr-unauth-page=39548&redirect_to=registervoyager-2ref29','','','','51.254.41.130','2019-12-07 09:18:00',''),(85,29,0,'','https://betoo.be/home/?mepr-unauth-page=39548&redirect_to=registervoyager-2ref29','','','','51.254.41.195','2019-12-07 10:24:21',''),(86,20,0,'','https://betoo.be/register/voyager/','','','','51.254.41.139','2019-12-13 13:36:39',''),(87,29,194,'','https://betoo.be/register/voyager/','','','','51.254.41.193','2019-12-16 10:56:31',''),(88,29,0,'','https://betoo.be/register/voyager/','','','','51.254.41.195','2019-12-16 10:57:53',''),(89,20,0,'','https://betoo.be/register/voyager/','','','','51.254.41.130','2019-12-28 11:50:59',''),(90,29,0,'','https://betoo.be/register/platinum/','','','','51.254.41.131','2020-01-12 11:37:21',''),(91,29,200,'','https://betoo.be/register/platinum/','','','','51.254.41.195','2020-01-16 16:02:34',''),(92,20,0,'','https://betoo.be/register/platinum/','','','','51.254.41.129','2020-01-22 14:34:34',''),(93,20,0,'','https://betoo.be/register/voyager/','','','','51.254.41.194','2020-01-23 16:35:08',''),(94,34,0,'','https://betoo.be/welcome-voyager/?membership=voyager&trans_num=cus_G2ZJgVWhekaomV&membership_id=93&subscr_id=cus_G2ZJgVWhekaomV','','','','51.254.41.195','2020-01-28 18:24:29',''),(95,111,0,'','https://betoo.be/register/platinum/','','','','51.254.41.141','2020-02-04 15:22:22',''),(96,20,0,'','https://betoo.be/register/platinum/','','','','51.254.41.204','2020-02-06 18:27:25',''),(97,20,207,'','https://betoo.be/register/platinum/','','','','51.254.41.141','2020-02-07 05:03:46',''),(98,111,0,'','https://betoo.be/register/platinum/','','','','51.254.41.139','2020-02-07 18:27:07',''),(99,111,209,'','https://betoo.be/register/platinum/','','','','51.254.41.205','2020-02-09 21:00:18',''),(100,29,213,'','https://betoo.be/register/platinum/','','','','51.254.41.129','2020-02-10 19:01:43',''),(101,29,0,'','https://betoo.be/register/platinum/','','','','51.254.41.130','2020-02-12 08:34:54',''),(102,19,0,'','https://betoo.be/register/platinum/','','','','51.254.41.193','2020-02-12 10:08:33',''),(103,29,0,'','https://betoo.be/register/platinum/','','','','51.254.41.205','2020-02-12 22:53:16',''),(108,29,0,'','https://betoo.be/register/platinum/','','','','51.254.41.195','2020-02-15 08:27:36',''),(105,29,0,'','https://betoo.be/register/platinum/','','','','51.254.41.205','2020-02-13 22:05:16',''),(117,20,0,'','https://betoo.be/register/platinum/','','','','51.254.41.205','2020-02-17 15:20:25',''),(124,29,0,'','https://betoo.be/register/platinum/','','','','51.254.41.204','2020-02-20 10:55:02',''),(125,20,0,'','https://betoo.be/register/platinum/','','','','51.254.41.129','2020-02-20 13:19:17',''),(126,20,0,'','https://betoo.be/register/platinum/','','','','51.254.41.129','2020-02-20 13:20:35',''),(127,29,0,'','https://betoo.be/register/platinum/','','','','137.74.122.35','2020-02-20 14:03:10',''),(128,20,0,'','https://betoo.be/register/platinum/','','','','51.254.41.139','2020-02-22 05:15:14',''),(549,20,0,'','https://betoo.be/home/?mepr-unauth-page=6&redirect_to=add-to-cart65623038ref20','https://betoo.be/home/','','','94.140.184.145','2021-02-15 15:20:59',''),(131,29,0,'','https://betoo.be/register/platinum/','','','','51.254.41.203','2020-02-26 08:19:37',''),(132,19,228,'','https://betoo.be/register/platinum/','','','','51.254.41.130','2020-02-27 12:42:27',''),(133,205,0,'','https://betoo.be/register/platinum/','','','','51.254.41.204','2020-02-27 19:49:59',''),(134,29,0,'','https://betoo.be/register/platinum/','','','','51.254.41.139','2020-02-29 09:33:57',''),(135,29,0,'','https://betoo.be/register/platinum/','','','','51.254.41.204','2020-03-02 16:18:48',''),(136,29,0,'','https://betoo.be/register/platinum/','','','','51.254.41.129','2020-03-03 09:36:26',''),(137,34,0,'','https://betoo.be/register/platinum/','','','','51.254.41.141','2020-03-08 14:10:46',''),(138,20,0,'','https://betoo.be/register/platinum/','','','','51.254.41.140','2020-03-08 16:03:07',''),(139,20,0,'','https://betoo.be/register/platinum/','','','','81.82.197.96','2020-03-13 17:11:15',''),(140,20,229,'','https://betoo.be/register/platinum/','','','','81.82.197.96','2020-03-16 18:13:50',''),(141,205,230,'','https://betoo.be/register/platinum/','','','','141.134.14.171','2020-03-19 21:01:59',''),(142,29,234,'','https://betoo.be/register/platinum/','','','','91.180.66.149','2020-03-23 14:29:41',''),(143,205,0,'','https://betoo.be/register/platinum/','','','','178.119.172.10','2020-03-25 14:22:55',''),(144,205,0,'','https://betoo.be/register/platinum/','','','','94.227.163.115','2020-03-26 07:13:02',''),(145,205,240,'','https://betoo.be/register/platinum/','','','','178.119.172.10','2020-03-26 10:09:58',''),(146,205,0,'','https://betoo.be/register/platinum/','','','','66.102.8.49','2020-03-26 10:10:10',''),(147,20,244,'','https://betoo.be/register/platinum/','','','','109.88.22.155','2020-03-27 12:14:55',''),(148,29,245,'','https://betoo.be/register/platinum/','','','','81.241.182.87','2020-03-29 09:27:23',''),(149,34,0,'','https://betoo.be/register/platinum/','','','','81.82.131.58','2020-04-01 12:16:56',''),(542,20,0,'','https://betoo.be/checkout/','https://betoo.be/home/','','','109.134.163.90','2021-02-07 09:04:18',''),(151,29,251,'','https://betoo.be/register/platinum/','','','','149.154.220.81','2020-04-09 11:12:28',''),(152,29,0,'','https://betoo.be/register/platinum/','','','','81.243.16.197','2020-04-10 16:18:15',''),(153,20,0,'','https://betoo.be/events/personal-agility-workshop/','','','','109.134.163.90','2020-04-13 12:28:06',''),(175,29,283,'','https://betoo.be/register/platinum/','','','','217.15.233.238','2020-04-28 07:03:02',''),(155,29,0,'','https://betoo.be/register/platinum/','','','','109.134.106.164','2020-04-14 14:29:08',''),(156,29,255,'','https://betoo.be/register/platinum/','','','','193.121.37.70','2020-04-14 17:19:48',''),(157,29,0,'','https://betoo.be/register/platinum/','','','','5.23.164.127','2020-04-14 21:15:42',''),(159,29,0,'','https://betoo.be/register/platinum/','','','','95.182.132.143','2020-04-15 19:55:02',''),(160,29,0,'','https://betoo.be/register/platinum/','','','','94.109.39.52','2020-04-15 22:53:08',''),(161,29,258,'','https://betoo.be/register/platinum/','','','','85.27.15.138','2020-04-16 09:33:42',''),(162,29,0,'','https://betoo.be/register/platinum/','','','','109.134.106.164','2020-04-16 19:07:29',''),(547,156,630,'','https://betoo.be/checkout/','','','','109.134.163.90','2021-02-07 09:11:28',''),(164,29,0,'','https://betoo.be/welcome-new-member/?membership=platinum&trans_num=cus_H8G3KSENyl81B7&membership_id=93&subscr_id=cus_H8G3KSENyl81B7#mepr_jump','https://betoo.be/register/platinum/?ref=29','','','109.134.106.164','2020-04-20 13:20:00',''),(165,20,0,'','https://betoo.be/register/platinum/','','','','109.134.163.90','2020-04-21 13:16:35',''),(166,20,270,'','https://betoo.be/register/platinum/','','','','109.134.163.90','2020-04-21 13:23:25',''),(548,20,0,'','https://betoo.be/home/?mepr-unauth-page=6&redirect_to=add-to-cart65622038ref20','https://betoo.be/home/','','','94.109.121.120','2021-02-11 11:46:02',''),(171,294,0,'','https://betoo.be/register/platinum/','android-app://com.google.android.gm/','','','91.181.237.153','2020-04-24 06:02:25',''),(172,294,0,'','https://betoo.be/register/platinum/','','','','91.181.237.153','2020-04-24 09:35:44',''),(189,34,300,'','https://betoo.be/register/platinum/','','','','94.111.241.136','2020-05-06 14:19:00',''),(190,34,0,'','https://betoo.be/register/platinum/','https://www.google.com/','','','109.88.203.69','2020-05-06 14:20:27',''),(543,156,628,'','https://betoo.be/checkout/','','','','109.134.163.90','2021-02-07 09:04:23',''),(179,294,0,'','https://betoo.be/register/platinum/','','','','87.67.1.173','2020-04-29 17:29:13',''),(435,34,566,'','https://betoo.be/register/gold/','','','','66.248.203.17','2020-09-29 14:20:19',''),(181,29,289,'','https://betoo.be/register/platinum/','','','','109.129.8.8','2020-05-01 11:37:34',''),(182,29,290,'','https://betoo.be/register/platinum/','','','','109.88.28.81','2020-05-01 11:38:12',''),(183,29,0,'','https://betoo.be/home/?mepr-unauth-page=48148&redirect_to=frvous-voila-new-membermembershipplatinum038trans_numcus_HCLxCMSK5SqIjq038membership_id93038subscr_idcus_HCLxCMSK5SqIjq038ref29','','','','109.129.8.8','2020-05-01 11:42:16',''),(184,29,292,'','https://betoo.be/register/platinum/','','','','109.128.192.38','2020-05-01 11:53:07',''),(550,20,0,'','https://betoo.be/home/?mepr-unauth-page=6&redirect_to=add-to-cart65623038ref20','https://betoo.be/home/?mepr-unauth-page=6&redirect_to=add-to-cart65623038ref20&ref=20','','','94.225.101.55','2021-02-16 19:10:54',''),(187,29,297,'','https://betoo.be/register/platinum/','','','','62.197.78.12','2020-05-05 11:11:32',''),(188,29,0,'','https://betoo.be/register/platinum/','','','','94.107.53.176','2020-05-05 13:49:41',''),(191,34,0,'','https://betoo.be/register/platinum/','https://www.google.com/','','','194.78.0.135','2020-05-06 14:22:29',''),(192,34,301,'','https://betoo.be/register/platinum/','','','','78.23.141.183','2020-05-06 15:58:14',''),(544,20,0,'','https://betoo.be/checkout/','https://betoo.be/home/','','','109.134.163.90','2021-02-07 09:07:57',''),(194,29,303,'','https://betoo.be/register/platinum/','','','','91.178.188.151','2020-05-07 07:37:58',''),(195,29,309,'','https://betoo.be/register/platinum/','','','','81.245.108.115','2020-05-07 08:00:09',''),(196,20,0,'','https://betoo.be/register/platinum/','','','','109.134.163.90','2020-05-07 09:17:19',''),(197,294,305,'','https://betoo.be/register/platinum/','https://betoo.be/home/sponsor/?t=platinum','','','85.201.0.68','2020-05-07 11:59:57',''),(198,29,0,'','https://betoo.be/register/platinum/','https://www.google.com/','','','194.78.0.7','2020-05-07 19:24:53',''),(199,29,311,'','https://betoo.be/register/platinum/','','','','94.111.53.237','2020-05-07 20:27:39',''),(200,29,0,'','https://betoo.be/register/platinum/','','','','91.178.188.151','2020-05-07 21:41:30',''),(201,29,0,'','https://betoo.be/register/platinum/','','','','109.128.19.87','2020-05-08 08:56:22',''),(545,156,629,'','https://betoo.be/checkout/','','','','109.134.163.90','2021-02-07 09:08:06',''),(546,20,0,'','https://betoo.be/checkout/','https://betoo.be/home/','','','109.134.163.90','2021-02-07 09:11:16',''),(203,294,315,'','https://betoo.be/home/?mepr-unauth-page=6&redirect_to=ref294','https://betoo.be/home/sponsor/','','','87.67.1.173','2020-05-08 13:42:43',''),(204,29,0,'','https://betoo.be/register/platinum/','','','','91.178.188.151','2020-05-08 16:05:31',''),(205,34,314,'','https://betoo.be/register/platinum/','','','','81.242.236.234','2020-05-08 18:13:18',''),(206,294,0,'','https://betoo.be/register/platinum/','','','','40.94.88.36','2020-05-08 18:37:57',''),(207,19,319,'','https://betoo.be/register__trashed/','https://betoo.be/nl/home/sponsor/','','','109.134.163.90','2020-05-09 08:50:45',''),(208,294,0,'','https://betoo.be/welcome-new-member/?membership=platinum&trans_num=cus_HF5G3rhi8otWrL&membership_id=93&subscr_id=cus_HF5G3rhi8otWrL#mepr_jump','https://betoo.be/register/platinum/?ref=294','','','87.67.1.173','2020-05-10 11:20:11',''),(209,294,320,'','https://betoo.be/register/platinum/','','','','94.225.153.227','2020-05-11 07:35:14',''),(210,294,0,'','https://betoo.be/register/platinum/','','','','40.94.102.7','2020-05-11 07:35:32',''),(211,29,0,'','https://betoo.be/register/platinum/','','','','85.26.113.70','2020-05-11 09:05:10',''),(212,19,0,'','https://betoo.be/register__trashed/','https://betoo.be/fr/home/sponsor/','','','109.134.163.90','2020-05-11 10:05:28',''),(213,34,324,'','https://betoo.be/register/platinum/','','','','94.227.59.230','2020-05-11 16:13:53',''),(214,294,0,'','https://betoo.be/register/platinum/','','','','94.104.122.70','2020-05-12 09:24:25',''),(215,29,0,'','https://betoo.be/fr/vous-voila-new-member/?#mepr_jump','https://betoo.be/fr/register/platinum/?ref=29','','','85.26.113.70','2020-05-12 10:26:42',''),(216,34,326,'','https://betoo.be/register/platinum/','','','','78.21.157.55','2020-05-13 07:04:33',''),(217,29,0,'','https://betoo.be/register/platinum/','','','','62.235.167.37','2020-05-13 20:14:13',''),(218,29,0,'','https://betoo.be/register/platinum/','','','','217.112.179.131','2020-05-14 14:32:28',''),(219,34,0,'','https://betoo.be/register/platinum/','','','','80.200.143.94','2020-05-14 20:34:13',''),(220,19,0,'','https://betoo.be/register__trashed/','https://betoo.be/fr/home/sponsor/','','','109.134.163.90','2020-05-15 06:05:03',''),(221,34,0,'','https://betoo.be/register/platinum/','','','','94.225.43.128','2020-05-15 08:46:47',''),(222,34,330,'','https://betoo.be/register/platinum/','android-app://com.google.android.gm/','','','213.251.114.33','2020-05-15 18:24:31',''),(223,34,332,'','https://betoo.be/register/platinum/','','','','94.225.43.128','2020-05-18 13:57:26',''),(224,294,334,'','https://betoo.be/register/platinum/','','','','84.198.17.135','2020-05-19 07:15:49',''),(227,294,0,'','https://betoo.be/register/platinum/','','','','94.104.122.70','2020-05-19 13:37:05',''),(229,426,0,'','https://betoo.be/register/platinum/','','','','178.116.113.168','2020-05-20 06:19:09',''),(230,29,348,'','https://betoo.be/register/platinum/','','','','146.0.189.45','2020-05-21 12:09:41',''),(231,294,0,'','https://betoo.be/welcome-new-member/?membership=platinum&trans_num=cus_HF5G3rhi8otWrL&membership_id=93&subscr_id=cus_HF5G3rhi8otWrL#mepr_jump','','','','87.67.1.173','2020-05-21 16:59:32',''),(232,20,357,'','https://betoo.be/register/platinum/','','','','109.134.163.90','2020-05-22 05:31:40',''),(233,20,0,'','https://betoo.be/register/voyager/','','','','109.88.65.114','2020-05-22 06:52:36',''),(234,294,0,'','https://betoo.be/welcome-new-member/?membership=platinum&trans_num=cus_HF5G3rhi8otWrL&membership_id=93&subscr_id=cus_HF5G3rhi8otWrL#mepr_jump','','','','87.67.1.173','2020-05-23 08:46:18',''),(235,294,358,'','https://betoo.be/register/platinum/','https://betoo.be/home/sponsor/?t=platinum','','','78.21.47.227','2020-05-24 11:09:59',''),(236,472,362,'','https://betoo.be/register/platinum/','','','','80.201.60.128','2020-05-25 08:15:33',''),(237,34,367,'','https://betoo.be/register/platinum/','','','','87.65.154.71','2020-05-25 11:56:07',''),(238,294,0,'','https://betoo.be/home/?mepr-unauth-page=217&redirect_to=welcome-new-membermembershipplatinum038trans_numcus_HF5G3rhi8otWrL038membership_id93038subscr_idcus_HF5G3rhi8otWrL038ref294#mepr_jump','','','','87.67.1.173','2020-05-25 19:59:35',''),(239,20,369,'','https://betoo.be/register/voyager/','','','','66.248.203.17','2020-05-28 15:10:30',''),(240,426,370,'','https://betoo.be/register/platinum/','','','','66.248.203.17','2020-05-29 08:58:52',''),(241,29,0,'','https://betoo.be/register/platinum/','','','','66.248.203.17','2020-06-01 16:12:49',''),(242,34,376,'','https://betoo.be/register/platinum/','','','','66.248.203.17','2020-06-02 11:30:45',''),(243,19,378,'','https://betoo.be/register/platinum/','','','','66.248.203.17','2020-06-02 22:21:14',''),(244,294,0,'','https://betoo.be/welcome-new-member/?membership=platinum&trans_num=cus_HF5G3rhi8otWrL&membership_id=93&subscr_id=cus_HF5G3rhi8otWrL#mepr_jump','','','','66.248.203.17','2020-06-03 12:08:56',''),(245,20,0,'','https://betoo.be/register/platinum/','','','','185.93.228.17','2020-06-06 06:42:38',''),(246,34,0,'','https://betoo.be/register/platinum/','','','','66.248.203.17','2020-06-07 14:20:18',''),(247,34,0,'','https://betoo.be/register/platinum/','https://www.google.com/','','','66.248.203.17','2020-06-10 15:27:14',''),(248,426,0,'','https://betoo.be/welcome-new-member/?membership=platinum&trans_num=cus_HMnipzi1rk6r6O&membership_id=93&subscr_id=cus_HMnipzi1rk6r6O#mepr_jump','','','','66.248.203.17','2020-06-10 19:16:04',''),(249,498,0,'','https://betoo.be/register/platinum/','','','','66.248.203.17','2020-06-11 19:03:47',''),(250,426,0,'','https://betoo.be/welcome-new-member/?membership=platinum&trans_num=cus_HMnipzi1rk6r6O&membership_id=93&subscr_id=cus_HMnipzi1rk6r6O#mepr_jump','','','','66.248.203.17','2020-06-12 11:11:21',''),(251,426,0,'','https://betoo.be/welcome-new-member/?membership=platinum&trans_num=cus_HMnipzi1rk6r6O&membership_id=93&subscr_id=cus_HMnipzi1rk6r6O#mepr_jump','','','','66.248.203.17','2020-06-15 13:24:27',''),(252,451,0,'','https://betoo.be/register/platinum/','','','','66.248.203.17','2020-06-16 07:21:40',''),(253,426,379,'','https://betoo.be/register/platinum/','','','','66.248.203.17','2020-06-16 12:50:54',''),(254,34,0,'','https://betoo.be/register/platinum/','','','','66.248.203.17','2020-06-16 20:14:01',''),(255,34,383,'','https://betoo.be/register/platinum/','','','','66.248.203.17','2020-06-17 08:14:36',''),(256,426,0,'','https://betoo.be/welcome-new-member/?membership=platinum&trans_num=cus_HMnipzi1rk6r6O&membership_id=93&subscr_id=cus_HMnipzi1rk6r6O#mepr_jump','','','','66.248.203.17','2020-06-17 11:33:46',''),(257,34,0,'','https://betoo.be/register/platinum/','','','','66.248.203.17','2020-06-22 11:16:36',''),(258,29,0,'','https://betoo.be/register/platinum/','','','','66.248.203.17','2020-06-22 18:23:02',''),(259,29,0,'','https://betoo.be/register/platinum/','','','','66.248.203.17','2020-06-25 16:04:18',''),(260,156,0,'','https://betoo.be/register/platinum/','','','','185.93.228.17','2020-06-26 13:52:06',''),(261,156,0,'','https://betoo.be/register/platinum/','','','','185.93.228.17','2020-06-28 06:28:32',''),(262,34,0,'','https://betoo.be/register/platinum/','','','','66.248.203.17','2020-06-28 16:41:38',''),(263,156,385,'','https://betoo.be/register/platinum/','','','','185.93.228.17','2020-06-29 15:21:13',''),(264,19,387,'','https://betoo.be/register/platinum/','','','','66.248.203.17','2020-07-07 18:44:48',''),(265,19,0,'','https://betoo.be/nl/register/platinum/','https://www.google.com/','','','66.248.203.17','2020-07-07 18:46:41',''),(266,321,388,'','https://betoo.be/register/platinum/','','','','66.248.203.17','2020-07-08 08:34:42',''),(267,29,0,'','https://betoo.be/register/platinum/','','','','185.93.228.17','2020-07-09 19:36:51',''),(269,498,0,'','https://betoo.be/register/platinum/','https://betoo.be/home/sponsor/?t=platinum','','','66.248.203.17','2020-07-13 10:07:41',''),(270,498,0,'','https://betoo.be/register/platinum/','http://m.facebook.com/','','','185.93.228.17','2020-07-13 12:52:10',''),(271,498,0,'','https://betoo.be/register/platinum/?fbclid=IwAR3HU0bytqzda1LDvtca8Zjvfx9RZ3wAePSX2d4hNtlM2M6LUqELM2xLcDA','https://l.facebook.com/','','','66.248.203.17','2020-07-13 14:45:06',''),(272,34,0,'','https://betoo.be/register/platinum/','','','','66.248.203.17','2020-07-15 07:54:50',''),(273,498,0,'','https://betoo.be/register/platinum/','https://www.linkedin.com/','','','66.248.203.17','2020-07-16 14:19:07',''),(274,498,0,'','https://betoo.be/register/platinum/','https://www.linkedin.com/posts/nicovandevenne_ben-jij-freelancer-zelfstandige-in-je-eenmanszaak-activity-6688713774393774080-ZQRv','','','66.248.203.17','2020-07-16 20:57:49',''),(275,29,0,'','https://betoo.be/register/platinum/','','','','185.93.228.17','2020-07-17 16:32:06',''),(276,472,393,'','https://betoo.be/register/platinum/','','','','66.248.203.17','2020-07-19 13:05:06',''),(436,20,0,'','https://betoo.be/register/gold/','','','','66.248.203.17','2020-09-30 15:04:27',''),(437,20,581,'','https://betoo.be/register/platinum/','http://www.yopmail.com/','','','66.248.202.17','2020-10-05 08:24:35',''),(539,20,0,'','https://betoo.be/checkout/','https://betoo.be/home/','','','109.134.163.90','2021-02-07 08:51:27',''),(540,20,0,'','https://betoo.be/checkout/','https://betoo.be/home/','','','109.134.163.90','2021-02-07 08:52:55',''),(279,20,0,'','https://betoo.be/home/?mepr-unauth-page=6&redirect_to=ref20','https://betoo.be/fr/home/sponsor/','','','66.248.203.17','2020-07-21 09:28:34',''),(280,20,0,'','https://betoo.be/register/voyager/','','','','66.248.203.17','2020-07-26 10:43:54',''),(281,498,0,'','https://betoo.be/register/platinum/','https://www.linkedin.com/feed/','','','66.248.203.17','2020-07-26 22:54:58',''),(282,29,398,'','https://betoo.be/register/gold/','','','','185.93.228.17','2020-07-28 10:45:10',''),(283,29,400,'','https://betoo.be/register/gold/','','','','185.93.228.17','2020-07-28 10:52:44',''),(284,29,0,'','https://betoo.be/register/gold/','','','','66.248.203.17','2020-07-31 07:54:44',''),(285,29,406,'','https://betoo.be/register/gold/','','','','66.248.203.17','2020-07-31 08:23:49',''),(286,29,0,'','https://betoo.be/register/gold/','','','','66.248.203.17','2020-07-31 09:07:23',''),(287,29,0,'','https://betoo.be/register/gold/','','','','66.248.203.17','2020-07-31 09:27:21',''),(288,29,0,'','https://betoo.be/register/platinum/','','','','185.93.230.17','2020-07-31 21:07:34',''),(289,29,408,'','https://betoo.be/fr/register/gold/','','','','66.248.203.17','2020-08-03 14:48:22',''),(290,29,0,'','https://betoo.be/register/gold/','','','','185.93.228.17','2020-08-05 05:36:37',''),(291,29,0,'','https://betoo.be/register/gold/','','','','66.248.203.17','2020-08-05 07:08:57',''),(292,29,0,'','https://betoo.be/register/gold/','','','','66.248.203.17','2020-08-06 07:34:21',''),(293,29,0,'','https://betoo.be/register/gold/','','','','185.93.228.17','2020-08-07 11:42:32',''),(294,29,412,'','https://betoo.be/register/gold/','','','','66.248.203.17','2020-08-08 11:29:06',''),(295,34,0,'','https://betoo.be/register/platinum/','','','','66.248.203.17','2020-08-08 17:16:15',''),(296,498,0,'','https://betoo.be/register/platinum/','','','','66.248.203.17','2020-08-11 09:13:58',''),(438,29,0,'','https://betoo.be/fr/register/gold/','','','','66.248.203.17','2020-10-05 18:20:14',''),(439,20,0,'','https://betoo.be/register/platinum/','android-app://com.google.android.gm/','','','66.248.202.17','2020-10-06 07:49:28',''),(299,257,416,'','https://betoo.be/register/gold/','','','','66.248.203.17','2020-08-12 08:21:31',''),(440,426,0,'','https://betoo.be/register/gold/','','','','66.248.203.17','2020-10-10 09:50:12',''),(301,29,444,'','https://betoo.be/register/gold/','','','','185.93.228.17','2020-08-14 12:23:46',''),(308,498,0,'','https://betoo.be/register/platinum/?#mepr_jump','','','','66.248.203.17','2020-08-16 17:57:23',''),(309,20,0,'','https://betoo.be/register/gold/','','','','185.93.228.17','2020-08-17 12:01:00',''),(310,20,0,'','https://betoo.be/register/gold/','','','','66.248.203.17','2020-08-17 12:08:29',''),(311,20,0,'','https://betoo.be/register/gold/','','','','66.248.203.17','2020-08-18 09:04:49',''),(312,29,0,'','https://betoo.be/fr/register/gold/','','','','66.248.203.17','2020-08-18 13:24:47',''),(313,20,481,'','https://betoo.be/register/gold/','','','','66.248.203.17','2020-08-18 14:14:10',''),(314,425,0,'','https://betoo.be/register/gold/','','','','66.248.203.17','2020-08-18 19:13:20',''),(315,20,0,'','https://betoo.be/register/gold/','','','','66.248.203.17','2020-08-19 08:49:48',''),(316,425,0,'','https://betoo.be/register/gold/','','','','66.248.203.17','2020-08-19 09:14:24',''),(317,20,0,'','https://betoo.be/register/gold/','','','','66.248.203.17','2020-08-19 09:38:24',''),(318,20,0,'','https://betoo.be/register/gold/','','','','66.248.203.17','2020-08-19 10:15:13',''),(319,20,0,'','https://betoo.be/register/gold/','','','','66.248.203.17','2020-08-19 13:35:11',''),(320,20,0,'','https://betoo.be/register/gold/','','','','66.248.203.17','2020-08-19 15:02:05',''),(322,500,482,'','https://betoo.be/register/gold/','','','','66.248.203.17','2020-08-20 09:26:34',''),(323,29,0,'','https://betoo.be/fr/register/gold/','','','','66.248.203.17','2020-08-20 11:19:29',''),(324,500,0,'','https://betoo.be/register/gold/','','','','66.248.203.17','2020-08-20 13:03:03',''),(325,20,0,'','https://betoo.be/register/gold/','','','','66.248.203.17','2020-08-20 14:13:12',''),(326,498,0,'','https://betoo.be/register/platinum/','https://www.linkedin.com/feed/','','','66.248.203.17','2020-08-21 05:46:50',''),(327,20,0,'','https://betoo.be/register/gold/','','','','66.248.203.17','2020-08-21 13:44:00',''),(328,20,0,'','https://betoo.be/register/gold/','','','','66.248.203.17','2020-08-21 14:01:36',''),(329,20,0,'','https://betoo.be/register/gold/','','','','66.248.203.17','2020-08-21 19:30:10',''),(330,20,0,'','https://betoo.be/register/gold/','','','','185.93.230.17','2020-08-21 20:19:14',''),(331,20,0,'','https://betoo.be/register/gold/','','','','66.248.203.17','2020-08-22 08:52:13',''),(332,20,0,'','https://betoo.be/register/gold/','','','','66.248.203.17','2020-08-23 20:43:53',''),(333,20,0,'','https://betoo.be/register/gold/','','','','66.248.203.17','2020-08-24 07:04:30',''),(334,20,0,'','https://betoo.be/register/gold/','','','','66.248.203.17','2020-08-24 12:18:36',''),(335,20,0,'','https://betoo.be/register/gold/','','','','185.93.228.17','2020-08-24 12:18:59',''),(336,20,0,'','https://betoo.be/register/gold/','','','','66.248.203.17','2020-08-24 14:21:53',''),(337,20,0,'','https://betoo.be/register/gold/','','','','66.248.203.17','2020-08-24 16:13:18',''),(338,20,0,'','https://betoo.be/register/gold/','','','','66.248.203.17','2020-08-24 17:05:10',''),(339,20,0,'','https://betoo.be/register/gold/','','','','66.248.203.17','2020-08-24 18:33:17',''),(340,29,0,'','https://betoo.be/register/platinum/','','','','185.93.230.17','2020-08-24 20:50:15',''),(341,19,0,'','https://betoo.be/nl/register/gold/','','','','66.248.203.17','2020-08-25 07:54:43',''),(342,498,0,'','https://betoo.be/register/platinum/','https://www.linkedin.com/','','','66.248.203.17','2020-08-25 10:59:48',''),(343,498,0,'','https://betoo.be/register/platinum/','https://www.linkedin.com/feed/','','','66.248.203.17','2020-08-25 13:12:04',''),(344,20,0,'','https://betoo.be/register/gold/','','','','66.248.203.17','2020-08-25 14:41:23',''),(345,20,0,'','https://betoo.be/register/gold/','','','','66.248.203.17','2020-08-26 06:15:26',''),(346,19,0,'','https://betoo.be/nl/register/gold/','','','','66.248.203.17','2020-08-26 19:43:37',''),(347,20,0,'','https://betoo.be/register/gold/','','','','66.248.203.17','2020-08-27 03:42:06',''),(395,20,0,'','https://betoo.be/register/gold/','','','','66.248.203.17','2020-09-07 19:49:28',''),(350,20,0,'','https://betoo.be/register/gold/','','','','66.248.203.17','2020-08-28 06:58:49',''),(351,425,0,'','https://betoo.be/register/gold/','','','','66.248.203.17','2020-08-28 07:29:23',''),(352,20,0,'','https://betoo.be/register/gold/','','','','66.248.203.17','2020-08-28 09:09:55',''),(353,20,0,'','https://betoo.be/register/gold/','','','','66.248.203.17','2020-08-28 16:14:04',''),(354,20,0,'','https://betoo.be/register/gold/','','','','66.248.203.17','2020-08-28 16:47:47',''),(355,20,0,'','https://betoo.be/register/gold/','','','','66.248.203.17','2020-08-28 17:21:32',''),(356,20,0,'','https://betoo.be/register/gold/','','','','66.248.203.17','2020-08-29 09:26:55',''),(357,20,0,'','https://betoo.be/register/gold/','','','','185.93.228.17','2020-08-29 10:23:00',''),(358,20,0,'','https://betoo.be/register/platinum/','','','','185.93.230.17','2020-08-29 14:54:01',''),(396,20,0,'','https://betoo.be/register/platinum/','http://www.yopmail.com/en/m.php?b=tested2323&id=me_ZwNjBGN4ZQDjAwHkZQNjZQx2ZGx4ZN==','','','66.248.202.17','2020-09-08 04:07:58',''),(360,20,508,'','https://betoo.be/register/gold/','','','','66.248.203.17','2020-08-31 06:20:43',''),(361,20,0,'','https://betoo.be/register/gold/','','','','66.248.203.17','2020-08-31 06:26:03',''),(362,20,0,'','https://betoo.be/register/gold/','','','','66.248.203.17','2020-08-31 06:26:24',''),(363,20,0,'','https://betoo.be/register/gold/','','','','185.93.230.17','2020-08-31 08:05:48',''),(364,500,0,'','https://betoo.be/register/gold/','','','','185.93.230.17','2020-08-31 08:40:45',''),(365,29,0,'','https://betoo.be/home/login/?mepr-unauth-page=48148&redirect_to=frvous-voila-new-memberref29#mepr_jump','','','','66.248.203.17','2020-08-31 09:01:27',''),(366,20,0,'','https://betoo.be/register/gold/','','','','66.248.203.17','2020-08-31 09:40:01',''),(367,20,0,'','https://betoo.be/register/gold/','','','','66.248.203.17','2020-08-31 14:46:00',''),(368,20,0,'','https://betoo.be/register/gold/','','','','66.248.203.17','2020-08-31 15:09:53',''),(370,19,509,'','https://betoo.be/nl/register/gold/','','','','66.248.203.17','2020-08-31 17:30:58',''),(371,500,0,'','https://betoo.be/register/gold/','','','','66.248.203.17','2020-09-01 05:33:25',''),(372,500,0,'','https://betoo.be/register/gold/','','','','66.248.203.17','2020-09-01 06:37:24',''),(373,500,510,'','https://betoo.be/register/gold/','','','','66.248.203.17','2020-09-01 07:37:51',''),(375,500,0,'','https://betoo.be/register/gold/','','','','66.248.203.17','2020-09-01 07:59:12',''),(376,20,0,'','https://betoo.be/register/gold/','','','','185.93.230.17','2020-09-01 09:14:45',''),(377,500,0,'','https://betoo.be/register/gold/','','','','66.248.203.17','2020-09-01 13:05:28',''),(378,426,0,'','https://betoo.be/register/gold/','','','','66.248.203.17','2020-09-01 14:57:11',''),(379,498,0,'','https://betoo.be/register/platinum/?fbclid=IwAR3lZD8MPSPYgAsKd0lrFRsMXt2_iYbdzk37h6VtHC0ouffCx9UAYOlcvrY','https://l.facebook.com/','','','66.248.203.17','2020-09-02 12:14:18',''),(380,498,0,'','https://betoo.be/register/platinum/?#mepr_jump','','','','185.93.228.17','2020-09-02 14:37:36',''),(381,500,0,'','https://betoo.be/register/gold/','','','','185.93.230.17','2020-09-02 19:50:55',''),(382,20,0,'','https://betoo.be/register/gold/','','','','66.248.203.17','2020-09-02 21:08:33',''),(383,20,522,'','https://betoo.be/register/platinum/','','','','66.248.202.17','2020-09-03 05:22:11',''),(385,20,0,'','https://betoo.be/register/platinum/','','','','66.248.202.17','2020-09-03 09:15:25',''),(386,20,0,'','https://betoo.be/register/platinum/','http://www.yopmail.com/en/m.php?b=affifadem-5472&id=me_ZwNjBGNmZQxlZmV2ZQNjZwpkAGtkBN==','','','66.248.202.17','2020-09-03 09:23:31',''),(387,20,0,'','https://betoo.be/register/gold/','','','','66.248.203.17','2020-09-03 11:35:18',''),(390,500,0,'','https://betoo.be/register/gold/','','','','66.248.203.17','2020-09-04 18:01:52',''),(391,20,530,'','https://betoo.be/register/gold/','','','','66.248.203.17','2020-09-05 08:24:28',''),(393,20,0,'','https://betoo.be/register/platinum/','','','','66.248.202.17','2020-09-07 06:13:57',''),(394,20,534,'','https://betoo.be/register/gold/','','','','66.248.203.17','2020-09-07 10:17:55',''),(397,20,0,'','https://betoo.be/register/platinum/','http://www.yopmail.com/en/m.php?b=tested2323&id=me_ZwNjBGN4ZQDjAwHkZQNjZQx2ZGx4ZN==','','','66.248.202.17','2020-09-08 04:21:34',''),(398,20,536,'','https://betoo.be/register/platinum/','http://www.yopmail.com/en/m.php?b=tested2323&id=me_ZwNjBGN4ZQDjAwHkZQNjZQx2ZGx4ZN==','','','66.248.202.17','2020-09-08 05:07:10',''),(399,20,537,'','https://betoo.be/register/platinum/','http://www.yopmail.com/en/m.php?b=tested233&id=me_ZwNjBGN4ZQH0BQD5ZQNjZGHmAGp3AN==','','','66.248.202.17','2020-09-08 05:49:08',''),(400,29,538,'','https://betoo.be/register/gold/','','','','66.248.203.17','2020-09-08 06:20:07',''),(401,20,0,'','https://betoo.be/register/platinum/','http://www.yopmail.com/en/m.php?b=tested233&id=me_ZwNjBGN4ZQH0BQD5ZQNjZGHmAGp3AN==','','','66.248.202.17','2020-09-08 09:02:48',''),(402,20,541,'','https://betoo.be/register/platinum/','http://www.yopmail.com/en/m.php?b=testingg&id=me_ZwNjBGN4ZGRmAwVlZQNjZmDlZmH1ZD==','','','66.248.202.17','2020-09-08 11:36:26',''),(403,20,0,'','https://betoo.be/register/platinum/','','','','66.248.203.17','2020-09-08 16:27:22',''),(404,426,0,'','https://betoo.be/welcome-new-member/?membership=platinum&trans_num=cus_HMnipzi1rk6r6O&membership_id=93&subscr_id=cus_HMnipzi1rk6r6O#mepr_jump','','','','66.248.203.17','2020-09-09 12:03:19',''),(405,20,0,'','https://betoo.be/register/platinum/','http://www.yopmail.com/en/m.php?b=tested233&id=me_ZwNjBGN4ZQH0BQD5ZQNjZGHmAGp3AN==','','','66.248.202.17','2020-09-10 05:20:58',''),(406,20,0,'','https://betoo.be/register/platinum/','http://www.yopmail.com/en/m.php?b=betoobefinal&id=me_ZwNjBGRjZQLlAmV3ZQNjZGL2ZwV0ZD==','','','66.248.202.17','2020-09-10 06:31:02',''),(407,20,542,'','https://betoo.be/register/platinum/','http://www.yopmail.com/en/m.php?b=finaltesting23&id=me_ZwNjBGRjZQL0BQZ3ZQNjZGp1BQx3ZD==','','','66.248.202.17','2020-09-10 06:48:43',''),(408,20,543,'','https://betoo.be/register/platinum/','http://www.yopmail.com/en/m.php?b=apsra&id=me_ZwNjBGRlZQZ1AwV4ZQNjZQx4AQL4At==','','','66.248.202.17','2020-09-12 03:56:25',''),(409,500,0,'','https://betoo.be/register/gold/','','','','66.248.203.17','2020-09-12 12:25:22',''),(410,29,0,'','https://betoo.be/register/gold/','','','','66.248.203.17','2020-09-13 07:19:33',''),(411,498,0,'','https://betoo.be/register/gold/','','','','185.93.229.17','2020-09-13 12:55:22',''),(413,20,550,'','https://betoo.be/register/gold/','','','','66.248.203.17','2020-09-14 17:34:27',''),(414,20,551,'','https://betoo.be/register/platinum/','http://www.yopmail.com/en/m.php?b=finaltest2323&id=me_ZwNjBGR1ZQL1BGH5ZQNjZGt3ZwLlAj==','','','66.248.202.17','2020-09-15 07:00:23',''),(415,498,0,'','https://betoo.be/register/platinum/','','','','185.93.229.17','2020-09-15 13:43:32',''),(416,500,0,'','https://betoo.be/register/gold/','','','','66.248.203.17','2020-09-15 14:36:15',''),(417,500,0,'','https://betoo.be/register/gold/','','','','185.93.230.17','2020-09-15 14:36:48',''),(418,20,0,'','https://betoo.be/register/platinum/','http://www.yopmail.com/en/m.php?b=tested2323&id=me_ZwNjBGN4ZQDjAwHkZQNjZQx2ZGx4ZN==','','','66.248.202.17','2020-09-16 04:18:26',''),(419,20,0,'','https://betoo.be/register/platinum/','http://www.yopmail.com/en/m.php?b=tested2323&id=me_ZwNjBGN4ZQDjAwHkZQNjZQx2ZGx4ZN==','','','66.248.202.17','2020-09-16 04:27:03',''),(420,20,0,'','https://betoo.be/register/platinum/','http://www.yopmail.com/en/m.php?b=tested2323&id=me_ZwNjBGN4ZQDjAwHkZQNjZQx2ZGx4ZN==','','','66.248.202.17','2020-09-16 05:14:52',''),(421,20,0,'','https://betoo.be/register/platinum/','','','','66.248.202.17','2020-09-16 09:55:21',''),(422,20,552,'','https://betoo.be/register/platinum/','http://www.yopmail.com/en/m.php?b=bojiffacemmy-7914&id=me_ZwNjBGR2ZGN1BQDkZQNjZwx5AmpkAD==','','','66.248.202.17','2020-09-16 10:58:48',''),(423,20,553,'','https://betoo.be/register/platinum/','http://www.yopmail.com/en/m.php?b=testersingh&id=me_ZwNjBGR2ZGRkZGZmZQNjZmN4ZGV3AD==','','','66.248.202.17','2020-09-16 11:11:45',''),(424,20,554,'','https://betoo.be/register/platinum/','http://www.yopmail.com/en/m.php?b=saxarrottej-2576&id=me_ZwNjBGR2ZGRlBGZkZQNjZmR4AQDjAD==','','','66.248.202.17','2020-09-16 11:29:56',''),(425,20,0,'','https://betoo.be/register/platinum/','','','','66.248.202.17','2020-09-17 06:46:01',''),(426,20,0,'','https://betoo.be/register/platinum/','','','','66.248.202.17','2020-09-17 08:28:27',''),(427,498,0,'','https://betoo.be/register/platinum/?#mepr_jump','','','','185.93.228.17','2020-09-20 05:34:35',''),(428,500,0,'','https://betoo.be/register/gold/','','','','66.248.203.17','2020-09-20 16:41:47',''),(429,500,555,'','https://betoo.be/register/gold/','','','','185.93.230.17','2020-09-21 10:02:42',''),(430,19,558,'','https://betoo.be/register/gold/','','','','185.93.230.17','2020-09-23 08:09:13',''),(431,498,559,'','https://betoo.be/register/gold/','','','','66.248.203.17','2020-09-24 09:01:01',''),(432,500,0,'','https://betoo.be/home/?mepr-unauth-page=50564&redirect_to=nlwelkom-nieuwe-memberref500#mepr_jump','','','','66.248.203.17','2020-09-24 12:36:24',''),(433,29,564,'','https://betoo.be/register/gold/','','','','66.248.203.17','2020-09-24 14:34:59',''),(434,29,0,'','https://betoo.be/register/gold/','','','','66.248.202.17','2020-09-24 14:35:16',''),(441,426,583,'','https://betoo.be/register/gold/','','','','66.248.203.17','2020-10-12 16:51:18',''),(442,20,0,'','https://betoo.be/register/gold/','','','','66.248.203.17','2020-10-17 19:34:06',''),(443,294,0,'','https://betoo.be/register/gold/','','','','66.248.203.17','2020-10-23 09:29:10',''),(444,498,0,'','https://betoo.be/register/platinum/','https://www.linkedin.com/','','','66.248.203.17','2020-10-27 10:44:16',''),(445,498,0,'','https://betoo.be/register/platinum/?fbclid=IwAR3gQeqq9JacmvKBJPAsFjiBbAcxfNyhw3qrZr4t1_ZigAwWM7-0UqdR-Uk','http://m.facebook.com','','','66.248.203.17','2020-10-27 12:21:26',''),(446,498,0,'','https://betoo.be/register/platinum/','https://www.linkedin.com/','','','66.248.203.17','2020-10-27 15:35:47',''),(447,20,0,'','https://betoo.be/register/platinum/','','','','66.248.203.17','2020-10-29 10:18:21',''),(448,451,0,'','https://betoo.be/register/gold/','','','','66.248.203.17','2020-10-30 14:55:41',''),(449,500,0,'','https://betoo.be/register/gold/','','','','66.248.203.17','2020-11-02 07:32:58',''),(450,500,0,'','https://betoo.be/register/gold/','','','','66.248.203.17','2020-11-05 13:27:39',''),(451,498,0,'','https://betoo.be/register/platinum/','','','','66.248.203.17','2020-11-09 14:54:25',''),(452,500,0,'','https://betoo.be/register/gold/','','','','66.248.203.17','2020-11-10 22:22:40',''),(453,29,0,'','https://betoo.be/register/gold/','','','','185.93.228.17','2020-11-13 15:46:16',''),(454,498,0,'','https://betoo.be/register/platinum/','','','','66.248.203.17','2020-11-13 16:31:46',''),(455,498,0,'','https://betoo.be/register/platinum/','','','','185.93.228.17','2020-11-13 16:43:14',''),(456,498,0,'','https://betoo.be/register/platinum/','','','','66.248.203.17','2020-11-13 16:56:51',''),(457,498,592,'','https://betoo.be/register/platinum/','','','','66.248.203.17','2020-11-14 06:58:49',''),(458,498,0,'','https://betoo.be/register/platinum/','','','','66.248.203.17','2020-11-14 06:58:49',''),(459,498,0,'','https://betoo.be/register/platinum/','','','','66.248.203.17','2020-11-14 06:59:03',''),(460,20,596,'','https://betoo.be/register/gold/','','','','66.248.203.17','2020-11-14 12:50:03',''),(461,498,0,'','https://betoo.be/register/platinum/','','','','66.248.203.17','2020-11-15 12:33:22',''),(462,472,597,'','https://betoo.be/register/gold/','','','','66.248.203.17','2020-11-16 13:44:35',''),(463,498,0,'','https://betoo.be/register/platinum/','','','','66.248.203.17','2020-11-16 18:50:50',''),(464,498,0,'','https://betoo.be/register/platinum/','','','','66.248.203.17','2020-11-17 15:11:03',''),(465,498,0,'','https://betoo.be/register/gold/','','','','66.248.203.17','2020-11-18 11:12:50',''),(466,498,0,'','https://betoo.be/register/gold/','','','','66.248.203.17','2020-11-18 21:08:20',''),(467,498,0,'','https://betoo.be/register/gold/','','','','66.248.203.17','2020-11-18 21:08:24',''),(468,472,0,'','https://betoo.be/register/gold/','','','','185.93.228.17','2020-11-19 16:55:29',''),(469,472,0,'','https://betoo.be/register/gold/','https://www.linkedin.com/','','','66.248.203.17','2020-11-19 17:43:11',''),(470,472,0,'','https://betoo.be/register/gold/','https://www.linkedin.com/','','','66.248.203.17','2020-11-19 21:11:57',''),(471,472,0,'','https://betoo.be/register/gold/','https://www.linkedin.com/','','','66.248.203.17','2020-11-20 07:47:43',''),(472,294,0,'','https://betoo.be/register/gold/','','','','66.248.203.17','2020-11-20 14:23:29',''),(473,498,0,'','https://betoo.be/register/platinum/','','','','66.248.203.17','2020-11-21 12:47:53',''),(474,19,0,'','https://betoo.be/nl/register/annual-gold/','','','','66.248.203.17','2020-11-22 12:05:16',''),(475,29,0,'','https://betoo.be/fr/register/gold/','','','','66.248.203.17','2020-11-23 17:42:18',''),(476,472,0,'','https://betoo.be/register/gold/','','','','66.248.203.17','2020-11-27 14:49:00',''),(477,19,0,'','https://betoo.be/nl/register/annual-gold/','https://betoo.be/nl/de-business-club-voor-ipros/','','','66.248.203.17','2020-12-02 18:32:49',''),(478,498,0,'','https://betoo.be/register/gold/','','','','66.248.203.17','2020-12-03 09:58:55',''),(479,34,606,'','https://betoo.be/register/gold/','','','','66.248.203.17','2020-12-03 17:03:45',''),(480,19,0,'','https://betoo.be/nl/register/annual-gold/','https://betoo.be/nl/de-business-club-voor-ipros/','','','185.93.228.17','2020-12-04 06:49:35',''),(481,19,0,'','https://betoo.be/nl/register/annual-gold/','','','','66.248.200.17','2020-12-05 08:17:32',''),(482,19,0,'','https://betoo.be/register/annual-gold/','','','','66.248.200.17','2020-12-05 08:19:37',''),(483,20,0,'','https://betoo.be/register/platinum/','http://www.yopmail.com/','','','66.248.202.17','2020-12-07 05:30:19',''),(484,498,608,'','https://betoo.be/register/gold/','','','','66.248.203.17','2020-12-07 17:30:14',''),(485,498,0,'','https://betoo.be/register/platinum/','','','','66.248.203.17','2020-12-08 19:01:28',''),(486,498,0,'','https://betoo.be/register/platinum/','http://lnkd.in/','','','66.248.203.17','2020-12-09 03:47:02',''),(487,19,0,'','https://betoo.be/nl/register/annual-gold/','https://betoo.be/nl/de-business-club-voor-ipros/','','','66.248.202.17','2020-12-09 05:21:11',''),(488,34,0,'','https://betoo.be/register/gold/','','','','66.248.203.17','2020-12-09 10:50:41',''),(489,19,0,'','https://betoo.be/nl/register/annual-gold/','https://betoo.be/nl/de-business-club-voor-ipros/','','','66.248.202.17','2020-12-10 05:55:18',''),(490,19,0,'','https://betoo.be/nl/register/annual-gold/','https://betoo.be/nl/de-business-club-voor-ipros/','','','66.248.202.17','2020-12-10 09:59:50',''),(491,498,0,'','https://betoo.be/register/gold/','','','','66.248.203.17','2020-12-10 11:05:12',''),(492,19,0,'','https://betoo.be/nl/register/annual-gold/','https://betoo.be/nl/de-business-club-voor-ipros/?iuiuiuiuiui','','','66.248.202.17','2020-12-10 12:04:03',''),(493,19,0,'','https://betoo.be/nl/register/annual-gold/','https://betoo.be/nl/de-business-club-voor-ipros/','','','66.248.202.17','2020-12-10 12:19:13',''),(494,19,0,'','https://betoo.be/nl/register/annual-gold/','https://betoo.be/nl/de-business-club-voor-ipros/?jjjj','','','66.248.202.17','2020-12-10 12:26:14',''),(495,19,0,'','https://betoo.be/nl/register/annual-gold/','https://betoo.be/nl/de-business-club-voor-ipros/','','','66.248.203.17','2020-12-10 16:42:23',''),(496,34,612,'','https://betoo.be/register/gold/','','','','66.248.203.17','2020-12-10 19:00:11',''),(497,19,0,'','https://betoo.be/nl/register/annual-gold/','https://betoo.be/nl/de-business-club-voor-ipros/','','','66.248.202.17','2020-12-11 04:51:13',''),(498,19,0,'','https://betoo.be/nl/register/annual-gold/','https://betoo.be/nl/de-business-club-voor-ipros/','','','66.248.202.17','2020-12-11 05:06:38',''),(499,19,0,'','https://betoo.be/nl/register/annual-gold/','https://betoo.be/nl/de-business-club-voor-ipros/','','','66.248.202.17','2020-12-11 10:36:20',''),(500,34,0,'','https://betoo.be/register/gold/','','','','66.248.203.17','2020-12-12 11:20:17',''),(501,498,0,'','https://betoo.be/register/gold/','','','','66.248.203.17','2020-12-12 15:59:49',''),(502,19,0,'','https://betoo.be/nl/register/annual-gold/','https://betoo.be/nl/de-business-club-voor-ipros/','','','66.248.203.17','2020-12-13 07:31:14',''),(503,20,0,'','https://betoo.be/register/annual-gold/','https://betoo.be/home/','','','66.248.203.17','2020-12-13 10:50:46',''),(504,498,0,'','https://betoo.be/register/platinum/','https://www.linkedin.com/','','','66.248.203.17','2020-12-13 11:14:31',''),(505,19,0,'','https://betoo.be/nl/register/annual-gold/','https://betoo.be/nl/home/','','','66.248.203.17','2020-12-13 11:25:58',''),(506,20,0,'','https://betoo.be/register/annual-gold/','https://betoo.be/home/','','','66.248.203.17','2020-12-13 12:21:34',''),(507,20,0,'','https://betoo.be/register/annual-gold/','','','','66.248.200.17','2020-12-13 12:43:46',''),(508,19,0,'','https://betoo.be/nl/register/annual-gold/','https://betoo.be/nl/home/','','','66.248.203.17','2020-12-13 13:04:10',''),(509,20,0,'','https://betoo.be/be-annual-gold/','https://betoo.be/home/','','','66.248.203.17','2020-12-13 13:30:07',''),(510,19,0,'','https://betoo.be/nl/wees-jaarlijks-goud/','https://betoo.be/nl/home/','','','66.248.203.17','2020-12-13 13:33:21',''),(511,20,0,'','https://betoo.be/be-annual-gold/','https://betoo.be/home/','','','66.248.203.17','2020-12-13 13:34:29',''),(512,19,0,'','https://betoo.be/nl/wees-jaarlijks-goud/','','','','66.248.200.17','2020-12-14 02:45:06',''),(513,19,0,'','https://betoo.be/nl/wordt-maand-gold/','','','','66.248.200.17','2020-12-14 02:45:35',''),(514,498,0,'','https://betoo.be/register/gold/','','','','66.248.203.17','2020-12-14 10:49:28',''),(515,19,0,'','https://betoo.be/nl/wordt-maand-gold/','https://betoo.be/nl/home/','','','66.248.202.17','2020-12-14 12:31:00',''),(516,19,0,'','https://betoo.be/nl/register/gold/','','','','66.248.203.17','2020-12-14 20:59:21',''),(517,19,0,'','https://betoo.be/nl/wordt-maand-gold/','https://betoo.be/nl/home/','','','66.248.202.17','2020-12-15 07:10:08',''),(518,20,0,'','https://betoo.be/be-annual-gold/','https://betoo.be/home/','','','66.248.202.17','2020-12-15 07:10:50',''),(519,19,0,'','https://betoo.be/nl/wees-jaarlijks-goud/','https://betoo.be/nl/home/?sdssssss','','','66.248.202.17','2020-12-15 07:22:40',''),(520,20,614,'','https://betoo.be/be-annual-gold/','https://betoo.be/home/?mepr-unauth-page=6&redirect_to=','','','66.248.203.17','2020-12-15 09:16:45',''),(521,20,0,'','https://betoo.be/be-monthly-gold/','https://betoo.be/home/','','','66.248.203.17','2020-12-15 13:33:33',''),(522,20,615,'','https://betoo.be/be-annual-gold/','https://betoo.be/home/?mepr-unauth-page=6&redirect_to=','','','66.248.202.17','2020-12-16 10:55:39',''),(523,20,616,'','https://betoo.be/be-monthly-gold/','https://betoo.be/home/?mepr-unauth-page=6&redirect_to=','','','66.248.203.17','2020-12-16 14:35:38',''),(524,20,617,'','https://betoo.be/be-annual-gold/','https://betoo.be/home/?mepr-unauth-page=6&redirect_to=','','','66.248.202.17','2020-12-17 05:00:04',''),(525,20,618,'','https://betoo.be/be-annual-gold/','https://betoo.be/home/?mepr-unauth-page=6&redirect_to=','','','66.248.202.17','2020-12-18 04:56:44',''),(526,498,0,'','https://betoo.be/register/platinum/','https://www.linkedin.com/','','','66.248.203.17','2020-12-18 19:49:52',''),(527,34,0,'','https://betoo.be/register/gold/','','','','66.248.203.17','2020-12-20 16:22:32',''),(528,472,0,'','https://betoo.be/register/gold/','','','','185.93.228.17','2020-12-20 19:07:16',''),(529,20,619,'','https://betoo.be/be-annual-gold/','https://betoo.be/home/?mepr-unauth-page=6&redirect_to=','','','66.248.202.17','2020-12-21 10:57:00',''),(530,20,620,'','https://betoo.be/be-annual-gold/','https://betoo.be/home/?mepr-unauth-page=6&redirect_to=','','','66.248.202.17','2020-12-21 11:01:59',''),(531,20,0,'','https://betoo.be/be-annual-gold/','https://betoo.be/home/','','','66.248.203.17','2020-12-22 14:00:25',''),(532,498,0,'','https://betoo.be/register/gold/','','','','66.248.203.17','2020-12-22 18:37:17',''),(533,34,0,'','https://betoo.be/register/gold/','','','','66.248.203.17','2020-12-22 23:02:35',''),(534,20,0,'','https://betoo.be/product/subscription-without-trial/','','','','109.134.163.90','2020-12-29 05:57:15',''),(535,20,0,'','https://betoo.be/be-annual-gold/','','','','66.249.72.205','2021-01-01 00:42:25',''),(536,20,0,'','https://betoo.be/be-monthly-gold/','https://betoo.be/home/','','','109.134.163.90','2021-01-23 17:11:14',''),(537,20,621,'','https://betoo.be/be-monthly-gold/','https://betoo.be/onthaal/','','','109.134.163.90','2021-01-24 18:30:43',''),(538,20,626,'','https://betoo.be/checkout/','https://betoo.be/home/','','','109.134.163.90','2021-01-27 10:34:57',''),(551,20,632,'','https://betoo.be/product/community-subscription/','','','','66.248.203.17','2021-02-21 06:35:34',''),(552,498,633,'','https://betoo.be/product/community-subscription/','','','','66.248.203.17','2021-02-22 07:47:04',''),(553,498,0,'','https://betoo.be/register/gold/','','','','66.248.203.17','2021-02-22 16:27:25',''),(554,498,0,'','https://betoo.be/register/gold/','','','','66.248.203.17','2021-02-26 15:07:03',''),(555,498,0,'','https://betoo.be/register/gold/','','','','66.248.203.17','2021-03-01 17:19:34',''),(556,29,0,'','https://betoo.be/register/gold/','','','','185.93.228.17','2021-03-02 15:54:57',''),(557,29,0,'','https://betoo.be/register/gold/','','','','66.248.201.17','2021-03-02 15:55:06',''),(558,29,0,'','https://betoo.be/register/gold/','','','','185.93.231.17','2021-03-02 15:58:13',''),(559,498,0,'','https://betoo.be/register/gold/','','','','66.248.203.17','2021-03-04 10:22:40',''),(560,498,0,'','https://betoo.be/register/gold/','','','','66.248.203.17','2021-03-08 10:20:59',''),(561,498,0,'','https://betoo.be/register/gold/','','','','66.248.203.17','2021-03-12 10:49:56',''),(562,498,0,'','https://betoo.be/register/gold/','','','','66.248.203.17','2021-03-15 08:20:09',''),(563,498,0,'','https://betoo.be/register/gold/','','','','66.248.203.17','2021-03-16 13:25:53',''),(564,498,0,'','https://betoo.be/register/gold/','','','','66.248.203.17','2021-03-17 17:06:12',''),(565,498,0,'','https://betoo.be/register/gold/','','','','66.248.203.17','2021-03-18 19:29:57',''),(566,498,0,'','https://betoo.be/register/gold/','','','','66.248.203.17','2021-03-21 07:42:06',''),(567,498,0,'','https://betoo.be/register/gold/','','','','66.248.203.17','2021-03-22 12:10:06',''),(568,20,635,'','https://betoo.be/product/community-subscription/','','','','66.248.203.17','2021-03-22 13:40:35',''),(569,20,0,'','https://betoo.be/product/community-subscription/','','','','66.248.203.17','2021-03-23 10:05:18',''),(570,20,0,'','https://betoo.be/product/community-subscription/','','','','66.248.202.17','2021-03-23 10:05:40',''),(571,498,0,'','https://betoo.be/register/gold/','','','','66.248.203.17','2021-03-25 14:46:15',''),(572,498,0,'','https://betoo.be/register/gold/','','','','66.248.203.17','2021-03-29 07:48:48',''),(573,498,0,'','https://betoo.be/register/gold/','','','','66.248.203.17','2021-04-06 09:00:51',''),(574,498,0,'','https://betoo.be/register/gold/','','','','66.248.203.17','2021-04-13 12:51:56',''),(575,498,0,'','https://betoo.be/register/gold/','','','','66.248.203.17','2021-04-25 11:58:59',''),(576,498,0,'','https://betoo.be/register/gold/','','','','66.248.203.17','2021-04-26 14:47:05',''),(577,498,0,'','https://betoo.be/register/gold/','','','','66.248.203.17','2021-05-24 16:15:29',''),(578,498,0,'','https://betoo.be/register/gold/','','','','66.248.203.17','2021-06-14 10:34:29',''),(579,498,0,'','https://betoo.be/register/gold/','','','','66.248.203.17','2021-06-16 13:21:56',''),(580,498,0,'','https://betoo.be/register/gold/','','','','66.248.203.17','2021-06-21 08:32:39',''),(581,498,0,'','https://betoo.be/register/gold/','','','','66.248.203.17','2021-06-24 14:30:56','');
/*!40000 ALTER TABLE `f42_affiliate_wp_visits` ENABLE KEYS */;
UNLOCK TABLES;

--
